{"id":4885,"date":"2015-05-02T23:59:37","date_gmt":"2015-05-02T22:59:37","guid":{"rendered":"http:\/\/www.all-for-all.de\/?page_id=4885"},"modified":"2015-05-24T02:11:59","modified_gmt":"2015-05-24T01:11:59","slug":"21-05-2015-phoenix-pir-apache-trail-roosevelt-dam-payson-flagstaff","status":"publish","type":"page","link":"https:\/\/www.all-for-all.de\/?page_id=4885","title":{"rendered":"21.05.2015, Phoenix &#8211; PIR &#8211; Apache Trail &#8211; Roosevelt Dam &#8211; Payson &#8211; Flagstaff"},"content":{"rendered":"<p>Bis auf Weiteres gibt es die Berichte in Stichpunkten&#8230;.<br \/>\nGeschlafen wie bet\u00e4ubt<br \/>\nFr\u00fchst\u00fcck bei Denny`s<br \/>\nBesichtigung Phoenix Downtown =&gt;\u00a0wahnsinnig tolle Stadt!<br \/>\nBesuch des PIR (Phoenix International Raceway). Leider komplett abgeriegelt. \ud83d\ude41<br \/>\nFahrt \u00fcber den Apache Trail zum Roosevelt Dam (ca. 50km ungeteert, Auto sieht furchtbar aus)<br \/>\nFahrt \u00fcber Payson nach Flagstaff.<br \/>\nSind jetzt in einem neuen Country Inn &amp; Suites Hotel (ein echter Gl\u00fcckstreffer).<\/p>\n<p>Gleich vergreifen wir uns an einem dicken Steak aus dem Outback Steakhouse. \ud83d\ude42<\/p>\n<p>Morgen besuchen wir den Grand Canyon!<\/p>\n<p>Viele Gr\u00fc\u00dfe<br \/>\nJoa<\/p>\n<p>Zur\u00fcck zu: <a href=\"https:\/\/www.all-for-all.de\/?page_id=4879\">20.05.2015, Anreise M\u00fcnchen \u2013 Atlanta \u2013 Phoenix<\/a><br \/>\nWeiter zu: <a href=\"https:\/\/www.all-for-all.de\/?page_id=4889\">22.05.2015, Flagstaff \u2013 Bearizona \u2013 Grand Canyon \u2013 Page<\/a><\/p>\n","protected":false},"excerpt":{"rendered":"<p>Bis auf Weiteres gibt es die Berichte in Stichpunkten&#8230;. Geschlafen wie bet\u00e4ubt Fr\u00fchst\u00fcck bei Denny`s Besichtigung Phoenix Downtown =&gt;\u00a0wahnsinnig tolle Stadt! Besuch des PIR (Phoenix International Raceway). Leider komplett abgeriegelt. \ud83d\ude41 Fahrt \u00fcber den Apache Trail zum Roosevelt Dam (ca. &hellip; <a href=\"https:\/\/www.all-for-all.de\/?page_id=4885\">Weiterlesen <span class=\"meta-nav\">&rarr;<\/span><\/a><\/p>\n","protected":false},"author":2,"featured_media":0,"parent":0,"menu_order":0,"comment_status":"closed","ping_status":"open","template":"","meta":{"footnotes":""},"class_list":["post-4885","page","type-page","status-publish","hentry"],"jetpack_sharing_enabled":true,"_links":{"self":[{"href":"https:\/\/www.all-for-all.de\/index.php?rest_route=\/wp\/v2\/pages\/4885","targetHints":{"allow":["GET"]}}],"collection":[{"href":"https:\/\/www.all-for-all.de\/index.php?rest_route=\/wp\/v2\/pages"}],"about":[{"href":"https:\/\/www.all-for-all.de\/index.php?rest_route=\/wp\/v2\/types\/page"}],"author":[{"embeddable":true,"href":"https:\/\/www.all-for-all.de\/index.php?rest_route=\/wp\/v2\/users\/2"}],"replies":[{"embeddable":true,"href":"https:\/\/www.all-for-all.de\/index.php?rest_route=%2Fwp%2Fv2%2Fcomments&post=4885"}],"version-history":[{"count":0,"href":"https:\/\/www.all-for-all.de\/index.php?rest_route=\/wp\/v2\/pages\/4885\/revisions"}],"wp:attachment":[{"href":"https:\/\/www.all-for-all.de\/index.php?rest_route=%2Fwp%2Fv2%2Fmedia&parent=4885"}],"curies":[{"name":"wp","href":"https:\/\/api.w.org\/{rel}","templated":true}]}}