{"id":4167,"date":"2013-07-07T23:59:02","date_gmt":"2013-07-07T22:59:02","guid":{"rendered":"http:\/\/www.all-for-all.de\/?page_id=4167"},"modified":"2015-01-03T22:07:20","modified_gmt":"2015-01-03T21:07:20","slug":"07-07-2013-wieder-zu-hause","status":"publish","type":"page","link":"https:\/\/www.all-for-all.de\/?page_id=4167","title":{"rendered":"07.07.2013, Wieder zu Hause"},"content":{"rendered":"<p>Und B\u00c4M! ist der Urlaub vorbei und wir sitzen wieder zu Hause. Wir landeten p\u00fcnktlich, das Gep\u00e4ck war komplett da, der Zoll wollte nichts von uns, die Fahrt nach Kempten zog sich endlos, die Koffer sind ausgepackt, irgendwas ist im Koffer ausgelaufen, die erste Waschmaschine l\u00e4uft und alles kommt mir irgendwie unwirklich vor. Gestern noch in Florida .. oder war das bereits vorgestern? \ud83d\ude2f<\/p>\n<p>Jetzt wo ich die knapp 1200 Urlaubsbilder durchklicke wird mir erst wieder bewusst wo wir \u00fcberall waren und was wir gesehen haben. Wow!<\/p>\n<p>Die liebe Mama hat uns wieder den K\u00fchlschrank gef\u00fcllt damit wir nicht\u00a0noch einkaufen m\u00fcssen.\u00a0Jetzt m\u00fcssen wir nur noch mit aller Kraft versuchen nicht einzuschlafen. Sonst f\u00e4llt das Abendessen in die fr\u00fchen Morgenstunden. Fieser Jetlag! <img src=\"https:\/\/www.all-for-all.de\/wp-includes\/images\/smilies\/mrgreen.png\" alt=\":mrgreen:\" class=\"wp-smiley\" style=\"height: 1em; max-height: 1em;\" \/><\/p>\n<p>Irgendwann gibt es wieder eine kurze Zusammenfassung. Bis dahin&#8230;.<\/p>\n<p>Viele Gr\u00fc\u00dfe<br \/>\nJoa<\/p>\n<p>Zur\u00fcck zu: <a href=\"https:\/\/www.all-for-all.de\/?page_id=4148\">06.07.2013, Haus\u00fcbergabe und Heimflug<\/a><br \/>\nWeiter zu: <a href=\"https:\/\/www.all-for-all.de\/?page_id=4174\">15.08.2013, Zusammenfassung<\/a><\/p>\n","protected":false},"excerpt":{"rendered":"<p>Und B\u00c4M! ist der Urlaub vorbei und wir sitzen wieder zu Hause. Wir landeten p\u00fcnktlich, das Gep\u00e4ck war komplett da, der Zoll wollte nichts von uns, die Fahrt nach Kempten zog sich endlos, die Koffer sind ausgepackt, irgendwas ist im &hellip; <a href=\"https:\/\/www.all-for-all.de\/?page_id=4167\">Weiterlesen <span class=\"meta-nav\">&rarr;<\/span><\/a><\/p>\n","protected":false},"author":2,"featured_media":0,"parent":0,"menu_order":0,"comment_status":"closed","ping_status":"open","template":"","meta":{"footnotes":""},"class_list":["post-4167","page","type-page","status-publish","hentry"],"jetpack_sharing_enabled":true,"_links":{"self":[{"href":"https:\/\/www.all-for-all.de\/index.php?rest_route=\/wp\/v2\/pages\/4167","targetHints":{"allow":["GET"]}}],"collection":[{"href":"https:\/\/www.all-for-all.de\/index.php?rest_route=\/wp\/v2\/pages"}],"about":[{"href":"https:\/\/www.all-for-all.de\/index.php?rest_route=\/wp\/v2\/types\/page"}],"author":[{"embeddable":true,"href":"https:\/\/www.all-for-all.de\/index.php?rest_route=\/wp\/v2\/users\/2"}],"replies":[{"embeddable":true,"href":"https:\/\/www.all-for-all.de\/index.php?rest_route=%2Fwp%2Fv2%2Fcomments&post=4167"}],"version-history":[{"count":0,"href":"https:\/\/www.all-for-all.de\/index.php?rest_route=\/wp\/v2\/pages\/4167\/revisions"}],"wp:attachment":[{"href":"https:\/\/www.all-for-all.de\/index.php?rest_route=%2Fwp%2Fv2%2Fmedia&parent=4167"}],"curies":[{"name":"wp","href":"https:\/\/api.w.org\/{rel}","templated":true}]}}