{"id":4044,"date":"2013-06-29T23:59:34","date_gmt":"2013-06-29T22:59:34","guid":{"rendered":"http:\/\/www.all-for-all.de\/?page_id=4044"},"modified":"2014-12-27T23:09:56","modified_gmt":"2014-12-27T22:09:56","slug":"29-06-2013-fort-myers-beach-sanibel-tanke-und-zurueck","status":"publish","type":"page","link":"https:\/\/www.all-for-all.de\/?page_id=4044","title":{"rendered":"29.06.2013, Boot tanken &#8211; Fort Myers Beach &#8211; Sanibel &#8211; und zur\u00fcck"},"content":{"rendered":"<p>Schon als wir aus unserem Hafen und zur Tankstelle fuhren, merkten wir dass es heute unruhig werden w\u00fcrde. Der Seegang war optisch nicht sonderlich stark. F\u00fcr das leichte Boot war es aber definitiv zu viel. Die Schl\u00e4ge die man beim Fahren abbekommt sind heftig und so machte das nicht viel Spa\u00df. Klar&#8230; man kann so langsam fahren dass die Wellen nichts ausmachen. Aber dann erreicht man sein Ziel nie.<br \/>\nNicht mehr zu ertragen war es, als wir unter dem Sanibel Causeway hindurch, in offenes Gew\u00e4sser fuhren. Immer wenn ich dachte dass ich eine ideale Geschwindigkeit gefunden habe, liefen wir doch wieder brutal auf eine Welle auf. Als sich kurz vor Estero bei einem solchen Volltreffer der Tisch aus der Verankerung gerissen hat, haben wir beschlossen umzudrehen. Sehr schade&#8230; aber es machte keinen Sinn.<\/p>\n<p>Bei einem Kapit\u00e4nskollegen muss letzte Nacht massiv etwas schief gelaufen sein&#8230; *weia* Das m\u00f6chte ich dem Vermieter nicht erkl\u00e4ren m\u00fcssen. <img src=\"https:\/\/www.all-for-all.de\/wp-includes\/images\/smilies\/mrgreen.png\" alt=\":mrgreen:\" class=\"wp-smiley\" style=\"height: 1em; max-height: 1em;\" \/><\/p>\n<p><img loading=\"lazy\" decoding=\"async\" class=\"aligncenter wp-image-4053 size-full\" title=\"Havarie\" src=\"https:\/\/www.all-for-all.de\/wp-content\/uploads\/2013\/06\/P1020011.jpg\" alt=\"Havarie\" width=\"1024\" height=\"768\" srcset=\"https:\/\/www.all-for-all.de\/wp-content\/uploads\/2013\/06\/P1020011.jpg 1024w, https:\/\/www.all-for-all.de\/wp-content\/uploads\/2013\/06\/P1020011-300x225.jpg 300w, https:\/\/www.all-for-all.de\/wp-content\/uploads\/2013\/06\/P1020011-400x300.jpg 400w\" sizes=\"auto, (max-width: 1024px) 100vw, 1024px\" \/><\/p>\n<p>Heute hatten wir Besuch von einer ganzen Delphinschule mit mindestens 10 Tieren. Super!<\/p>\n<p><img loading=\"lazy\" decoding=\"async\" class=\"aligncenter wp-image-4057 size-full\" title=\"Delphinschule\" src=\"https:\/\/www.all-for-all.de\/wp-content\/uploads\/2013\/06\/P1020026.jpg\" alt=\"Delphinschule\" width=\"1024\" height=\"768\" srcset=\"https:\/\/www.all-for-all.de\/wp-content\/uploads\/2013\/06\/P1020026.jpg 1024w, https:\/\/www.all-for-all.de\/wp-content\/uploads\/2013\/06\/P1020026-300x225.jpg 300w, https:\/\/www.all-for-all.de\/wp-content\/uploads\/2013\/06\/P1020026-400x300.jpg 400w\" sizes=\"auto, (max-width: 1024px) 100vw, 1024px\" \/><\/p>\n<p><img loading=\"lazy\" decoding=\"async\" class=\"aligncenter wp-image-4056 size-full\" title=\"Delphinschule\" src=\"https:\/\/www.all-for-all.de\/wp-content\/uploads\/2013\/06\/P1020037.jpg\" alt=\"Delphinschule\" width=\"1024\" height=\"768\" srcset=\"https:\/\/www.all-for-all.de\/wp-content\/uploads\/2013\/06\/P1020037.jpg 1024w, https:\/\/www.all-for-all.de\/wp-content\/uploads\/2013\/06\/P1020037-300x225.jpg 300w, https:\/\/www.all-for-all.de\/wp-content\/uploads\/2013\/06\/P1020037-400x300.jpg 400w\" sizes=\"auto, (max-width: 1024px) 100vw, 1024px\" \/><\/p>\n<p><img loading=\"lazy\" decoding=\"async\" class=\"aligncenter wp-image-4055 size-full\" title=\"Delphinschule\" src=\"https:\/\/www.all-for-all.de\/wp-content\/uploads\/2013\/06\/P1020033.jpg\" alt=\"Delphinschule\" width=\"1024\" height=\"768\" srcset=\"https:\/\/www.all-for-all.de\/wp-content\/uploads\/2013\/06\/P1020033.jpg 1024w, https:\/\/www.all-for-all.de\/wp-content\/uploads\/2013\/06\/P1020033-300x225.jpg 300w, https:\/\/www.all-for-all.de\/wp-content\/uploads\/2013\/06\/P1020033-400x300.jpg 400w\" sizes=\"auto, (max-width: 1024px) 100vw, 1024px\" \/><\/p>\n<p><img loading=\"lazy\" decoding=\"async\" class=\"aligncenter wp-image-4059 size-full\" title=\"Panorama\" src=\"https:\/\/www.all-for-all.de\/wp-content\/uploads\/2013\/06\/P1020058.jpg\" alt=\"Panorama\" width=\"1024\" height=\"314\" srcset=\"https:\/\/www.all-for-all.de\/wp-content\/uploads\/2013\/06\/P1020058.jpg 1024w, https:\/\/www.all-for-all.de\/wp-content\/uploads\/2013\/06\/P1020058-300x92.jpg 300w, https:\/\/www.all-for-all.de\/wp-content\/uploads\/2013\/06\/P1020058-500x153.jpg 500w\" sizes=\"auto, (max-width: 1024px) 100vw, 1024px\" \/><\/p>\n<p>Also ab nach Hause und lieber am Pool abh\u00e4ngen. \ud83d\ude42<\/p>\n<p>Trotz der widrigen Bedingungen waren es heute doch 66,37 Km.<\/p>\n<p><img loading=\"lazy\" decoding=\"async\" class=\"aligncenter wp-image-4060 size-full\" title=\"Logger Fort Myers Beach\" src=\"https:\/\/www.all-for-all.de\/wp-content\/uploads\/2013\/06\/Logger_211.jpg\" alt=\"Logger Fort Myers Beach\" width=\"969\" height=\"721\" srcset=\"https:\/\/www.all-for-all.de\/wp-content\/uploads\/2013\/06\/Logger_211.jpg 969w, https:\/\/www.all-for-all.de\/wp-content\/uploads\/2013\/06\/Logger_211-300x223.jpg 300w, https:\/\/www.all-for-all.de\/wp-content\/uploads\/2013\/06\/Logger_211-403x300.jpg 403w\" sizes=\"auto, (max-width: 969px) 100vw, 969px\" \/><\/p>\n<p>Grrr&#8230;. und schon wieder bin ich see-land-krank. \ud83d\ude15<\/p>\n<p>Viele Gr\u00fc\u00dfe<br \/>\nJoa<\/p>\n<p>Zur\u00fcck zu: <a href=\"https:\/\/www.all-for-all.de\/?page_id=4020\">28.06.2013, Picknick und baden am Leuchtturm von Sanibel Island<\/a><br \/>\nWeiter zu: <a href=\"https:\/\/www.all-for-all.de\/?page_id=4066\">30.06.2013, Bootfahren unm\u00f6glich, Faulenzen<\/a><\/p>\n","protected":false},"excerpt":{"rendered":"<p>Schon als wir aus unserem Hafen und zur Tankstelle fuhren, merkten wir dass es heute unruhig werden w\u00fcrde. Der Seegang war optisch nicht sonderlich stark. F\u00fcr das leichte Boot war es aber definitiv zu viel. Die Schl\u00e4ge die man beim &hellip; <a href=\"https:\/\/www.all-for-all.de\/?page_id=4044\">Weiterlesen <span class=\"meta-nav\">&rarr;<\/span><\/a><\/p>\n","protected":false},"author":2,"featured_media":0,"parent":0,"menu_order":0,"comment_status":"closed","ping_status":"open","template":"","meta":{"footnotes":""},"class_list":["post-4044","page","type-page","status-publish","hentry"],"jetpack_sharing_enabled":true,"_links":{"self":[{"href":"https:\/\/www.all-for-all.de\/index.php?rest_route=\/wp\/v2\/pages\/4044","targetHints":{"allow":["GET"]}}],"collection":[{"href":"https:\/\/www.all-for-all.de\/index.php?rest_route=\/wp\/v2\/pages"}],"about":[{"href":"https:\/\/www.all-for-all.de\/index.php?rest_route=\/wp\/v2\/types\/page"}],"author":[{"embeddable":true,"href":"https:\/\/www.all-for-all.de\/index.php?rest_route=\/wp\/v2\/users\/2"}],"replies":[{"embeddable":true,"href":"https:\/\/www.all-for-all.de\/index.php?rest_route=%2Fwp%2Fv2%2Fcomments&post=4044"}],"version-history":[{"count":0,"href":"https:\/\/www.all-for-all.de\/index.php?rest_route=\/wp\/v2\/pages\/4044\/revisions"}],"wp:attachment":[{"href":"https:\/\/www.all-for-all.de\/index.php?rest_route=%2Fwp%2Fv2%2Fmedia&parent=4044"}],"curies":[{"name":"wp","href":"https:\/\/api.w.org\/{rel}","templated":true}]}}