{"id":4020,"date":"2013-06-28T23:59:55","date_gmt":"2013-06-28T22:59:55","guid":{"rendered":"http:\/\/www.all-for-all.de\/?page_id=4020"},"modified":"2015-01-13T23:26:50","modified_gmt":"2015-01-13T22:26:50","slug":"28-06-2013-picknick-und-baden-am-leuchtturm-von-sanibel-island","status":"publish","type":"page","link":"https:\/\/www.all-for-all.de\/?page_id=4020","title":{"rendered":"28.06.2013, Picknick und baden am Leuchtturm von Sanibel Island"},"content":{"rendered":"<p>Sascha war hier und hat sich die Sache genauer angesehen. Er ist sogar in den Zwischenboden geklettert. Die Sache ist zwar \u00e4rgerlich aber nicht besonders schlimm. Er l\u00e4sst das Leck nach unserem Urlaub reparieren. Prima!<\/p>\n<p>Wir haben das Boot wieder beladen und fuhren zum Leuchtturm von Sanibel. Das Wasser war heute nicht ganz so spiegelglatt wie die Tage zuvor. Ein paar Mal hat es uns ordentlich durchgeschaukelt. <img src=\"https:\/\/www.all-for-all.de\/wp-includes\/images\/smilies\/mrgreen.png\" alt=\":mrgreen:\" class=\"wp-smiley\" style=\"height: 1em; max-height: 1em;\" \/><\/p>\n<p><img loading=\"lazy\" decoding=\"async\" class=\"aligncenter wp-image-4030 size-full\" title=\"Bootsfahrt\" src=\"https:\/\/www.all-for-all.de\/wp-content\/uploads\/2013\/06\/P1010966.jpg\" alt=\"Bootsfahrt\" width=\"1024\" height=\"768\" srcset=\"https:\/\/www.all-for-all.de\/wp-content\/uploads\/2013\/06\/P1010966.jpg 1024w, https:\/\/www.all-for-all.de\/wp-content\/uploads\/2013\/06\/P1010966-300x225.jpg 300w, https:\/\/www.all-for-all.de\/wp-content\/uploads\/2013\/06\/P1010966-400x300.jpg 400w\" sizes=\"auto, (max-width: 1024px) 100vw, 1024px\" \/><\/p>\n<p><img loading=\"lazy\" decoding=\"async\" class=\"aligncenter wp-image-4031 size-full\" title=\"Bootsfahrt\" src=\"https:\/\/www.all-for-all.de\/wp-content\/uploads\/2013\/06\/P1010967.jpg\" alt=\"Bootsfahrt\" width=\"1024\" height=\"768\" srcset=\"https:\/\/www.all-for-all.de\/wp-content\/uploads\/2013\/06\/P1010967.jpg 1024w, https:\/\/www.all-for-all.de\/wp-content\/uploads\/2013\/06\/P1010967-300x225.jpg 300w, https:\/\/www.all-for-all.de\/wp-content\/uploads\/2013\/06\/P1010967-400x300.jpg 400w\" sizes=\"auto, (max-width: 1024px) 100vw, 1024px\" \/><\/p>\n<p><img loading=\"lazy\" decoding=\"async\" class=\"aligncenter wp-image-4032 size-full\" title=\"Bootsfahrt\" src=\"https:\/\/www.all-for-all.de\/wp-content\/uploads\/2013\/06\/P1010968.jpg\" alt=\"Bootsfahrt\" width=\"1024\" height=\"768\" srcset=\"https:\/\/www.all-for-all.de\/wp-content\/uploads\/2013\/06\/P1010968.jpg 1024w, https:\/\/www.all-for-all.de\/wp-content\/uploads\/2013\/06\/P1010968-300x225.jpg 300w, https:\/\/www.all-for-all.de\/wp-content\/uploads\/2013\/06\/P1010968-400x300.jpg 400w\" sizes=\"auto, (max-width: 1024px) 100vw, 1024px\" \/><\/p>\n<p>Wir ankerten vor Sanibel und mussten feststellen, dass die Bootfahrerei und alles drumherum doch nicht so ein Kinderspiel ist wie zuerst gedacht. Ich will das nicht n\u00e4her ausschm\u00fccken&#8230; aber wenn man ins Wasser springt sollte man\u00a0vorher vielleicht pr\u00fcfen ob es fiese\u00a0Str\u00f6mungen gibt&#8230;<br \/>\nDurch ein perfektes &#8222;Mann-\u00fcber-Bord-Man\u00f6ver&#8220; konnte der 2. Kapit\u00e4n gerettet werden. \ud83d\ude2f<br \/>\nDanach hielten wir uns an einem mit dem Boot verbundenen Seil fest, wenn wir schwimmen gingen. <img src=\"https:\/\/www.all-for-all.de\/wp-includes\/images\/smilies\/mrgreen.png\" alt=\":mrgreen:\" class=\"wp-smiley\" style=\"height: 1em; max-height: 1em;\" \/><\/p>\n<p><img loading=\"lazy\" decoding=\"async\" class=\"aligncenter wp-image-4034 size-full\" title=\"Sanibel Island Lighthouse\" src=\"https:\/\/www.all-for-all.de\/wp-content\/uploads\/2013\/06\/P1010979.jpg\" alt=\"Sanibel Island Lighthouse\" width=\"1024\" height=\"768\" srcset=\"https:\/\/www.all-for-all.de\/wp-content\/uploads\/2013\/06\/P1010979.jpg 1024w, https:\/\/www.all-for-all.de\/wp-content\/uploads\/2013\/06\/P1010979-300x225.jpg 300w, https:\/\/www.all-for-all.de\/wp-content\/uploads\/2013\/06\/P1010979-400x300.jpg 400w\" sizes=\"auto, (max-width: 1024px) 100vw, 1024px\" \/><\/p>\n<p><img loading=\"lazy\" decoding=\"async\" class=\"aligncenter wp-image-4035 size-full\" title=\"Sanibel Island Lighthouse\" src=\"https:\/\/www.all-for-all.de\/wp-content\/uploads\/2013\/06\/P1010985.jpg\" alt=\"Sanibel Island Lighthouse\" width=\"1024\" height=\"768\" srcset=\"https:\/\/www.all-for-all.de\/wp-content\/uploads\/2013\/06\/P1010985.jpg 1024w, https:\/\/www.all-for-all.de\/wp-content\/uploads\/2013\/06\/P1010985-300x225.jpg 300w, https:\/\/www.all-for-all.de\/wp-content\/uploads\/2013\/06\/P1010985-400x300.jpg 400w\" sizes=\"auto, (max-width: 1024px) 100vw, 1024px\" \/><\/p>\n<p>Heute zogen die Gewitterwolken \u00fcber dem Golf etwas fr\u00fcher auf. Geht alles verdammt schnell hier. Kein Risiko eingehen und ab nach Hause.<\/p>\n<p><img loading=\"lazy\" decoding=\"async\" class=\"aligncenter wp-image-4039 size-full\" title=\"Gewitterwolken\" src=\"https:\/\/www.all-for-all.de\/wp-content\/uploads\/2013\/06\/P1020014.jpg\" alt=\"Gewitterwolken\" width=\"1024\" height=\"768\" srcset=\"https:\/\/www.all-for-all.de\/wp-content\/uploads\/2013\/06\/P1020014.jpg 1024w, https:\/\/www.all-for-all.de\/wp-content\/uploads\/2013\/06\/P1020014-300x225.jpg 300w, https:\/\/www.all-for-all.de\/wp-content\/uploads\/2013\/06\/P1020014-400x300.jpg 400w\" sizes=\"auto, (max-width: 1024px) 100vw, 1024px\" \/><\/p>\n<p>Es dauerte zwar noch bis zum Abend&#8230; aber das Gewitter und der dicke Regen kamen.<\/p>\n<p>Morgen wollen wir mit dem Boot nach Fort Myers Beach und Estero fahren. Der Wetterbericht sieht wieder gut aus. \ud83d\ude42<\/p>\n<p>Heute bin ich schon wieder see-land-krank&#8230; Verstehe ich nicht. Nach einigen Stunden an Land f\u00e4ngt der Boden zu schwanken an. \ud83d\ude15<br \/>\nDem Schiffsm\u00e4dchen fehlt nix&#8230;<\/p>\n<p>Gefahrene\u00a0Strecke mit dem Boot heute: 46,14 Km<\/p>\n<p><img loading=\"lazy\" decoding=\"async\" class=\"aligncenter wp-image-4041 size-full\" title=\"Logger Sanibel Island\" src=\"https:\/\/www.all-for-all.de\/wp-content\/uploads\/2013\/06\/Logger_201.jpg\" alt=\"Logger Sanibel Island\" width=\"754\" height=\"723\" srcset=\"https:\/\/www.all-for-all.de\/wp-content\/uploads\/2013\/06\/Logger_201.jpg 754w, https:\/\/www.all-for-all.de\/wp-content\/uploads\/2013\/06\/Logger_201-300x288.jpg 300w, https:\/\/www.all-for-all.de\/wp-content\/uploads\/2013\/06\/Logger_201-313x300.jpg 313w\" sizes=\"auto, (max-width: 754px) 100vw, 754px\" \/><\/p>\n<p>Viele Gr\u00fc\u00dfe<br \/>\nJoa<\/p>\n<p>Zur\u00fcck zu: <a href=\"https:\/\/www.all-for-all.de\/?page_id=3972\">27.06.2013, North Captiva Island mit dem Boot<\/a><br \/>\nWeiter zu: <a href=\"https:\/\/www.all-for-all.de\/?page_id=4044\">29.06.2013, Boot tanken \u2013 Fort Myers Beach \u2013 Sanibel \u2013 und zur\u00fcck<\/a><\/p>\n","protected":false},"excerpt":{"rendered":"<p>Sascha war hier und hat sich die Sache genauer angesehen. Er ist sogar in den Zwischenboden geklettert. Die Sache ist zwar \u00e4rgerlich aber nicht besonders schlimm. Er l\u00e4sst das Leck nach unserem Urlaub reparieren. Prima! Wir haben das Boot wieder &hellip; <a href=\"https:\/\/www.all-for-all.de\/?page_id=4020\">Weiterlesen <span class=\"meta-nav\">&rarr;<\/span><\/a><\/p>\n","protected":false},"author":2,"featured_media":0,"parent":0,"menu_order":0,"comment_status":"closed","ping_status":"open","template":"","meta":{"footnotes":""},"class_list":["post-4020","page","type-page","status-publish","hentry"],"jetpack_sharing_enabled":true,"_links":{"self":[{"href":"https:\/\/www.all-for-all.de\/index.php?rest_route=\/wp\/v2\/pages\/4020","targetHints":{"allow":["GET"]}}],"collection":[{"href":"https:\/\/www.all-for-all.de\/index.php?rest_route=\/wp\/v2\/pages"}],"about":[{"href":"https:\/\/www.all-for-all.de\/index.php?rest_route=\/wp\/v2\/types\/page"}],"author":[{"embeddable":true,"href":"https:\/\/www.all-for-all.de\/index.php?rest_route=\/wp\/v2\/users\/2"}],"replies":[{"embeddable":true,"href":"https:\/\/www.all-for-all.de\/index.php?rest_route=%2Fwp%2Fv2%2Fcomments&post=4020"}],"version-history":[{"count":0,"href":"https:\/\/www.all-for-all.de\/index.php?rest_route=\/wp\/v2\/pages\/4020\/revisions"}],"wp:attachment":[{"href":"https:\/\/www.all-for-all.de\/index.php?rest_route=%2Fwp%2Fv2%2Fmedia&parent=4020"}],"curies":[{"name":"wp","href":"https:\/\/api.w.org\/{rel}","templated":true}]}}