{"id":3304,"date":"2012-07-07T23:59:36","date_gmt":"2012-07-07T23:59:36","guid":{"rendered":"http:\/\/www.all-for-all.de\/?page_id=3304"},"modified":"2013-06-02T20:33:20","modified_gmt":"2013-06-02T20:33:20","slug":"07-07-2012-hausubergabe-und-heimflug","status":"publish","type":"page","link":"https:\/\/www.all-for-all.de\/?page_id=3304","title":{"rendered":"07.07.2012, Haus\u00fcbergabe und Heimflug"},"content":{"rendered":"<p>Es hilft ja leider nichts&#8230; der Tag musste kommen. \ud83d\ude41<\/p>\n<p>Nach einer letzten Tasse Kaffee haben wir das Gep\u00e4ck in den Jeep geladen und auf die Hausverwaltung gewartet.<br \/>Die Haus\u00fcbergabe war wieder reine Formsache. Wir hatten sogar noch einen netten Plausch mit dem Chef pers\u00f6nlich. Dann fuhren wir ab.<\/p>\n<p>Am Flughafen waren wir den Jeep\u00a0schnell los und auch das Gep\u00e4ck war schnell aufgegeben. Und wieder wollte niemand etwas f\u00fcr das dritte Gep\u00e4ckst\u00fcck.\u00a0Auch recht&#8230;\u00a0\u00a0<\/p>\n<p>Ein letzter Caramel Macchiato von Starbucks, eine Kleinigkeit zu essen, durch die Sicherheitskontrollen und ab in den Flieger. Der Flug von JetBlue startete p\u00fcnktlich und wir landeten planm\u00e4\u00dfig\u00a0in Boston. Bei dem Flug hatten wir rein zuf\u00e4llig und ohne Aufpreis Pl\u00e4tze der Kategorie &#8222;even more space&#8220;. Woah! So viel Platz h\u00e4tte ich gerne einmal bei einem Trans-Atlantik Flug. Ganz unglaublich!<\/p>\n<p style=\"text-align: center;\"><img loading=\"lazy\" decoding=\"async\" class=\"aligncenter  wp-image-3311\" title=\"Boston\" alt=\"Boston\" src=\"https:\/\/www.all-for-all.de\/wp-content\/uploads\/2012\/07\/DSC00768_klein.jpg\" width=\"1024\" height=\"768\" srcset=\"https:\/\/www.all-for-all.de\/wp-content\/uploads\/2012\/07\/DSC00768_klein.jpg 1024w, https:\/\/www.all-for-all.de\/wp-content\/uploads\/2012\/07\/DSC00768_klein-300x225.jpg 300w, https:\/\/www.all-for-all.de\/wp-content\/uploads\/2012\/07\/DSC00768_klein-400x300.jpg 400w\" sizes=\"auto, (max-width: 1024px) 100vw, 1024px\" \/><\/p>\n<p style=\"text-align: center;\"><img loading=\"lazy\" decoding=\"async\" class=\"aligncenter  wp-image-3312\" title=\"Boston Airport\" alt=\"Boston Airport\" src=\"https:\/\/www.all-for-all.de\/wp-content\/uploads\/2012\/07\/DSC00769_klein.jpg\" width=\"1024\" height=\"768\" srcset=\"https:\/\/www.all-for-all.de\/wp-content\/uploads\/2012\/07\/DSC00769_klein.jpg 1024w, https:\/\/www.all-for-all.de\/wp-content\/uploads\/2012\/07\/DSC00769_klein-300x225.jpg 300w, https:\/\/www.all-for-all.de\/wp-content\/uploads\/2012\/07\/DSC00769_klein-400x300.jpg 400w\" sizes=\"auto, (max-width: 1024px) 100vw, 1024px\" \/><\/p>\n<p style=\"text-align: center;\"><img loading=\"lazy\" decoding=\"async\" class=\"aligncenter  wp-image-3313\" title=\"Boston Airport\" alt=\"Boston Airport\" src=\"https:\/\/www.all-for-all.de\/wp-content\/uploads\/2012\/07\/DSC00776_klein.jpg\" width=\"1024\" height=\"576\" srcset=\"https:\/\/www.all-for-all.de\/wp-content\/uploads\/2012\/07\/DSC00776_klein.jpg 1024w, https:\/\/www.all-for-all.de\/wp-content\/uploads\/2012\/07\/DSC00776_klein-300x168.jpg 300w, https:\/\/www.all-for-all.de\/wp-content\/uploads\/2012\/07\/DSC00776_klein-500x281.jpg 500w\" sizes=\"auto, (max-width: 1024px) 100vw, 1024px\" \/><\/p>\n<p>Die vier Stunden Aufenthalt in Boston nutzten wir\u00a0zu einem Snack bei Dunkin` Donuts. Unsere Stimmung passte irgendwie zum Wetter. Tr\u00fcb&#8230;<\/p>\n<p>Der Anschlussflug startete p\u00fcnktlich und jetzt\u00a0fliegen\u00a0wir im Airbus A340 Richtung M\u00fcnchen dem\u00a0Sonnenaufgang entgegen.<\/p>\n<p style=\"text-align: center;\"><img loading=\"lazy\" decoding=\"async\" class=\"aligncenter  wp-image-3316\" title=\"Nachtflug\" alt=\"Nachtflug\" src=\"https:\/\/www.all-for-all.de\/wp-content\/uploads\/2012\/07\/DSC00779_klein.jpg\" width=\"1024\" height=\"576\" srcset=\"https:\/\/www.all-for-all.de\/wp-content\/uploads\/2012\/07\/DSC00779_klein.jpg 1024w, https:\/\/www.all-for-all.de\/wp-content\/uploads\/2012\/07\/DSC00779_klein-300x168.jpg 300w, https:\/\/www.all-for-all.de\/wp-content\/uploads\/2012\/07\/DSC00779_klein-500x281.jpg 500w\" sizes=\"auto, (max-width: 1024px) 100vw, 1024px\" \/><\/p>\n<p>Vielleicht schaffe ich es endlich wenigstens einmal in einem Flugzeug zu schlafen&#8230;<\/p>\n<p>Viele Gr\u00fc\u00dfe<br \/>Joa<\/p>\n<p>Zur\u00fcck zu: <a title=\"06.07.2012, Der letzte Urlaubstag\" href=\"https:\/\/www.all-for-all.de\/?page_id=3294\">06.07.2012, Der letzte Urlaubstag<\/a><br \/>Weiter zu: <a title=\"08.07.2012, Wieder zu Hause\" href=\"https:\/\/www.all-for-all.de\/?page_id=3319\">08.07.2012, Wieder zu Hause<\/a><\/p>\n","protected":false},"excerpt":{"rendered":"<p>Es hilft ja leider nichts&#8230; der Tag musste kommen. \ud83d\ude41 Nach einer letzten Tasse Kaffee haben wir das Gep\u00e4ck in den Jeep geladen und auf die Hausverwaltung gewartet.Die Haus\u00fcbergabe war wieder reine Formsache. Wir hatten sogar noch einen netten Plausch &hellip; <a href=\"https:\/\/www.all-for-all.de\/?page_id=3304\">Weiterlesen <span class=\"meta-nav\">&rarr;<\/span><\/a><\/p>\n","protected":false},"author":2,"featured_media":0,"parent":0,"menu_order":0,"comment_status":"closed","ping_status":"open","template":"","meta":{"footnotes":""},"class_list":["post-3304","page","type-page","status-publish","hentry"],"jetpack_sharing_enabled":true,"_links":{"self":[{"href":"https:\/\/www.all-for-all.de\/index.php?rest_route=\/wp\/v2\/pages\/3304","targetHints":{"allow":["GET"]}}],"collection":[{"href":"https:\/\/www.all-for-all.de\/index.php?rest_route=\/wp\/v2\/pages"}],"about":[{"href":"https:\/\/www.all-for-all.de\/index.php?rest_route=\/wp\/v2\/types\/page"}],"author":[{"embeddable":true,"href":"https:\/\/www.all-for-all.de\/index.php?rest_route=\/wp\/v2\/users\/2"}],"replies":[{"embeddable":true,"href":"https:\/\/www.all-for-all.de\/index.php?rest_route=%2Fwp%2Fv2%2Fcomments&post=3304"}],"version-history":[{"count":0,"href":"https:\/\/www.all-for-all.de\/index.php?rest_route=\/wp\/v2\/pages\/3304\/revisions"}],"wp:attachment":[{"href":"https:\/\/www.all-for-all.de\/index.php?rest_route=%2Fwp%2Fv2%2Fmedia&parent=3304"}],"curies":[{"name":"wp","href":"https:\/\/api.w.org\/{rel}","templated":true}]}}