{"id":3270,"date":"2012-07-04T23:59:20","date_gmt":"2012-07-04T23:59:20","guid":{"rendered":"http:\/\/www.all-for-all.de\/?page_id=3270"},"modified":"2013-06-01T18:39:03","modified_gmt":"2013-06-01T18:39:03","slug":"04-07-2012-red-white-and-boom-aber-ohne-uns","status":"publish","type":"page","link":"https:\/\/www.all-for-all.de\/?page_id=3270","title":{"rendered":"04.07.2012, red, white and boom!&#8230; aber ohne uns"},"content":{"rendered":"<p>Auch diese Jahr fand\u00a0wieder das von Re\/Max mitgesponserte &#8222;red, white an boom!&#8220; &#8211; Event an der Cape Coral Bridge statt. Letztes Jahr hat es uns dort sehr gefallen. Heute konnten wir uns nicht aufraffen. Wir haben unsere K\u00f6rper ann\u00e4hernd auf &#8222;0&#8220; gefahren. \ud83d\ude09 <br \/>Uns ist irgendwie jeder Schritt zu viel. Essen, schlafen, baden, liegen. Alleine der Gang zum K\u00fchlschrank f\u00e4llt schwer. \ud83d\ude06<\/p>\n<p>Ja ne, ich will nicht \u00fcbertreiben. Bis zum fr\u00fchen Nachmittag hat das Wetter nicht gepasst. Dann wurde es zwar sch\u00f6n aber wir hatten uns bereits darauf eingestellt gem\u00fctlich auf der Terrasse zu bleiben. Und auf viele Menschen und Gedr\u00e4nge hatten wir auch keine Lust. Feuerwerk hatten wir trotzdem von den H\u00e4usern um uns herum.<\/p>\n<p>Alles in allem ein sehr ruhiger Tag.<br \/>Morgen m\u00fcssen wir aber unbedingt nochmal zu Publix. Toastbrot und Bacon sind verbraucht! \ud83d\ude15<\/p>\n<p>Viele Gr\u00fc\u00dfe<br \/>Joa<\/p>\n<p>Zur\u00fcck zu: <a title=\"03.07.2012, vormittags baden, nachmittags heftige Gewitter\" href=\"https:\/\/www.all-for-all.de\/?page_id=3253\">03.07.2012, vormittags baden, nachmittags heftige Gewitter<\/a><br \/>Weiter zu: <a title=\"05.07.2012, Letzte Eink\u00e4ufe, regnerisch\" href=\"https:\/\/www.all-for-all.de\/?page_id=3280\">05.07.2012, Letzte Eink\u00e4ufe, regnerisch<\/a><\/p>\n<p>&nbsp;<\/p>\n","protected":false},"excerpt":{"rendered":"<p>Auch diese Jahr fand\u00a0wieder das von Re\/Max mitgesponserte &#8222;red, white an boom!&#8220; &#8211; Event an der Cape Coral Bridge statt. Letztes Jahr hat es uns dort sehr gefallen. Heute konnten wir uns nicht aufraffen. Wir haben unsere K\u00f6rper ann\u00e4hernd auf &hellip; <a href=\"https:\/\/www.all-for-all.de\/?page_id=3270\">Weiterlesen <span class=\"meta-nav\">&rarr;<\/span><\/a><\/p>\n","protected":false},"author":2,"featured_media":0,"parent":0,"menu_order":0,"comment_status":"closed","ping_status":"open","template":"","meta":{"footnotes":""},"class_list":["post-3270","page","type-page","status-publish","hentry"],"jetpack_sharing_enabled":true,"_links":{"self":[{"href":"https:\/\/www.all-for-all.de\/index.php?rest_route=\/wp\/v2\/pages\/3270","targetHints":{"allow":["GET"]}}],"collection":[{"href":"https:\/\/www.all-for-all.de\/index.php?rest_route=\/wp\/v2\/pages"}],"about":[{"href":"https:\/\/www.all-for-all.de\/index.php?rest_route=\/wp\/v2\/types\/page"}],"author":[{"embeddable":true,"href":"https:\/\/www.all-for-all.de\/index.php?rest_route=\/wp\/v2\/users\/2"}],"replies":[{"embeddable":true,"href":"https:\/\/www.all-for-all.de\/index.php?rest_route=%2Fwp%2Fv2%2Fcomments&post=3270"}],"version-history":[{"count":0,"href":"https:\/\/www.all-for-all.de\/index.php?rest_route=\/wp\/v2\/pages\/3270\/revisions"}],"wp:attachment":[{"href":"https:\/\/www.all-for-all.de\/index.php?rest_route=%2Fwp%2Fv2%2Fmedia&parent=3270"}],"curies":[{"name":"wp","href":"https:\/\/api.w.org\/{rel}","templated":true}]}}