{"id":3201,"date":"2012-06-29T23:59:59","date_gmt":"2012-06-29T23:59:59","guid":{"rendered":"http:\/\/www.all-for-all.de\/?page_id=3201"},"modified":"2013-06-01T13:39:59","modified_gmt":"2013-06-01T13:39:59","slug":"29-06-2012-tanger-outlet-und-bass-pro-shop","status":"publish","type":"page","link":"https:\/\/www.all-for-all.de\/?page_id=3201","title":{"rendered":"29.06.2012, Tanger Outlet und Bass Pro Shop"},"content":{"rendered":"<p>Den Tag haben wir heute im Pool begonnen. Anschlie\u00dfend gab es 2 Stunden lang Fr\u00fch-\/Sp\u00e4tst\u00fcck mit allem was dazu geh\u00f6rt.<\/p>\n<p style=\"text-align: center;\"><img loading=\"lazy\" decoding=\"async\" class=\"aligncenter  wp-image-3202\" title=\"Fr\u00fch-\/Sp\u00e4tschicht\" alt=\"Fr\u00fch-\/Sp\u00e4tschicht\" src=\"https:\/\/www.all-for-all.de\/wp-content\/uploads\/2013\/06\/DSC01492_klein.jpg\" width=\"1024\" height=\"768\" srcset=\"https:\/\/www.all-for-all.de\/wp-content\/uploads\/2013\/06\/DSC01492_klein.jpg 1024w, https:\/\/www.all-for-all.de\/wp-content\/uploads\/2013\/06\/DSC01492_klein-300x225.jpg 300w, https:\/\/www.all-for-all.de\/wp-content\/uploads\/2013\/06\/DSC01492_klein-400x300.jpg 400w\" sizes=\"auto, (max-width: 1024px) 100vw, 1024px\" \/><\/p>\n<p>Am fr\u00fchen Nachmittag starteten wir mit unserem Jeep in Richtung Tanger Outlet. Lediglich ein paar Schuhe und zwei T-Shirts lagen danach im Kofferraum. <br \/>Die Miromar Outlets in Estero waren uns heute zu weit weg.<br \/>Der n\u00e4chste Stopp war dann am Bass Pro Shop. Wir lieben diese L\u00e4den! <img src=\"https:\/\/www.all-for-all.de\/wp-includes\/images\/smilies\/mrgreen.png\" alt=\":mrgreen:\" class=\"wp-smiley\" style=\"height: 1em; max-height: 1em;\" \/><\/p>\n<p>Auch hier fanden wir ein paar T-Shirts und\u00a0ein prima Taschenmesser von Smith &amp; Wesson.<\/p>\n<p>Ein kleiner Umweg auf der R\u00fcckfahrt\u00a0zur Frischfleischtheke bei Publix verhalf uns zu unseren Steaks zum Abendessen. \ud83d\ude0e <br \/>Lecker Steak mit Horseradish Sauce und Salat!<\/p>\n<p>Heute war der dritte komplett wolkenlose Tag in Folge. Jetzt zum Sonnenuntergang ziehen tats\u00e4chlich ganz kleine Wolken auf.\u00a0Will sich das verr\u00fcckte Wetter der letzten Tage nun tats\u00e4chlich normalisieren? \ud83d\ude44<\/p>\n<p style=\"text-align: center;\"><img loading=\"lazy\" decoding=\"async\" class=\"aligncenter  wp-image-3212\" title=\"Die ersten Wolken nach drei Tagen\" alt=\"Die ersten Wolken nach drei Tagen\" src=\"https:\/\/www.all-for-all.de\/wp-content\/uploads\/2012\/06\/DSC00694_klein.jpg\" width=\"1024\" height=\"768\" srcset=\"https:\/\/www.all-for-all.de\/wp-content\/uploads\/2012\/06\/DSC00694_klein.jpg 1024w, https:\/\/www.all-for-all.de\/wp-content\/uploads\/2012\/06\/DSC00694_klein-300x225.jpg 300w, https:\/\/www.all-for-all.de\/wp-content\/uploads\/2012\/06\/DSC00694_klein-400x300.jpg 400w\" sizes=\"auto, (max-width: 1024px) 100vw, 1024px\" \/><\/p>\n<p>Vielleicht fahren wir morgen nach Sanibel.<br \/>Jetzt g\u00f6nne ich mir gleich noch ein &#8222;Bud&#8220; im Pool. (geiles Wortspiel) \ud83d\ude09<\/p>\n<p>Viele Gr\u00fc\u00dfe<br \/>Joa<\/p>\n<p>Zur\u00fcck zu: <a title=\"28.06.2012, kleinere Eink\u00e4ufe, Spazierfahrt, baden\" href=\"https:\/\/www.all-for-all.de\/?page_id=3169\">28.06.2012, kleinere Eink\u00e4ufe, Spazierfahrt, baden<\/a><br \/>Weiter zu: <a title=\"30.06.2012, Faulenzen\" href=\"https:\/\/www.all-for-all.de\/?page_id=3219\">30.06.2012, Faulenzen<\/a><\/p>\n<p>&nbsp;<\/p>\n","protected":false},"excerpt":{"rendered":"<p>Den Tag haben wir heute im Pool begonnen. Anschlie\u00dfend gab es 2 Stunden lang Fr\u00fch-\/Sp\u00e4tst\u00fcck mit allem was dazu geh\u00f6rt. Am fr\u00fchen Nachmittag starteten wir mit unserem Jeep in Richtung Tanger Outlet. Lediglich ein paar Schuhe und zwei T-Shirts lagen &hellip; <a href=\"https:\/\/www.all-for-all.de\/?page_id=3201\">Weiterlesen <span class=\"meta-nav\">&rarr;<\/span><\/a><\/p>\n","protected":false},"author":2,"featured_media":0,"parent":0,"menu_order":0,"comment_status":"closed","ping_status":"open","template":"","meta":{"footnotes":""},"class_list":["post-3201","page","type-page","status-publish","hentry"],"jetpack_sharing_enabled":true,"_links":{"self":[{"href":"https:\/\/www.all-for-all.de\/index.php?rest_route=\/wp\/v2\/pages\/3201","targetHints":{"allow":["GET"]}}],"collection":[{"href":"https:\/\/www.all-for-all.de\/index.php?rest_route=\/wp\/v2\/pages"}],"about":[{"href":"https:\/\/www.all-for-all.de\/index.php?rest_route=\/wp\/v2\/types\/page"}],"author":[{"embeddable":true,"href":"https:\/\/www.all-for-all.de\/index.php?rest_route=\/wp\/v2\/users\/2"}],"replies":[{"embeddable":true,"href":"https:\/\/www.all-for-all.de\/index.php?rest_route=%2Fwp%2Fv2%2Fcomments&post=3201"}],"version-history":[{"count":0,"href":"https:\/\/www.all-for-all.de\/index.php?rest_route=\/wp\/v2\/pages\/3201\/revisions"}],"wp:attachment":[{"href":"https:\/\/www.all-for-all.de\/index.php?rest_route=%2Fwp%2Fv2%2Fmedia&parent=3201"}],"curies":[{"name":"wp","href":"https:\/\/api.w.org\/{rel}","templated":true}]}}