{"id":3101,"date":"2012-06-25T23:59:23","date_gmt":"2012-06-25T23:59:23","guid":{"rendered":"http:\/\/www.all-for-all.de\/?page_id=3101"},"modified":"2013-05-30T11:26:23","modified_gmt":"2013-05-30T11:26:23","slug":"25-06-2012-hausubernahme-sturm-starkregen-hochwasser","status":"publish","type":"page","link":"https:\/\/www.all-for-all.de\/?page_id=3101","title":{"rendered":"25.06.2012, Haus\u00fcbernahme, Sturm, Starkregen, Hochwasser"},"content":{"rendered":"<p>Letzte Nacht sind wir \u00f6fter wegen extrem starken B\u00f6en aufgewacht. Als wir gegen 07:30 Uhr aufstanden war es ruhig. Kaum Wind, kein Regen aber sehr hoher Wasserstand im Kanal vor dem Haus. Das Haus und der Cage sind unbesch\u00e4digt. Der Bootssteg\u00a0liegt etwa 5cm unter Wasser. Ich habe nie vorher solch einen hohen Wasserstand gesehen hier.<\/p>\n<p style=\"text-align: left;\"><img loading=\"lazy\" decoding=\"async\" class=\"aligncenter  wp-image-3108\" title=\"\u00dcberfluteter Bootssteg\" alt=\"\u00dcberfluteter Bootssteg\" src=\"https:\/\/www.all-for-all.de\/wp-content\/uploads\/2012\/06\/DSC00677_klein.jpg\" width=\"1024\" height=\"768\" srcset=\"https:\/\/www.all-for-all.de\/wp-content\/uploads\/2012\/06\/DSC00677_klein.jpg 1024w, https:\/\/www.all-for-all.de\/wp-content\/uploads\/2012\/06\/DSC00677_klein-300x225.jpg 300w, https:\/\/www.all-for-all.de\/wp-content\/uploads\/2012\/06\/DSC00677_klein-400x300.jpg 400w\" sizes=\"auto, (max-width: 1024px) 100vw, 1024px\" \/><\/p>\n<p style=\"text-align: left;\">Der Gouverneur von Florida hat heute den Notstand ausgerufen. Viele tausend Haushalte sind ohne Strom und\u00a0\u00dcberschwemmungen durch Starkregen in vielen Orten.<\/p>\n<p style=\"text-align: left;\">Irgendwann kam die Hausverwaltung zur Haus\u00fcbernahme. Dabei haben wir erfahren, dass es in Cape Coral in der vergangenen Nacht sehr wohl ein paar H\u00e4user und Cages besch\u00e4digt hat.\u00a0Irgendwo\u00a0bei Sarasota gab es sogar einen F0-Tornado mit Schwerverletzten.<\/p>\n<p style=\"text-align: left;\">Nachmittags kamen dann auch bei uns wieder die B\u00f6en mit Starkregen. Da niemand wei\u00df was Debby wirklich vor hat, bin ich sicherheitshalber losgefahren und habe den Jeep vollgetankt. Der kleine ist ein echter Benzinfresser&#8230; ich habe 12 Liter f\u00fcr 100km errechnet. Ich hoffe das liegt an dem starken Wind von gestern. \ud83d\ude09<\/p>\n<p style=\"text-align: left;\">Wenigstens ist es trotz des miesen Wetters angenehm warm. Daf\u00fcr ist das Wasser in unserem Pool sch&#8230; kalt. Wenn sich das Wetter nicht bald bessert m\u00fcssen wir die Poolheizung anfeuern. Und das Ende Juni. \ud83d\udc7f <br \/>Den Rest des Tages haben wir gr\u00f6\u00dftenteils auf unserer Terrasse, bzw. dem Lanai verbracht.<\/p>\n<p style=\"text-align: left;\">Alle Sender im Fernsehen sind voll mit Bildern von Debby und den bis jetzt entstandenen Sch\u00e4den. Mittlerweile werden sogar die wirren bunten Linien auf der Karte weniger. &#8222;Landfall&#8220; soll jetzt sehr sicher\u00a0am Mittwoch\u00a0irgendwo am Panhandle sein. Ein Hurrikan wird zu 99% keiner daraus.<\/p>\n<p style=\"text-align: left;\">Ende f\u00fcr heute!<\/p>\n<p style=\"text-align: left;\">Viele Gr\u00fc\u00dfe<br \/>Joa<\/p>\n<p style=\"text-align: left;\">Zur\u00fcck zu: <a title=\"24.06.2012, New Orleans \u2013 Orlando \u2013 Cape Coral\" href=\"https:\/\/www.all-for-all.de\/?page_id=2898\">24.06.2012, New Orleans \u2013 Orlando \u2013 Cape Coral<\/a><br \/>Weiter zu: <a title=\"26.06.2013, Sonne, Sturm, Wolkenbruch, Sonne, Sturm, Wolkenbruch\" href=\"https:\/\/www.all-for-all.de\/?page_id=3140\">26.06.2013, Sonne, Sturm, Wolkenbruch, Sonne, Sturm, Wolkenbruch<\/a><\/p>\n","protected":false},"excerpt":{"rendered":"<p>Letzte Nacht sind wir \u00f6fter wegen extrem starken B\u00f6en aufgewacht. Als wir gegen 07:30 Uhr aufstanden war es ruhig. Kaum Wind, kein Regen aber sehr hoher Wasserstand im Kanal vor dem Haus. Das Haus und der Cage sind unbesch\u00e4digt. Der &hellip; <a href=\"https:\/\/www.all-for-all.de\/?page_id=3101\">Weiterlesen <span class=\"meta-nav\">&rarr;<\/span><\/a><\/p>\n","protected":false},"author":2,"featured_media":0,"parent":0,"menu_order":0,"comment_status":"closed","ping_status":"open","template":"","meta":{"footnotes":""},"class_list":["post-3101","page","type-page","status-publish","hentry"],"jetpack_sharing_enabled":true,"_links":{"self":[{"href":"https:\/\/www.all-for-all.de\/index.php?rest_route=\/wp\/v2\/pages\/3101","targetHints":{"allow":["GET"]}}],"collection":[{"href":"https:\/\/www.all-for-all.de\/index.php?rest_route=\/wp\/v2\/pages"}],"about":[{"href":"https:\/\/www.all-for-all.de\/index.php?rest_route=\/wp\/v2\/types\/page"}],"author":[{"embeddable":true,"href":"https:\/\/www.all-for-all.de\/index.php?rest_route=\/wp\/v2\/users\/2"}],"replies":[{"embeddable":true,"href":"https:\/\/www.all-for-all.de\/index.php?rest_route=%2Fwp%2Fv2%2Fcomments&post=3101"}],"version-history":[{"count":0,"href":"https:\/\/www.all-for-all.de\/index.php?rest_route=\/wp\/v2\/pages\/3101\/revisions"}],"wp:attachment":[{"href":"https:\/\/www.all-for-all.de\/index.php?rest_route=%2Fwp%2Fv2%2Fmedia&parent=3101"}],"curies":[{"name":"wp","href":"https:\/\/api.w.org\/{rel}","templated":true}]}}