{"id":2883,"date":"2012-06-20T23:59:12","date_gmt":"2012-06-20T23:59:12","guid":{"rendered":"http:\/\/www.all-for-all.de\/?page_id=2883"},"modified":"2013-05-26T18:54:49","modified_gmt":"2013-05-26T18:54:49","slug":"20-06-2012-new-orleans-biloxi-mobile-orange-beach","status":"publish","type":"page","link":"https:\/\/www.all-for-all.de\/?page_id=2883","title":{"rendered":"20.06.2012, New Orleans &#8211; Biloxi &#8211; Mobile &#8211; Orange Beach"},"content":{"rendered":"<p>Strand und Meer! Das wollten wir nun endlich sehen.<br \/>Nach einem ausgiebigen Fr\u00fchst\u00fcck tankten wir den Dodge voll und fuhren los. Die Gelegenheit war g\u00fcnstig und so nutzten wir nochmals den <a title=\"Lake Pontchartrain Causeway\" href=\"http:\/\/de.wikipedia.org\/wiki\/Lake_Pontchartrain_Causeway\" target=\"_blank\">Lake Pontchartrain Causeway<\/a>. Auch beim zweiten Mal eine tolle Fahrt! \ud83d\ude42<\/p>\n<p style=\"text-align: center;\"><img loading=\"lazy\" decoding=\"async\" class=\"aligncenter  wp-image-2984\" title=\"Lake Pontchartrain Causeway\" alt=\"Lake Pontchartrain Causeway\" src=\"https:\/\/www.all-for-all.de\/wp-content\/uploads\/2012\/06\/DSC00516_klein.jpg\" width=\"1024\" height=\"768\" srcset=\"https:\/\/www.all-for-all.de\/wp-content\/uploads\/2012\/06\/DSC00516_klein.jpg 1024w, https:\/\/www.all-for-all.de\/wp-content\/uploads\/2012\/06\/DSC00516_klein-300x225.jpg 300w, https:\/\/www.all-for-all.de\/wp-content\/uploads\/2012\/06\/DSC00516_klein-400x300.jpg 400w\" sizes=\"auto, (max-width: 1024px) 100vw, 1024px\" \/><\/p>\n<p>Unser erstes Ziel im Navi war die Stadt Biloxi. Bereits\u00a0im Jahr 2010 wollten wir\u00a0dorthin. Wir kamen damals von Osten, drehten aber wegen der \u00d6lpest der gesunkenen Bohrinsel Deep Water Horizon vorher um.<\/p>\n<p>Der \u00f6ffentliche Strand von Biloxi ist nicht besonders sch\u00f6n. Aber dennoch hatte es etwas, endlich die F\u00fc\u00dfe in den feinen wei\u00dfen Sand stecken zu k\u00f6nnen. Wir \u00fcberlegten, ob wir uns in einem der Casino Hotels einquartieren sollen, entschlossen uns aber dazu weiter zu fahren.<\/p>\n<p style=\"text-align: left;\"><img loading=\"lazy\" decoding=\"async\" class=\"aligncenter  wp-image-2986\" title=\"Strand in Biloxi\" alt=\"Strand in Biloxi\" src=\"https:\/\/www.all-for-all.de\/wp-content\/uploads\/2012\/06\/DSC00536_klein.jpg\" width=\"1024\" height=\"768\" srcset=\"https:\/\/www.all-for-all.de\/wp-content\/uploads\/2012\/06\/DSC00536_klein.jpg 1024w, https:\/\/www.all-for-all.de\/wp-content\/uploads\/2012\/06\/DSC00536_klein-300x225.jpg 300w, https:\/\/www.all-for-all.de\/wp-content\/uploads\/2012\/06\/DSC00536_klein-400x300.jpg 400w\" sizes=\"auto, (max-width: 1024px) 100vw, 1024px\" \/><\/p>\n<p style=\"text-align: center;\"><img loading=\"lazy\" decoding=\"async\" class=\"aligncenter  wp-image-2987\" title=\"Strand in Biloxi\" alt=\"Strand in Biloxi\" src=\"https:\/\/www.all-for-all.de\/wp-content\/uploads\/2012\/06\/DSC00535_klein.jpg\" width=\"1024\" height=\"768\" srcset=\"https:\/\/www.all-for-all.de\/wp-content\/uploads\/2012\/06\/DSC00535_klein.jpg 1024w, https:\/\/www.all-for-all.de\/wp-content\/uploads\/2012\/06\/DSC00535_klein-300x225.jpg 300w, https:\/\/www.all-for-all.de\/wp-content\/uploads\/2012\/06\/DSC00535_klein-400x300.jpg 400w\" sizes=\"auto, (max-width: 1024px) 100vw, 1024px\" \/><\/p>\n<p style=\"text-align: left;\">N\u00e4chstes Ziel: Pascagoula<br \/>Wir fuhren die gesamte Strandstra\u00dfe ab, fanden dort aber nicht ein einziges Hotel. <br \/>Also ging es weiter \u00fcber die Stadt Mobile, vorbei am Schlachtschiff USS Alabama,\u00a0Richtung Gulf Shores und Orange Beach.<\/p>\n<p style=\"text-align: center;\"><img loading=\"lazy\" decoding=\"async\" class=\"aligncenter  wp-image-2992\" title=\"Mobile\" alt=\"Mobile\" src=\"https:\/\/www.all-for-all.de\/wp-content\/uploads\/2012\/06\/DSC00539_klein.jpg\" width=\"1024\" height=\"768\" srcset=\"https:\/\/www.all-for-all.de\/wp-content\/uploads\/2012\/06\/DSC00539_klein.jpg 1024w, https:\/\/www.all-for-all.de\/wp-content\/uploads\/2012\/06\/DSC00539_klein-300x225.jpg 300w, https:\/\/www.all-for-all.de\/wp-content\/uploads\/2012\/06\/DSC00539_klein-400x300.jpg 400w\" sizes=\"auto, (max-width: 1024px) 100vw, 1024px\" \/><\/p>\n<p style=\"text-align: center;\"><img loading=\"lazy\" decoding=\"async\" class=\"aligncenter  wp-image-2991\" title=\"Battleship USS Alabama bei Mobile\" alt=\"Battleship USS Alabama bei Mobile\" src=\"https:\/\/www.all-for-all.de\/wp-content\/uploads\/2012\/06\/DSC00543_klein.jpg\" width=\"1024\" height=\"768\" srcset=\"https:\/\/www.all-for-all.de\/wp-content\/uploads\/2012\/06\/DSC00543_klein.jpg 1024w, https:\/\/www.all-for-all.de\/wp-content\/uploads\/2012\/06\/DSC00543_klein-300x225.jpg 300w, https:\/\/www.all-for-all.de\/wp-content\/uploads\/2012\/06\/DSC00543_klein-400x300.jpg 400w\" sizes=\"auto, (max-width: 1024px) 100vw, 1024px\" \/><\/p>\n<p style=\"text-align: center;\"><img loading=\"lazy\" decoding=\"async\" class=\"aligncenter  wp-image-2994\" title=\"USS Alabama auf Google Earth\" alt=\"USS Alabama auf Google Earth\" src=\"https:\/\/www.all-for-all.de\/wp-content\/uploads\/2012\/06\/USS-Alabama.jpg\" width=\"619\" height=\"623\" srcset=\"https:\/\/www.all-for-all.de\/wp-content\/uploads\/2012\/06\/USS-Alabama.jpg 619w, https:\/\/www.all-for-all.de\/wp-content\/uploads\/2012\/06\/USS-Alabama-150x150.jpg 150w, https:\/\/www.all-for-all.de\/wp-content\/uploads\/2012\/06\/USS-Alabama-298x300.jpg 298w\" sizes=\"auto, (max-width: 619px) 100vw, 619px\" \/><\/p>\n<p style=\"text-align: left;\">In Orange Beach\u00a0fanden wir schlie\u00dflich\u00a0<a title=\"The Island House Hotel\" href=\"http:\/\/www.islandhousehotel.com\/\" target=\"_blank\">The Island House Hotel.<\/a> Nicht gerade g\u00fcnstig&#8230;\u00a0Executive room, gehobene Ausstattung,\u00a0Oceanfrontzimmer. Wir haben uns sofort f\u00fcr zwei N\u00e4chte eingemietet. Juhu! \ud83d\ude0e<\/p>\n<p style=\"text-align: left;\"><img loading=\"lazy\" decoding=\"async\" class=\"aligncenter  wp-image-2998\" title=\"Blick vom Balkon auf den Golf von Mexico\" alt=\"Blick vom Balkon auf den Golf von Mexico\" src=\"https:\/\/www.all-for-all.de\/wp-content\/uploads\/2012\/06\/DSC00551_klein.jpg\" width=\"1024\" height=\"768\" srcset=\"https:\/\/www.all-for-all.de\/wp-content\/uploads\/2012\/06\/DSC00551_klein.jpg 1024w, https:\/\/www.all-for-all.de\/wp-content\/uploads\/2012\/06\/DSC00551_klein-300x225.jpg 300w, https:\/\/www.all-for-all.de\/wp-content\/uploads\/2012\/06\/DSC00551_klein-400x300.jpg 400w\" sizes=\"auto, (max-width: 1024px) 100vw, 1024px\" \/><img loading=\"lazy\" decoding=\"async\" class=\"aligncenter  wp-image-2999\" title=\"Blick vom Balkon auf den Golf von Mexico\" alt=\"Blick vom Balkon auf den Golf von Mexico\" src=\"https:\/\/www.all-for-all.de\/wp-content\/uploads\/2012\/06\/DSC00547_klein.jpg\" width=\"1024\" height=\"768\" srcset=\"https:\/\/www.all-for-all.de\/wp-content\/uploads\/2012\/06\/DSC00547_klein.jpg 1024w, https:\/\/www.all-for-all.de\/wp-content\/uploads\/2012\/06\/DSC00547_klein-300x225.jpg 300w, https:\/\/www.all-for-all.de\/wp-content\/uploads\/2012\/06\/DSC00547_klein-400x300.jpg 400w\" sizes=\"auto, (max-width: 1024px) 100vw, 1024px\" \/><\/p>\n<p style=\"text-align: left;\">Herrlich!<br \/>Abendessen auf dem Balkon war heute Pflicht! In einem kleinen Supermarkt haben wir uns mit Sandwiches, Salaten und s\u00fc\u00dfem Geb\u00e4ck versorgt. <br \/>Mit dem Sonnenuntergang lie\u00dfen wir es uns schmecken. \ud83d\ude0e<\/p>\n<p style=\"text-align: center;\"><img loading=\"lazy\" decoding=\"async\" class=\"aligncenter  wp-image-3003\" title=\"Sonnenuntergang Orange Beach\" alt=\"Sonnenuntergang Orange Beach\" src=\"https:\/\/www.all-for-all.de\/wp-content\/uploads\/2012\/06\/DSC00555_klein.jpg\" width=\"1024\" height=\"768\" srcset=\"https:\/\/www.all-for-all.de\/wp-content\/uploads\/2012\/06\/DSC00555_klein.jpg 1024w, https:\/\/www.all-for-all.de\/wp-content\/uploads\/2012\/06\/DSC00555_klein-300x225.jpg 300w, https:\/\/www.all-for-all.de\/wp-content\/uploads\/2012\/06\/DSC00555_klein-400x300.jpg 400w\" sizes=\"auto, (max-width: 1024px) 100vw, 1024px\" \/><\/p>\n<p style=\"text-align: center;\"><img loading=\"lazy\" decoding=\"async\" class=\"aligncenter  wp-image-3001\" title=\"Sonnenuntergang Orange Beach\" alt=\"Sonnenuntergang Orange Beach\" src=\"https:\/\/www.all-for-all.de\/wp-content\/uploads\/2012\/06\/DSC00557_klein.jpg\" width=\"1024\" height=\"768\" srcset=\"https:\/\/www.all-for-all.de\/wp-content\/uploads\/2012\/06\/DSC00557_klein.jpg 1024w, https:\/\/www.all-for-all.de\/wp-content\/uploads\/2012\/06\/DSC00557_klein-300x225.jpg 300w, https:\/\/www.all-for-all.de\/wp-content\/uploads\/2012\/06\/DSC00557_klein-400x300.jpg 400w\" sizes=\"auto, (max-width: 1024px) 100vw, 1024px\" \/><\/p>\n<p style=\"text-align: center;\"><img loading=\"lazy\" decoding=\"async\" class=\"aligncenter  wp-image-3002\" title=\"Sonnenuntergang Orange Beach\" alt=\"Sonnenuntergang Orange Beach\" src=\"https:\/\/www.all-for-all.de\/wp-content\/uploads\/2012\/06\/DSC00553_klein.jpg\" width=\"1024\" height=\"768\" srcset=\"https:\/\/www.all-for-all.de\/wp-content\/uploads\/2012\/06\/DSC00553_klein.jpg 1024w, https:\/\/www.all-for-all.de\/wp-content\/uploads\/2012\/06\/DSC00553_klein-300x225.jpg 300w, https:\/\/www.all-for-all.de\/wp-content\/uploads\/2012\/06\/DSC00553_klein-400x300.jpg 400w\" sizes=\"auto, (max-width: 1024px) 100vw, 1024px\" \/><\/p>\n<p style=\"text-align: left;\">News vom Weatherchannel: Das mistige tropische tief macht weiter \u00c4rger. Es ist eher unwahrscheinlich, dass es sich bald aufl\u00f6st. Die Prognosen gehen auf jeden Fall dazu, dass sich die Geschichte zu einem Tropensturm entwickelt. Das Problem ist die extrem langsame Zuggeschwindigkeit. So ist gen\u00fcgend Zeit sich \u00fcber dem warmen Golf von Mexico mit Energie aufzuladen.\u00a0Stimmen reden bereits von einer Chance auf einen Hurrikan. Erste Bohrinseln werden scheinbar evakuiert. \ud83d\ude2f <br \/>Wir m\u00fcssen das unbedingt aufmerksam beobachten. Wenn alles schief l\u00e4uft brauchen wir einen Plan &#8222;B&#8220;. Aber nicht mehr heute&#8230; \ud83d\ude09<\/p>\n<p style=\"text-align: left;\">Nach einem kurzen Strandspaziergang geht es jetzt ins Bett.<\/p>\n<p style=\"text-align: left;\">Gefahrene\u00a0Strecke heute: 372,45km<\/p>\n<p style=\"text-align: center;\"><img loading=\"lazy\" decoding=\"async\" class=\"aligncenter  wp-image-3006\" title=\"GPS Logger\" alt=\"GPS Logger\" src=\"https:\/\/www.all-for-all.de\/wp-content\/uploads\/2012\/06\/Logger25.jpg\" width=\"970\" height=\"438\" srcset=\"https:\/\/www.all-for-all.de\/wp-content\/uploads\/2012\/06\/Logger25.jpg 970w, https:\/\/www.all-for-all.de\/wp-content\/uploads\/2012\/06\/Logger25-300x135.jpg 300w, https:\/\/www.all-for-all.de\/wp-content\/uploads\/2012\/06\/Logger25-500x225.jpg 500w\" sizes=\"auto, (max-width: 970px) 100vw, 970px\" \/><\/p>\n<p style=\"text-align: left;\">Viele Gr\u00fc\u00dfe<br \/>Joa<\/p>\n<p style=\"text-align: left;\">Zur\u00fcck zu: <a title=\"19.06.2012, New Orleans\" href=\"https:\/\/www.all-for-all.de\/?page_id=2876\">19.06.2012, New Orleans<\/a><br \/>Weiter zu: <a title=\"21.06.2012, Orange Beach\" href=\"https:\/\/www.all-for-all.de\/?page_id=2887\">21.06.2012, Orange Beach<\/a><\/p>\n","protected":false},"excerpt":{"rendered":"<p>Strand und Meer! Das wollten wir nun endlich sehen.Nach einem ausgiebigen Fr\u00fchst\u00fcck tankten wir den Dodge voll und fuhren los. Die Gelegenheit war g\u00fcnstig und so nutzten wir nochmals den Lake Pontchartrain Causeway. Auch beim zweiten Mal eine tolle Fahrt! &hellip; <a href=\"https:\/\/www.all-for-all.de\/?page_id=2883\">Weiterlesen <span class=\"meta-nav\">&rarr;<\/span><\/a><\/p>\n","protected":false},"author":2,"featured_media":0,"parent":0,"menu_order":0,"comment_status":"closed","ping_status":"open","template":"","meta":{"footnotes":""},"class_list":["post-2883","page","type-page","status-publish","hentry"],"jetpack_sharing_enabled":true,"_links":{"self":[{"href":"https:\/\/www.all-for-all.de\/index.php?rest_route=\/wp\/v2\/pages\/2883","targetHints":{"allow":["GET"]}}],"collection":[{"href":"https:\/\/www.all-for-all.de\/index.php?rest_route=\/wp\/v2\/pages"}],"about":[{"href":"https:\/\/www.all-for-all.de\/index.php?rest_route=\/wp\/v2\/types\/page"}],"author":[{"embeddable":true,"href":"https:\/\/www.all-for-all.de\/index.php?rest_route=\/wp\/v2\/users\/2"}],"replies":[{"embeddable":true,"href":"https:\/\/www.all-for-all.de\/index.php?rest_route=%2Fwp%2Fv2%2Fcomments&post=2883"}],"version-history":[{"count":0,"href":"https:\/\/www.all-for-all.de\/index.php?rest_route=\/wp\/v2\/pages\/2883\/revisions"}],"wp:attachment":[{"href":"https:\/\/www.all-for-all.de\/index.php?rest_route=%2Fwp%2Fv2%2Fmedia&parent=2883"}],"curies":[{"name":"wp","href":"https:\/\/api.w.org\/{rel}","templated":true}]}}