{"id":2747,"date":"2012-06-17T23:59:32","date_gmt":"2012-06-17T23:59:32","guid":{"rendered":"http:\/\/www.all-for-all.de\/?page_id=2747"},"modified":"2021-09-15T20:17:45","modified_gmt":"2021-09-15T19:17:45","slug":"17-06-2012-batesville-greenville-vicksburg","status":"publish","type":"page","link":"https:\/\/www.all-for-all.de\/?page_id=2747","title":{"rendered":"17.06.2012, Batesville &#8211; Greenville &#8211; Vicksburg"},"content":{"rendered":"<p>Herrlich geschlafen! Tolles Fr\u00fchst\u00fcck! Bestes Wetter!<br \/>\nLaut TomTom\u00a0sollten es lediglich 350km bis Vicksburg sein und wir hatten den ganzen Tag Zeit. Also die Luft im Tank durch Sprit ersetzt und ab gings.<\/p>\n<p style=\"text-align: left;\">Etwa auf halber Strecke nach Vicksburg liegt an einem Seitenarm des Mississippi das kleine St\u00e4dtchen Greenville. Hier haben wir uns ein wenig aus dem Auto heraus umgesehen.<br \/>\nAm Ufer, direkt auf dem betonierten Damm, konnte man parken und einen Blick auf den Seitenarm werfen. Auch hier\u00a0lagen wieder schwimmende Casinos &#8222;vor Anker&#8220;.\u00a0\u00a0<img loading=\"lazy\" decoding=\"async\" class=\"aligncenter wp-image-2759\" title=\"Greenville\" src=\"https:\/\/www.all-for-all.de\/wp-content\/uploads\/2012\/06\/DSC00220_klein.jpg\" alt=\"Greenville\" width=\"1024\" height=\"768\" srcset=\"https:\/\/www.all-for-all.de\/wp-content\/uploads\/2012\/06\/DSC00220_klein.jpg 1024w, https:\/\/www.all-for-all.de\/wp-content\/uploads\/2012\/06\/DSC00220_klein-300x225.jpg 300w, https:\/\/www.all-for-all.de\/wp-content\/uploads\/2012\/06\/DSC00220_klein-400x300.jpg 400w\" sizes=\"auto, (max-width: 1024px) 100vw, 1024px\" \/><\/p>\n<p style=\"text-align: left;\"><img loading=\"lazy\" decoding=\"async\" class=\"aligncenter wp-image-2760\" title=\"Greenville\" src=\"https:\/\/www.all-for-all.de\/wp-content\/uploads\/2012\/06\/DSC00223_klein.jpg\" alt=\"Greenville\" width=\"1024\" height=\"768\" srcset=\"https:\/\/www.all-for-all.de\/wp-content\/uploads\/2012\/06\/DSC00223_klein.jpg 1024w, https:\/\/www.all-for-all.de\/wp-content\/uploads\/2012\/06\/DSC00223_klein-300x225.jpg 300w, https:\/\/www.all-for-all.de\/wp-content\/uploads\/2012\/06\/DSC00223_klein-400x300.jpg 400w\" sizes=\"auto, (max-width: 1024px) 100vw, 1024px\" \/>\u00a0Ziemlich steil hier&#8230;<\/p>\n<p style=\"text-align: center;\"><img loading=\"lazy\" decoding=\"async\" class=\"aligncenter wp-image-2758\" title=\"Greenville\" src=\"https:\/\/www.all-for-all.de\/wp-content\/uploads\/2012\/06\/DSC00226_klein.jpg\" alt=\"Greenville\" width=\"1024\" height=\"768\" srcset=\"https:\/\/www.all-for-all.de\/wp-content\/uploads\/2012\/06\/DSC00226_klein.jpg 1024w, https:\/\/www.all-for-all.de\/wp-content\/uploads\/2012\/06\/DSC00226_klein-300x225.jpg 300w, https:\/\/www.all-for-all.de\/wp-content\/uploads\/2012\/06\/DSC00226_klein-400x300.jpg 400w\" sizes=\"auto, (max-width: 1024px) 100vw, 1024px\" \/><\/p>\n<p>Gem\u00fctlich und ereignislos verlief die weitere Fahrt durch schier endlose Felder bis nach Vicksburg. Bei der Ankunft stoppten wir zuerst am Visitor Center direkt oberhalb des Mississippi.\u00a0Gigantische Aussicht!<\/p>\n<p style=\"text-align: center;\"><img loading=\"lazy\" decoding=\"async\" class=\"aligncenter wp-image-2765\" title=\"Br\u00fccke vor Vicksburg\" src=\"https:\/\/www.all-for-all.de\/wp-content\/uploads\/2012\/06\/DSC00251_klein.jpg\" alt=\"Br\u00fccke vor Vicksburg\" width=\"1024\" height=\"768\" srcset=\"https:\/\/www.all-for-all.de\/wp-content\/uploads\/2012\/06\/DSC00251_klein.jpg 1024w, https:\/\/www.all-for-all.de\/wp-content\/uploads\/2012\/06\/DSC00251_klein-300x225.jpg 300w, https:\/\/www.all-for-all.de\/wp-content\/uploads\/2012\/06\/DSC00251_klein-400x300.jpg 400w\" sizes=\"auto, (max-width: 1024px) 100vw, 1024px\" \/><\/p>\n<p style=\"text-align: center;\"><img loading=\"lazy\" decoding=\"async\" class=\"aligncenter wp-image-2766\" title=\"Auto- und Eisenbahnbr\u00fccke bei Vicksburg\" src=\"https:\/\/www.all-for-all.de\/wp-content\/uploads\/2012\/06\/DSC00269_klein.jpg\" alt=\"Auto- und Eisenbahnbr\u00fccke bei Vicksburg\" width=\"1024\" height=\"768\" srcset=\"https:\/\/www.all-for-all.de\/wp-content\/uploads\/2012\/06\/DSC00269_klein.jpg 1024w, https:\/\/www.all-for-all.de\/wp-content\/uploads\/2012\/06\/DSC00269_klein-300x225.jpg 300w, https:\/\/www.all-for-all.de\/wp-content\/uploads\/2012\/06\/DSC00269_klein-400x300.jpg 400w\" sizes=\"auto, (max-width: 1024px) 100vw, 1024px\" \/><\/p>\n<p style=\"text-align: center;\"><img loading=\"lazy\" decoding=\"async\" class=\"aligncenter wp-image-2767\" title=\"Kanone der S\u00fcdstaatenarmee\" src=\"https:\/\/www.all-for-all.de\/wp-content\/uploads\/2012\/06\/DSC00272_klein.jpg\" alt=\"Kanone der S\u00fcdstaatenarmee\" width=\"1024\" height=\"768\" srcset=\"https:\/\/www.all-for-all.de\/wp-content\/uploads\/2012\/06\/DSC00272_klein.jpg 1024w, https:\/\/www.all-for-all.de\/wp-content\/uploads\/2012\/06\/DSC00272_klein-300x225.jpg 300w, https:\/\/www.all-for-all.de\/wp-content\/uploads\/2012\/06\/DSC00272_klein-400x300.jpg 400w\" sizes=\"auto, (max-width: 1024px) 100vw, 1024px\" \/><\/p>\n<p style=\"text-align: center;\"><img loading=\"lazy\" decoding=\"async\" class=\"aligncenter wp-image-2768\" title=\"Vicksburg Siege\" src=\"https:\/\/www.all-for-all.de\/wp-content\/uploads\/2012\/06\/DSC00273_klein.jpg\" alt=\"Vicksburg Siege\" width=\"1024\" height=\"768\" srcset=\"https:\/\/www.all-for-all.de\/wp-content\/uploads\/2012\/06\/DSC00273_klein.jpg 1024w, https:\/\/www.all-for-all.de\/wp-content\/uploads\/2012\/06\/DSC00273_klein-300x225.jpg 300w, https:\/\/www.all-for-all.de\/wp-content\/uploads\/2012\/06\/DSC00273_klein-400x300.jpg 400w\" sizes=\"auto, (max-width: 1024px) 100vw, 1024px\" \/><\/p>\n<p style=\"text-align: center;\"><img loading=\"lazy\" decoding=\"async\" class=\"aligncenter wp-image-2764\" title=\"Mississippi - The Magnolia State\" src=\"https:\/\/www.all-for-all.de\/wp-content\/uploads\/2012\/06\/DSC00274_klein.jpg\" alt=\"Mississippi - The Magnolia State\" width=\"1024\" height=\"768\" srcset=\"https:\/\/www.all-for-all.de\/wp-content\/uploads\/2012\/06\/DSC00274_klein.jpg 1024w, https:\/\/www.all-for-all.de\/wp-content\/uploads\/2012\/06\/DSC00274_klein-300x225.jpg 300w, https:\/\/www.all-for-all.de\/wp-content\/uploads\/2012\/06\/DSC00274_klein-400x300.jpg 400w\" sizes=\"auto, (max-width: 1024px) 100vw, 1024px\" \/><\/p>\n<p style=\"text-align: left;\">Wir konnten uns kaum satt sehen und blieben hier \u00fcber eine Stunde. Dann wurde es Zeit\u00a0uns nach einer Unterkunft umzusehen.\u00a0In diesem Visitor Center lagen diverse Flyer aus (Sehensw\u00fcrdigkeiten, Restaurants, Hotels, etc. etc). Hier bedienten wir uns und sahen die Unterk\u00fcnfte durch. Wir wollten unbedingt ein Zimmer mit Blick auf den Fluss. Das hat die Auswahl stark eingeschr\u00e4nkt.<br \/>\nUns fiel das &#8222;<a title=\"Diamond Jacks Casino &amp; Hotel\" href=\"http:\/\/www.diamondjacks.com\/dj\/index.php\/en\/vicksburg-homelink\" target=\"_blank\" rel=\"noopener\">Diamond Jacks Casino &amp; Hotel<\/a>&#8220; ins Auge und weil es nur einen Katzensprung entfernt war, fuhren wir direkt hin.<\/p>\n<p style=\"text-align: left;\">Der wirklich gro\u00dfe Parkplatz vor dem Casino\/Hotel war sehr voll und wir hofften, dass die ganzen Menschen nur zum Zocken hier sind.\u00a0Ich ging\u00a0an die Rezeption\u00a0und fragte freundlich nach einem freien Zimmer mit &#8222;Flussblick&#8220;.<br \/>\nDie nette Dame sagte, dass es ihr leid tut aber sie h\u00e4tten nur noch die teuren King oder Queen Suiten frei und fragte ob ich eine haben m\u00f6chte. Bei dem Wort &#8222;teuer&#8220; erschrak ich ein wenig und fragte nach dem Preis&#8230;<br \/>\nDame an der Rezeption: &#8222;sixtynineninetyfiveplustax&#8220;<br \/>\nIch: &#8222;ehrrm &#8230; excuse me what?&#8220;<br \/>\nDame an der Rezeption: &#8222;sixtynine ninetyfive plus tax&#8220;<br \/>\nIch: &#8222;sixtynine ninetyfive plus tax? Are you serious?&#8220; (konnte es nicht glauben)<br \/>\nDame an der Rezeption: *nimmt Kugelschreiber und schreibt* &#8222;69,95 + Tax&#8220;<br \/>\nVermutlich habe ich gegrinst als ich sagte dass wir das Zimmer nehmen&#8230;. <img src=\"https:\/\/www.all-for-all.de\/wp-includes\/images\/smilies\/mrgreen.png\" alt=\":mrgreen:\" class=\"wp-smiley\" style=\"height: 1em; max-height: 1em;\" \/><\/p>\n<p style=\"text-align: left;\">Als wir die Koffer in den dritten Stock zu unserem Zimmer brachten hatte ich dann doch noch ein ungutes Gef\u00fchl. Ein solch g\u00fcnstiges Zimmer muss doch einen Haken haben&#8230;<\/p>\n<p style=\"text-align: left;\">Tja&#8230; nix da. Kein Haken! Es\u00a0ist keine perfekte Luxussuite, das muss man klarstellen. Aber: Tiptop sauber, sch\u00f6ne und gute Betten, ein gro\u00dfes Bad mit Jaccuzi Badewanne und Fernseher +\u00a0eine perfekte Aussicht vom Balkon. Und das f\u00fcr diesen Preis! Was will man mehr?<\/p>\n<p style=\"text-align: center;\"><img loading=\"lazy\" decoding=\"async\" class=\"aligncenter wp-image-2777\" title=\"Reisebegleiter\" src=\"https:\/\/www.all-for-all.de\/wp-content\/uploads\/2012\/06\/DSC00275_klein.jpg\" alt=\"Reisebegleiter\" width=\"1024\" height=\"768\" srcset=\"https:\/\/www.all-for-all.de\/wp-content\/uploads\/2012\/06\/DSC00275_klein.jpg 1024w, https:\/\/www.all-for-all.de\/wp-content\/uploads\/2012\/06\/DSC00275_klein-300x225.jpg 300w, https:\/\/www.all-for-all.de\/wp-content\/uploads\/2012\/06\/DSC00275_klein-400x300.jpg 400w\" sizes=\"auto, (max-width: 1024px) 100vw, 1024px\" \/><\/p>\n<p style=\"text-align: center;\"><img loading=\"lazy\" decoding=\"async\" class=\"aligncenter wp-image-2776\" title=\"Jaccuzi\" src=\"https:\/\/www.all-for-all.de\/wp-content\/uploads\/2012\/06\/DSC00277_klein.jpg\" alt=\"Jaccuzi\" width=\"1024\" height=\"768\" srcset=\"https:\/\/www.all-for-all.de\/wp-content\/uploads\/2012\/06\/DSC00277_klein.jpg 1024w, https:\/\/www.all-for-all.de\/wp-content\/uploads\/2012\/06\/DSC00277_klein-300x225.jpg 300w, https:\/\/www.all-for-all.de\/wp-content\/uploads\/2012\/06\/DSC00277_klein-400x300.jpg 400w\" sizes=\"auto, (max-width: 1024px) 100vw, 1024px\" \/><\/p>\n<p style=\"text-align: center;\"><img loading=\"lazy\" decoding=\"async\" class=\"aligncenter wp-image-2780\" title=\"Aussicht vom Balkon auf den Mississippi\" src=\"https:\/\/www.all-for-all.de\/wp-content\/uploads\/2012\/06\/DSC00281_klein.jpg\" alt=\"Aussicht vom Balkon auf den Mississippi\" width=\"1024\" height=\"768\" srcset=\"https:\/\/www.all-for-all.de\/wp-content\/uploads\/2012\/06\/DSC00281_klein.jpg 1024w, https:\/\/www.all-for-all.de\/wp-content\/uploads\/2012\/06\/DSC00281_klein-300x225.jpg 300w, https:\/\/www.all-for-all.de\/wp-content\/uploads\/2012\/06\/DSC00281_klein-400x300.jpg 400w\" sizes=\"auto, (max-width: 1024px) 100vw, 1024px\" \/><\/p>\n<p style=\"text-align: center;\"><img loading=\"lazy\" decoding=\"async\" class=\"aligncenter wp-image-2779\" title=\"Aussicht vom Balkon auf den Mississippi\" src=\"https:\/\/www.all-for-all.de\/wp-content\/uploads\/2012\/06\/DSC00282_klein.jpg\" alt=\"Aussicht vom Balkon auf den Mississippi\" width=\"1024\" height=\"768\" srcset=\"https:\/\/www.all-for-all.de\/wp-content\/uploads\/2012\/06\/DSC00282_klein.jpg 1024w, https:\/\/www.all-for-all.de\/wp-content\/uploads\/2012\/06\/DSC00282_klein-300x225.jpg 300w, https:\/\/www.all-for-all.de\/wp-content\/uploads\/2012\/06\/DSC00282_klein-400x300.jpg 400w\" sizes=\"auto, (max-width: 1024px) 100vw, 1024px\" \/><\/p>\n<p style=\"text-align: left;\">Weil es noch fr\u00fcher Nachmittag war wollten wir uns noch die Sehensw\u00fcrdigkeiten von Vicksburg ansehen. In dem kleinen Reisef\u00fchrer aus dem Visitor Center wurde uns das <a title=\"&quot;Biedenham Coca Cola Museum&quot;\" href=\"http:\/\/www.biedenharncoca-colamuseum.com\/\" target=\"_blank\" rel=\"noopener\">&#8222;Biedenham Coca Cola Museum&#8220;<\/a> angepriesen.\u00a0In Vicksburg wurde wohl die allererste Flasche Coca Cola abgef\u00fcllt. Hier hatten wir allerdings zu viel erwartet.<br \/>\nWir waren nach knapp 20 Minuten mit dem &#8222;Museum&#8220; durch und die 3 $ Eintritt \u00e4rgern mich im Nachhinein. \ud83d\udc7f\u00a0 Der Krimskrams-Laden schr\u00e4g gegen\u00fcber war da viel interessanter. \ud83d\ude09<\/p>\n<p style=\"text-align: left;\">Vicksburg ist ein sch\u00f6nes kleines St\u00e4dtchen und bietet einen &#8222;scenic drive&#8220;. Wenn man diesen Abf\u00e4hrt, wird man zu alten\u00a0Geb\u00e4uden aus der B\u00fcrgerkriegszeit gef\u00fchrt. Die Fahrt hat richtig Spa\u00df gemacht.<\/p>\n<p style=\"text-align: center;\"><img loading=\"lazy\" decoding=\"async\" class=\"aligncenter wp-image-2786\" title=\"Railroad Station\" src=\"https:\/\/www.all-for-all.de\/wp-content\/uploads\/2012\/06\/DSC00285_klein.jpg\" alt=\"Railroad Station\" width=\"1024\" height=\"768\" srcset=\"https:\/\/www.all-for-all.de\/wp-content\/uploads\/2012\/06\/DSC00285_klein.jpg 1024w, https:\/\/www.all-for-all.de\/wp-content\/uploads\/2012\/06\/DSC00285_klein-300x225.jpg 300w, https:\/\/www.all-for-all.de\/wp-content\/uploads\/2012\/06\/DSC00285_klein-400x300.jpg 400w\" sizes=\"auto, (max-width: 1024px) 100vw, 1024px\" \/><\/p>\n<p style=\"text-align: center;\"><img loading=\"lazy\" decoding=\"async\" class=\"aligncenter wp-image-2787\" title=\"Postwagen\" src=\"https:\/\/www.all-for-all.de\/wp-content\/uploads\/2012\/06\/DSC00286_klein.jpg\" alt=\"Postwagen\" width=\"1024\" height=\"768\" srcset=\"https:\/\/www.all-for-all.de\/wp-content\/uploads\/2012\/06\/DSC00286_klein.jpg 1024w, https:\/\/www.all-for-all.de\/wp-content\/uploads\/2012\/06\/DSC00286_klein-300x225.jpg 300w, https:\/\/www.all-for-all.de\/wp-content\/uploads\/2012\/06\/DSC00286_klein-400x300.jpg 400w\" sizes=\"auto, (max-width: 1024px) 100vw, 1024px\" \/><\/p>\n<p style=\"text-align: center;\"><img loading=\"lazy\" decoding=\"async\" class=\"aligncenter wp-image-2789\" title=\"Vicksburg scenic drive\" src=\"https:\/\/www.all-for-all.de\/wp-content\/uploads\/2012\/06\/DSC00290_klein.jpg\" alt=\"Vicksburg scenic drive\" width=\"1024\" height=\"768\" srcset=\"https:\/\/www.all-for-all.de\/wp-content\/uploads\/2012\/06\/DSC00290_klein.jpg 1024w, https:\/\/www.all-for-all.de\/wp-content\/uploads\/2012\/06\/DSC00290_klein-300x225.jpg 300w, https:\/\/www.all-for-all.de\/wp-content\/uploads\/2012\/06\/DSC00290_klein-400x300.jpg 400w\" sizes=\"auto, (max-width: 1024px) 100vw, 1024px\" \/><\/p>\n<p style=\"text-align: left;\"><img loading=\"lazy\" decoding=\"async\" class=\"wp-image-2790 aligncenter\" title=\"Vicksburg scenic drive\" src=\"https:\/\/www.all-for-all.de\/wp-content\/uploads\/2012\/06\/DSC00298_klein.jpg\" alt=\"Vicksburg scenic drive\" width=\"1024\" height=\"768\" srcset=\"https:\/\/www.all-for-all.de\/wp-content\/uploads\/2012\/06\/DSC00298_klein.jpg 1024w, https:\/\/www.all-for-all.de\/wp-content\/uploads\/2012\/06\/DSC00298_klein-300x225.jpg 300w, https:\/\/www.all-for-all.de\/wp-content\/uploads\/2012\/06\/DSC00298_klein-400x300.jpg 400w\" sizes=\"auto, (max-width: 1024px) 100vw, 1024px\" \/><\/p>\n<p style=\"text-align: center;\"><img loading=\"lazy\" decoding=\"async\" class=\"aligncenter wp-image-2793\" title=\"Vicksburg scenic drive\" src=\"https:\/\/www.all-for-all.de\/wp-content\/uploads\/2012\/06\/DSC00305_klein.jpg\" alt=\"Vicksburg scenic drive\" width=\"1024\" height=\"768\" srcset=\"https:\/\/www.all-for-all.de\/wp-content\/uploads\/2012\/06\/DSC00305_klein.jpg 1024w, https:\/\/www.all-for-all.de\/wp-content\/uploads\/2012\/06\/DSC00305_klein-300x225.jpg 300w, https:\/\/www.all-for-all.de\/wp-content\/uploads\/2012\/06\/DSC00305_klein-400x300.jpg 400w\" sizes=\"auto, (max-width: 1024px) 100vw, 1024px\" \/><\/p>\n<p style=\"text-align: left;\"><img loading=\"lazy\" decoding=\"async\" class=\"aligncenter wp-image-2794\" title=\"Vicksburg scenic drive\" src=\"https:\/\/www.all-for-all.de\/wp-content\/uploads\/2012\/06\/DSC00306_klein.jpg\" alt=\"Vicksburg scenic drive\" width=\"1024\" height=\"768\" srcset=\"https:\/\/www.all-for-all.de\/wp-content\/uploads\/2012\/06\/DSC00306_klein.jpg 1024w, https:\/\/www.all-for-all.de\/wp-content\/uploads\/2012\/06\/DSC00306_klein-300x225.jpg 300w, https:\/\/www.all-for-all.de\/wp-content\/uploads\/2012\/06\/DSC00306_klein-400x300.jpg 400w\" sizes=\"auto, (max-width: 1024px) 100vw, 1024px\" \/><img loading=\"lazy\" decoding=\"async\" class=\"aligncenter wp-image-2792\" title=\"Vicksburg scenic drive\" src=\"https:\/\/www.all-for-all.de\/wp-content\/uploads\/2012\/06\/DSC00307_klein.jpg\" alt=\"Vicksburg scenic drive\" width=\"1024\" height=\"768\" srcset=\"https:\/\/www.all-for-all.de\/wp-content\/uploads\/2012\/06\/DSC00307_klein.jpg 1024w, https:\/\/www.all-for-all.de\/wp-content\/uploads\/2012\/06\/DSC00307_klein-300x225.jpg 300w, https:\/\/www.all-for-all.de\/wp-content\/uploads\/2012\/06\/DSC00307_klein-400x300.jpg 400w\" sizes=\"auto, (max-width: 1024px) 100vw, 1024px\" \/>Nach einem kurzen Blick auf das open-air Battlefield Museum plagte uns der Hunger und wir steuerten ein Wendy`s an. Die Burger waren wieder prima!<\/p>\n<p style=\"text-align: left;\">Obwohl es heute nicht besonders viele Kilometer waren,\u00a0sind wir ziemlich m\u00fcde und zogen uns ins Hotel zur\u00fcck. Der Sonnenuntergang am Mississippi war\u00a0wundersch\u00f6n.<\/p>\n<p style=\"text-align: center;\"><img loading=\"lazy\" decoding=\"async\" class=\"aligncenter wp-image-2796\" title=\"Sonnenuntergang am Mississippi\" src=\"https:\/\/www.all-for-all.de\/wp-content\/uploads\/2012\/06\/DSC00339_klein.jpg\" alt=\"Sonnenuntergang am Mississippi\" width=\"1024\" height=\"576\" srcset=\"https:\/\/www.all-for-all.de\/wp-content\/uploads\/2012\/06\/DSC00339_klein.jpg 1024w, https:\/\/www.all-for-all.de\/wp-content\/uploads\/2012\/06\/DSC00339_klein-300x168.jpg 300w, https:\/\/www.all-for-all.de\/wp-content\/uploads\/2012\/06\/DSC00339_klein-500x281.jpg 500w\" sizes=\"auto, (max-width: 1024px) 100vw, 1024px\" \/><\/p>\n<p style=\"text-align: left;\">Und wenn schon ein Jaccuzi auf dem Zimmer ist, dann sollte man den auch nutzen!\u00a0 <img src=\"https:\/\/www.all-for-all.de\/wp-includes\/images\/smilies\/mrgreen.png\" alt=\":mrgreen:\" class=\"wp-smiley\" style=\"height: 1em; max-height: 1em;\" \/><\/p>\n<p style=\"text-align: left;\">Heute waren es inklusive scenic drive 409,88km<\/p>\n<p style=\"text-align: left;\"><img loading=\"lazy\" decoding=\"async\" class=\"aligncenter size-full wp-image-2800\" src=\"https:\/\/www.all-for-all.de\/wp-content\/uploads\/2012\/06\/Logger13.jpg\" alt=\"Logger13\" width=\"714\" height=\"635\" srcset=\"https:\/\/www.all-for-all.de\/wp-content\/uploads\/2012\/06\/Logger13.jpg 714w, https:\/\/www.all-for-all.de\/wp-content\/uploads\/2012\/06\/Logger13-300x266.jpg 300w, https:\/\/www.all-for-all.de\/wp-content\/uploads\/2012\/06\/Logger13-337x300.jpg 337w\" sizes=\"auto, (max-width: 714px) 100vw, 714px\" \/><img loading=\"lazy\" decoding=\"async\" class=\"aligncenter size-full wp-image-2801\" src=\"https:\/\/www.all-for-all.de\/wp-content\/uploads\/2012\/06\/Logger14.jpg\" alt=\"Logger14\" width=\"816\" height=\"591\" srcset=\"https:\/\/www.all-for-all.de\/wp-content\/uploads\/2012\/06\/Logger14.jpg 816w, https:\/\/www.all-for-all.de\/wp-content\/uploads\/2012\/06\/Logger14-300x217.jpg 300w, https:\/\/www.all-for-all.de\/wp-content\/uploads\/2012\/06\/Logger14-414x300.jpg 414w\" sizes=\"auto, (max-width: 816px) 100vw, 816px\" \/><img loading=\"lazy\" decoding=\"async\" class=\"aligncenter size-full wp-image-2799\" src=\"https:\/\/www.all-for-all.de\/wp-content\/uploads\/2012\/06\/Logger15.jpg\" alt=\"Logger15\" width=\"731\" height=\"523\" srcset=\"https:\/\/www.all-for-all.de\/wp-content\/uploads\/2012\/06\/Logger15.jpg 731w, https:\/\/www.all-for-all.de\/wp-content\/uploads\/2012\/06\/Logger15-300x214.jpg 300w, https:\/\/www.all-for-all.de\/wp-content\/uploads\/2012\/06\/Logger15-419x300.jpg 419w\" sizes=\"auto, (max-width: 731px) 100vw, 731px\" \/><\/p>\n<p style=\"text-align: left;\">Wie weit wir morgen fahren werden wird sich zeigen. Das erste Ziel ist auf jeden Fall Natchez.<\/p>\n<p style=\"text-align: left;\">Nachtrag: Der Weatherchannel hat heute etwas von einem dicken\u00a0tropischen Tief erz\u00e4hlt das Richtung Florida zieht. Das sei f\u00fcr diese Jahreszeit eher ungew\u00f6hnlich&#8230;<\/p>\n<p style=\"text-align: left;\"><span style=\"color: #ff0000; font-size: medium;\"><strong>Hau ab! \ud83d\udc7f <\/strong><\/span><\/p>\n<p style=\"text-align: left;\">Viele Gr\u00fc\u00dfe<br \/>\nJoa<\/p>\n<p style=\"text-align: left;\">Zur\u00fcck zu: <a title=\"16.06.2012, Huntsville \u2013 Memphis \u2013 Batesville\" href=\"https:\/\/www.all-for-all.de\/?page_id=2712\">16.06.2012, Huntsville \u2013 Memphis \u2013 Batesville<\/a><br \/>\nWeiter zu: <a title=\"18.06.2012, Natchez - Baton Rouge - New Orleans\" href=\"https:\/\/www.all-for-all.de\/?page_id=2808\">18.06.2012, Natchez &#8211; Baton Rouge &#8211; New Orleans<\/a><\/p>\n","protected":false},"excerpt":{"rendered":"<p>Herrlich geschlafen! Tolles Fr\u00fchst\u00fcck! Bestes Wetter! Laut TomTom\u00a0sollten es lediglich 350km bis Vicksburg sein und wir hatten den ganzen Tag Zeit. Also die Luft im Tank durch Sprit ersetzt und ab gings. Etwa auf halber Strecke nach Vicksburg liegt an &hellip; <a href=\"https:\/\/www.all-for-all.de\/?page_id=2747\">Weiterlesen <span class=\"meta-nav\">&rarr;<\/span><\/a><\/p>\n","protected":false},"author":2,"featured_media":0,"parent":0,"menu_order":0,"comment_status":"closed","ping_status":"open","template":"","meta":{"footnotes":""},"class_list":["post-2747","page","type-page","status-publish","hentry"],"jetpack_sharing_enabled":true,"_links":{"self":[{"href":"https:\/\/www.all-for-all.de\/index.php?rest_route=\/wp\/v2\/pages\/2747","targetHints":{"allow":["GET"]}}],"collection":[{"href":"https:\/\/www.all-for-all.de\/index.php?rest_route=\/wp\/v2\/pages"}],"about":[{"href":"https:\/\/www.all-for-all.de\/index.php?rest_route=\/wp\/v2\/types\/page"}],"author":[{"embeddable":true,"href":"https:\/\/www.all-for-all.de\/index.php?rest_route=\/wp\/v2\/users\/2"}],"replies":[{"embeddable":true,"href":"https:\/\/www.all-for-all.de\/index.php?rest_route=%2Fwp%2Fv2%2Fcomments&post=2747"}],"version-history":[{"count":1,"href":"https:\/\/www.all-for-all.de\/index.php?rest_route=\/wp\/v2\/pages\/2747\/revisions"}],"predecessor-version":[{"id":5002,"href":"https:\/\/www.all-for-all.de\/index.php?rest_route=\/wp\/v2\/pages\/2747\/revisions\/5002"}],"wp:attachment":[{"href":"https:\/\/www.all-for-all.de\/index.php?rest_route=%2Fwp%2Fv2%2Fmedia&parent=2747"}],"curies":[{"name":"wp","href":"https:\/\/api.w.org\/{rel}","templated":true}]}}