{"id":2712,"date":"2012-06-16T23:59:51","date_gmt":"2012-06-16T22:59:51","guid":{"rendered":"http:\/\/www.all-for-all.de\/?page_id=2712"},"modified":"2014-12-25T23:21:00","modified_gmt":"2014-12-25T22:21:00","slug":"16-06-2012-huntsville-memphis-batesville","status":"publish","type":"page","link":"https:\/\/www.all-for-all.de\/?page_id=2712","title":{"rendered":"16.06.2012, Huntsville &#8211; Memphis &#8211; Batesville"},"content":{"rendered":"<p>Heute Morgen konnten wir noch nicht ahnen, dass alles ein wenig anders als erhofft verlaufen w\u00fcrde&#8230; wieder einmal hatten wir nicht bedacht, dass Wochenende ist.<br \/>\nNooooooooo!!<\/p>\n<p>Der Tag fing\u00a0perfekt an. Super Fr\u00fchst\u00fcck im Hampton Inn,\u00a0aus-checken\u00a0und gleich anschlie\u00dfend auf direktem Weg\u00a0zum U.S. Space und Rocket Center.\u00a0Aus fast\u00a0ganz Huntsville kann man die dort senkrecht stehende Saturn V &#8211;\u00a0Rakete sehen.\u00a0Es handelt sich dabei um ein Modell das nicht ganz im Ma\u00dfstab 1:1 gefertigt wurde. Ein gigantischer Anblick! Uns interessierte wirklich nur die Saturn V und der Giftshop. Alles andere hatten wir schon im Kennedy Space Center in Florida gesehen.<br \/>\nWir kamen dort bereits um kurz vor 08:00 Uhr an und waren ganz alleine dort.<br \/>\nAbsolut beeindruckend&#8230;<\/p>\n<p style=\"text-align: center;\"><img loading=\"lazy\" decoding=\"async\" class=\"aligncenter  wp-image-2719\" title=\"U.S. Space und Rocket Center\" src=\"https:\/\/www.all-for-all.de\/wp-content\/uploads\/2013\/05\/DSC00157_klein.jpg\" alt=\"U.S. Space und Rocket Center\" width=\"1024\" height=\"768\" srcset=\"https:\/\/www.all-for-all.de\/wp-content\/uploads\/2013\/05\/DSC00157_klein.jpg 1024w, https:\/\/www.all-for-all.de\/wp-content\/uploads\/2013\/05\/DSC00157_klein-300x225.jpg 300w, https:\/\/www.all-for-all.de\/wp-content\/uploads\/2013\/05\/DSC00157_klein-400x300.jpg 400w\" sizes=\"auto, (max-width: 1024px) 100vw, 1024px\" \/><\/p>\n<p style=\"text-align: center;\"><img loading=\"lazy\" decoding=\"async\" class=\"aligncenter  wp-image-2720\" title=\"Saturn V\" src=\"https:\/\/www.all-for-all.de\/wp-content\/uploads\/2013\/05\/DSC00168_klein.jpg\" alt=\"Saturn V\" width=\"1024\" height=\"768\" srcset=\"https:\/\/www.all-for-all.de\/wp-content\/uploads\/2013\/05\/DSC00168_klein.jpg 1024w, https:\/\/www.all-for-all.de\/wp-content\/uploads\/2013\/05\/DSC00168_klein-300x225.jpg 300w, https:\/\/www.all-for-all.de\/wp-content\/uploads\/2013\/05\/DSC00168_klein-400x300.jpg 400w\" sizes=\"auto, (max-width: 1024px) 100vw, 1024px\" \/><\/p>\n<p style=\"text-align: center;\"><img loading=\"lazy\" decoding=\"async\" class=\"aligncenter  wp-image-2718\" title=\"Saturn V\" src=\"https:\/\/www.all-for-all.de\/wp-content\/uploads\/2013\/05\/DSC00173_klein.jpg\" alt=\"Saturn V\" width=\"1024\" height=\"768\" srcset=\"https:\/\/www.all-for-all.de\/wp-content\/uploads\/2013\/05\/DSC00173_klein.jpg 1024w, https:\/\/www.all-for-all.de\/wp-content\/uploads\/2013\/05\/DSC00173_klein-300x225.jpg 300w, https:\/\/www.all-for-all.de\/wp-content\/uploads\/2013\/05\/DSC00173_klein-400x300.jpg 400w\" sizes=\"auto, (max-width: 1024px) 100vw, 1024px\" \/><\/p>\n<p>Der Giftshop \u00f6ffnete erst um 09:00 Uhr und ein paar Andenken fanden den Weg in den Einkaufskorb.<\/p>\n<p style=\"text-align: center;\"><img loading=\"lazy\" decoding=\"async\" class=\"aligncenter  wp-image-2722\" title=\"U.S. Space &amp; Rocket Center\" src=\"https:\/\/www.all-for-all.de\/wp-content\/uploads\/2013\/05\/DSC00164_klein.jpg\" alt=\"U.S. Space &amp; Rocket Center\" width=\"1024\" height=\"768\" srcset=\"https:\/\/www.all-for-all.de\/wp-content\/uploads\/2013\/05\/DSC00164_klein.jpg 1024w, https:\/\/www.all-for-all.de\/wp-content\/uploads\/2013\/05\/DSC00164_klein-300x225.jpg 300w, https:\/\/www.all-for-all.de\/wp-content\/uploads\/2013\/05\/DSC00164_klein-400x300.jpg 400w\" sizes=\"auto, (max-width: 1024px) 100vw, 1024px\" \/><\/p>\n<p style=\"text-align: left;\">Nach einem Boxenstopp in einem Walmart Supercenter f\u00fchrte uns der Weg (fast) ohne Unterbrechungen in die Innenstadt von Memphis.<br \/>\nMemphis&#8230; tja&#8230; wir haben vor unserem Urlaub sehr viel Negatives \u00fcber Memphis geh\u00f6rt und gelesen. Vor allem die dort anscheinend sehr hohe Kriminalit\u00e4tsrate lie\u00dfen uns nicht mehr objektiv urteilen. Wir fuhren knapp eine Stunde ziellos durch die Hauptstadt des Blues, auch vorbei an der ber\u00fchmten Beale Street, aber so richtig gefallen hat es uns nicht. Memphis musste sich dem Vergleich mit Nashville stellen&#8230; und verlor deutlich. Es passte einfach nicht.<br \/>\nDa wir nun schon hier waren, wollten wir auf jeden Fall nach Graceland fahren. F\u00fcr die Musik von Elvis Presley sind wir ein klein wenig zu jung. Deshalb war klar, dass wir keine Besichtigung der Villa machen werden. Von au\u00dfen wollten wir das Anwesen aber schon sehen.<br \/>\nGenau als wir dort ankamen fing es an zu regnen. Wir erhaschten einen Blick auf die Villa und schr\u00e4g gegen\u00fcber noch auf die Flugzeuge und das war es mit Memphis.<br \/>\nMag sein, dass wir die Stadt unter ung\u00fcnstigen Voraussetzungen kennen gelernt haben. Mag sein, dass wir durch die falsche Gegend gefahren sind. Wir hatten genug von Memphis gesehen.<img loading=\"lazy\" decoding=\"async\" class=\"aligncenter  wp-image-2727\" title=\"Memphis\" src=\"https:\/\/www.all-for-all.de\/wp-content\/uploads\/2013\/05\/DSC00182_klein.jpg\" alt=\"Memphis\" width=\"1024\" height=\"768\" srcset=\"https:\/\/www.all-for-all.de\/wp-content\/uploads\/2013\/05\/DSC00182_klein.jpg 1024w, https:\/\/www.all-for-all.de\/wp-content\/uploads\/2013\/05\/DSC00182_klein-300x225.jpg 300w, https:\/\/www.all-for-all.de\/wp-content\/uploads\/2013\/05\/DSC00182_klein-400x300.jpg 400w\" sizes=\"auto, (max-width: 1024px) 100vw, 1024px\" \/><\/p>\n<p style=\"text-align: left;\"><img loading=\"lazy\" decoding=\"async\" class=\"aligncenter  wp-image-2728\" title=\"Memphis\" src=\"https:\/\/www.all-for-all.de\/wp-content\/uploads\/2013\/05\/DSC00187_klein.jpg\" alt=\"Memphis\" width=\"1024\" height=\"768\" srcset=\"https:\/\/www.all-for-all.de\/wp-content\/uploads\/2013\/05\/DSC00187_klein.jpg 1024w, https:\/\/www.all-for-all.de\/wp-content\/uploads\/2013\/05\/DSC00187_klein-300x225.jpg 300w, https:\/\/www.all-for-all.de\/wp-content\/uploads\/2013\/05\/DSC00187_klein-400x300.jpg 400w\" sizes=\"auto, (max-width: 1024px) 100vw, 1024px\" \/><img loading=\"lazy\" decoding=\"async\" class=\"aligncenter  wp-image-2726\" title=\"Memphis\" src=\"https:\/\/www.all-for-all.de\/wp-content\/uploads\/2013\/05\/DSC00190_klein.jpg\" alt=\"Memphis\" width=\"1024\" height=\"768\" srcset=\"https:\/\/www.all-for-all.de\/wp-content\/uploads\/2013\/05\/DSC00190_klein.jpg 1024w, https:\/\/www.all-for-all.de\/wp-content\/uploads\/2013\/05\/DSC00190_klein-300x225.jpg 300w, https:\/\/www.all-for-all.de\/wp-content\/uploads\/2013\/05\/DSC00190_klein-400x300.jpg 400w\" sizes=\"auto, (max-width: 1024px) 100vw, 1024px\" \/>Bereits vor unserer Abreise haben wir ganz gute Bewertungen \u00fcber diverse Spielcasino Hotels\/Resorts am Mississippi gelesen. Also fuhren wir zielstrebig aber gem\u00fctlich \u00fcber die Grenze\u00a0des Bundesstaats Mississippi in Richtung dieser Hotels.\u00a0Am ersten Hotel kamen wir am sp\u00e4ten Nachmittag an und waren ein wenig erschrocken. Hier steppte der B\u00e4r! Autoschlangen! Menschenmassen!<br \/>\nSch..!!! Heute ist Samstag!!\u00a0Obwohl es eigentlich klar war, habe ich an der Rezeption nachgefragt. &#8222;No vacancy!&#8220;<br \/>\nAuch am n\u00e4chsten Hotel das gleiche Spiel. Einer der T\u00fcrsteher dort sah unser Autokennzeichen aus Florida und dachte wir w\u00e4ren extra den langen Weg hierher mit dem Auto gekommen. Wir haben ihn in dem Glauben gelassen. Er wollte uns wegen der weiten Anreise helfen ein Zimmer zu finden und hat in einem anderen Hotel angerufen. Wir sollen einfach hinfahren und nachfragen sagte er uns dann. Wir haben uns bedankt und sind abgefahren. Au\u00dfer Sichtweite haben wir dann angehalten und uns beraten&#8230;<br \/>\nHier wollten wir nicht bleiben. Auch wenn wir noch ein Zimmer bekommen w\u00fcrden. Das war uns einfach zu stressig. Also haben wir den altbew\u00e4hrten Walmart Atlas genommen und nach der n\u00e4chst gr\u00f6\u00dferen Ortschaft gesucht. Richtung S\u00fcden war das die Stadt Clarksdale. Laut TomTom knapp 50 Meilen und falls wir unterwegs ein sch\u00f6nes Hotel sehen, dann stoppen wir eben fr\u00fcher. Das war der Plan&#8230;<br \/>\nEtwa auf halber Strecke sah ich nochmals in den Atlas und entdeckte auf der anderen Seite des Mississippi, also bereits in Arkansas, das St\u00e4dtchen &#8222;West Helena&#8220;.<br \/>\n&#8222;St\u00e4dtchen direkt am Mississippi? Da muss es doch Hotels geben!&#8220; (dachte ich mir).<br \/>\nFehler \u00fcber Fehler heute&#8230; Wahnsinn!<br \/>\n&#8222;West Helena&#8220;&#8230; was soll ich schreiben? Wir h\u00e4tten eigentlich schon umdrehen sollen als wir \u00fcber die bauf\u00e4lligste Stra\u00dfe, die\u00a0bauf\u00e4lligste Br\u00fccke die\u00a0wir je gesehen haben, den Mississippi nach Arkansas \u00fcberquerten. Leider haben wir den Zustand der Br\u00fccke nicht auf Bild. Rost, Rost, Rost&#8230;<\/p>\n<p style=\"text-align: center;\"><img loading=\"lazy\" decoding=\"async\" class=\"aligncenter  wp-image-2735\" title=\"Kaputte Stra\u00dfe\" src=\"https:\/\/www.all-for-all.de\/wp-content\/uploads\/2013\/05\/DSC00199_klein.jpg\" alt=\"Kaputte Stra\u00dfe\" width=\"1024\" height=\"768\" srcset=\"https:\/\/www.all-for-all.de\/wp-content\/uploads\/2013\/05\/DSC00199_klein.jpg 1024w, https:\/\/www.all-for-all.de\/wp-content\/uploads\/2013\/05\/DSC00199_klein-300x225.jpg 300w, https:\/\/www.all-for-all.de\/wp-content\/uploads\/2013\/05\/DSC00199_klein-400x300.jpg 400w\" sizes=\"auto, (max-width: 1024px) 100vw, 1024px\" \/><\/p>\n<p style=\"text-align: left;\">Kaum in der Stadt fielen uns die vielen verfallenen und\/oder komplett vernagelten H\u00e4user auf. Autowracks an jeder Ecke und keine Menschenseele zu sehen. Lediglich an einer ebenfalls zugenagelten Tankstelle hingen ein paar zwielichtige Gestalten rum. So stellte ich mir immer die Bronx in den 70ern vor. Es fehlten eigentlich nur die brennenden M\u00fclltonnen. \ud83d\ude2f<br \/>\nOK, klarer Fall&#8230; Raus hier! Aus dem Augenwinkel sah ich rechts in einer Einfahrt einen Trooper stehen. Der gab kaum dass wir vorbei waren Vollgas um uns hinten an der Sto\u00dfstange zu h\u00e4ngen. Er machte aber keine Anstalten uns anzuhalten.<br \/>\nAls ich endlich am rechten Fahrbahnrand einen Platz zum umdrehen\u00a0sah und deshalb langsamer wurde, fuhr der Trooper neben uns und deutete uns dass wir umdrehen sollen. Das Zeichen war eindeutig&#8230;<br \/>\nKeine Ahnung was ich im Nachhinein davon halten soll. Auf jeden Fall bin ich froh, dass es noch nicht dunkel war und dass wir da wieder raus sind.<br \/>\nWest Helena? NEVER AGAIN! \ud83d\udc7f<\/p>\n<p style=\"text-align: left;\">Langsam wurde es sp\u00e4t und wir hatten Hunger. Wir hofften auf das St\u00e4dtchen Clarksdale. Als wir ankamen waren wir erneut entt\u00e4uscht. Obwohl wir nur einen Platz zum Schlafen suchten und es auch ein Hotel gab wollten wir nicht bleiben. Immerhin fanden wir ein Wendy`s und kauften ein paar schnelle Burger die wir im Auto a\u00dfen.<\/p>\n<p style=\"text-align: left;\">Na gut, nun aber mit Plan! Es war bereits 19:00 Uhr vorbei und noch ein Reinfall w\u00e4re echt bl\u00f6d gewesen. Uns war nach dem langen Tag nun nach einem wundersch\u00f6nen Hampton Inn mit einem noch sch\u00f6neren Bett. Die Suche mit dem TomTom ergab, dass das n\u00e4chste Hampton Inn in Batesville liegt. Knapp 40 Meilen oder ca. 1h Fahrzeit.<br \/>\nAlso nichts wie hin!<\/p>\n<p style=\"text-align: left;\">Angekommen, eingecheckt, Ende f\u00fcr heute.<\/p>\n<p style=\"text-align: center;\"><img loading=\"lazy\" decoding=\"async\" class=\"aligncenter  wp-image-2738\" title=\"Gute Nacht!\" src=\"https:\/\/www.all-for-all.de\/wp-content\/uploads\/2013\/05\/DSC00212_klein.jpg\" alt=\"Gute Nacht!\" width=\"1024\" height=\"768\" srcset=\"https:\/\/www.all-for-all.de\/wp-content\/uploads\/2013\/05\/DSC00212_klein.jpg 1024w, https:\/\/www.all-for-all.de\/wp-content\/uploads\/2013\/05\/DSC00212_klein-300x225.jpg 300w, https:\/\/www.all-for-all.de\/wp-content\/uploads\/2013\/05\/DSC00212_klein-400x300.jpg 400w\" sizes=\"auto, (max-width: 1024px) 100vw, 1024px\" \/><\/p>\n<p style=\"text-align: left;\">Fast 13h unterwegs und insgesamt 642,17km gefahren. Muss ich nicht jeden Tag haben. \ud83d\ude09<\/p>\n<p style=\"text-align: center;\"><img loading=\"lazy\" decoding=\"async\" class=\"aligncenter  wp-image-2740\" title=\"GPS Logger\" src=\"https:\/\/www.all-for-all.de\/wp-content\/uploads\/2013\/05\/Logger10.jpg\" alt=\"GPS Logger\" width=\"702\" height=\"351\" srcset=\"https:\/\/www.all-for-all.de\/wp-content\/uploads\/2013\/05\/Logger10.jpg 702w, https:\/\/www.all-for-all.de\/wp-content\/uploads\/2013\/05\/Logger10-300x150.jpg 300w, https:\/\/www.all-for-all.de\/wp-content\/uploads\/2013\/05\/Logger10-500x250.jpg 500w\" sizes=\"auto, (max-width: 702px) 100vw, 702px\" \/><img loading=\"lazy\" decoding=\"async\" class=\"aligncenter size-full wp-image-2741\" title=\"GPS Logger\" src=\"https:\/\/www.all-for-all.de\/wp-content\/uploads\/2013\/05\/Logger11.jpg\" alt=\"GPS Logger\" width=\"547\" height=\"397\" srcset=\"https:\/\/www.all-for-all.de\/wp-content\/uploads\/2013\/05\/Logger11.jpg 547w, https:\/\/www.all-for-all.de\/wp-content\/uploads\/2013\/05\/Logger11-300x217.jpg 300w, https:\/\/www.all-for-all.de\/wp-content\/uploads\/2013\/05\/Logger11-413x300.jpg 413w\" sizes=\"auto, (max-width: 547px) 100vw, 547px\" \/><img loading=\"lazy\" decoding=\"async\" class=\"aligncenter size-full wp-image-2742\" title=\"GPS Logger\" src=\"https:\/\/www.all-for-all.de\/wp-content\/uploads\/2013\/05\/Logger12.jpg\" alt=\"GPS Logger\" width=\"536\" height=\"464\" srcset=\"https:\/\/www.all-for-all.de\/wp-content\/uploads\/2013\/05\/Logger12.jpg 536w, https:\/\/www.all-for-all.de\/wp-content\/uploads\/2013\/05\/Logger12-300x259.jpg 300w, https:\/\/www.all-for-all.de\/wp-content\/uploads\/2013\/05\/Logger12-346x300.jpg 346w\" sizes=\"auto, (max-width: 536px) 100vw, 536px\" \/>Morgen fahren wir nach Vicksburg!<\/p>\n<p style=\"text-align: left;\">Viele Gr\u00fc\u00dfe<br \/>\nJoa<\/p>\n<p style=\"text-align: left;\">Zur\u00fcck zu: <a title=\"15.06.2012, Nashville, Lynchburg und Jack Daniels, Huntsville\" href=\"https:\/\/www.all-for-all.de\/?page_id=2597\">15.06.2012, Nashville, Lynchburg und Jack Daniels, Huntsville<\/a><br \/>\nWeiter zu: <a title=\"17.06.2012, Batesville \u2013 Greenville \u2013 Vicksburg\" href=\"https:\/\/www.all-for-all.de\/?page_id=2747\">17.06.2012, Batesville \u2013 Greenville \u2013 Vicksburg<\/a><\/p>\n","protected":false},"excerpt":{"rendered":"<p>Heute Morgen konnten wir noch nicht ahnen, dass alles ein wenig anders als erhofft verlaufen w\u00fcrde&#8230; wieder einmal hatten wir nicht bedacht, dass Wochenende ist. Nooooooooo!! Der Tag fing\u00a0perfekt an. Super Fr\u00fchst\u00fcck im Hampton Inn,\u00a0aus-checken\u00a0und gleich anschlie\u00dfend auf direktem Weg\u00a0zum &hellip; <a href=\"https:\/\/www.all-for-all.de\/?page_id=2712\">Weiterlesen <span class=\"meta-nav\">&rarr;<\/span><\/a><\/p>\n","protected":false},"author":2,"featured_media":0,"parent":0,"menu_order":0,"comment_status":"closed","ping_status":"open","template":"","meta":{"footnotes":""},"class_list":["post-2712","page","type-page","status-publish","hentry"],"jetpack_sharing_enabled":true,"_links":{"self":[{"href":"https:\/\/www.all-for-all.de\/index.php?rest_route=\/wp\/v2\/pages\/2712","targetHints":{"allow":["GET"]}}],"collection":[{"href":"https:\/\/www.all-for-all.de\/index.php?rest_route=\/wp\/v2\/pages"}],"about":[{"href":"https:\/\/www.all-for-all.de\/index.php?rest_route=\/wp\/v2\/types\/page"}],"author":[{"embeddable":true,"href":"https:\/\/www.all-for-all.de\/index.php?rest_route=\/wp\/v2\/users\/2"}],"replies":[{"embeddable":true,"href":"https:\/\/www.all-for-all.de\/index.php?rest_route=%2Fwp%2Fv2%2Fcomments&post=2712"}],"version-history":[{"count":0,"href":"https:\/\/www.all-for-all.de\/index.php?rest_route=\/wp\/v2\/pages\/2712\/revisions"}],"wp:attachment":[{"href":"https:\/\/www.all-for-all.de\/index.php?rest_route=%2Fwp%2Fv2%2Fmedia&parent=2712"}],"curies":[{"name":"wp","href":"https:\/\/api.w.org\/{rel}","templated":true}]}}