{"id":2459,"date":"2011-08-27T23:59:00","date_gmt":"2011-08-27T23:59:00","guid":{"rendered":"http:\/\/www.all-for-all.de\/?page_id=2459"},"modified":"2013-04-15T17:07:20","modified_gmt":"2013-04-15T17:07:20","slug":"27-08-2011-zusammenfassung","status":"publish","type":"page","link":"https:\/\/www.all-for-all.de\/?page_id=2459","title":{"rendered":"27.08.2011, Zusammenfassung"},"content":{"rendered":"<p>Irgendwie kommt es uns vor als wenn der vergangene Urlaub schon wieder eine Ewigkeit zur\u00fcck liegt.\u00a0Der Arbeitsalltag hat uns wieder fest im Griff.<\/p>\n<p>Die Kreditkartenabrechnungen sind mittlerweile alle eingetroffen und wir konnten keine Fehler feststellen. Und meine aufgeriebenen Nerven wegen dem verlorenen Koffer sind auch wieder in Ordnung. <img src=\"https:\/\/www.all-for-all.de\/wp-includes\/images\/smilies\/mrgreen.png\" alt=\":mrgreen:\" class=\"wp-smiley\" style=\"height: 1em; max-height: 1em;\" \/><\/p>\n<p>Jetzt, mit ein wenig Abstand betrachtet, war es schon extrem viel was wir uns angesehen haben. Irgendwann kann man die ganzen Eindr\u00fccke kaum noch verarbeiten. Wenn wir nicht so viele Fotos geschossen h\u00e4tten, h\u00e4tte ich mich bestimmt an das eine oder andere nie mehr erinnert.<br \/>Vielleicht sollten wir im n\u00e4chsten Urlaub das Verh\u00e4ltnis zwischen Rundreise und Erholung ein wenig \u00e4ndern. Mal sehen &#8230; noch ist viel Zeit bis dahin.<\/p>\n<p>Hier die gesamte per GPS Logger aufgezeichnete Fahrtstrecke:<\/p>\n<p style=\"text-align: center;\"><img loading=\"lazy\" decoding=\"async\" class=\"aligncenter size-full wp-image-2534\" title=\"GPS Logger\" alt=\"GPS Logger\" src=\"https:\/\/www.all-for-all.de\/wp-content\/uploads\/2011\/08\/Logger31.jpg\" width=\"433\" height=\"612\" srcset=\"https:\/\/www.all-for-all.de\/wp-content\/uploads\/2011\/08\/Logger31.jpg 433w, https:\/\/www.all-for-all.de\/wp-content\/uploads\/2011\/08\/Logger31-212x300.jpg 212w\" sizes=\"auto, (max-width: 433px) 100vw, 433px\" \/><\/p>\n<p>Auf dem Kilometerz\u00e4hler des Ford Escape hatten wir bei der Abgabe knapp 5.200 km angesammelt. Ganz grob \u00fcberschlagen sind davon\u00a0ca. 1.500 km nur durch Spazier- und Einkaufsfahrten entstanden. Krass wie sich das summiert. \ud83d\ude09<\/p>\n<p>Kurz und knapp zusammengefasst: Ein echt supertoller Urlaub mit ungl\u00fccklichem Abschluss wegen dem Kofferdebakel. Aber auch das ist ja nun vergessen. Wegen mir kann es schon wieder losgehen. \ud83d\ude09<\/p>\n<p>&nbsp;<\/p>\n<p>Viele Gr\u00fc\u00dfe<br \/>Joa<\/p>\n<p>Zur\u00fcck zu: <a title=\"14.07.2011, Ankunft Koffer\" href=\"https:\/\/www.all-for-all.de\/?page_id=2457\">14.07.2011, Ankunft Koffer<\/a><\/p>\n","protected":false},"excerpt":{"rendered":"<p>Irgendwie kommt es uns vor als wenn der vergangene Urlaub schon wieder eine Ewigkeit zur\u00fcck liegt.\u00a0Der Arbeitsalltag hat uns wieder fest im Griff. Die Kreditkartenabrechnungen sind mittlerweile alle eingetroffen und wir konnten keine Fehler feststellen. Und meine aufgeriebenen Nerven wegen &hellip; <a href=\"https:\/\/www.all-for-all.de\/?page_id=2459\">Weiterlesen <span class=\"meta-nav\">&rarr;<\/span><\/a><\/p>\n","protected":false},"author":2,"featured_media":0,"parent":0,"menu_order":0,"comment_status":"closed","ping_status":"open","template":"","meta":{"footnotes":""},"class_list":["post-2459","page","type-page","status-publish","hentry"],"jetpack_sharing_enabled":true,"_links":{"self":[{"href":"https:\/\/www.all-for-all.de\/index.php?rest_route=\/wp\/v2\/pages\/2459","targetHints":{"allow":["GET"]}}],"collection":[{"href":"https:\/\/www.all-for-all.de\/index.php?rest_route=\/wp\/v2\/pages"}],"about":[{"href":"https:\/\/www.all-for-all.de\/index.php?rest_route=\/wp\/v2\/types\/page"}],"author":[{"embeddable":true,"href":"https:\/\/www.all-for-all.de\/index.php?rest_route=\/wp\/v2\/users\/2"}],"replies":[{"embeddable":true,"href":"https:\/\/www.all-for-all.de\/index.php?rest_route=%2Fwp%2Fv2%2Fcomments&post=2459"}],"version-history":[{"count":0,"href":"https:\/\/www.all-for-all.de\/index.php?rest_route=\/wp\/v2\/pages\/2459\/revisions"}],"wp:attachment":[{"href":"https:\/\/www.all-for-all.de\/index.php?rest_route=%2Fwp%2Fv2%2Fmedia&parent=2459"}],"curies":[{"name":"wp","href":"https:\/\/api.w.org\/{rel}","templated":true}]}}