{"id":2455,"date":"2011-07-10T23:59:11","date_gmt":"2011-07-10T23:59:11","guid":{"rendered":"http:\/\/www.all-for-all.de\/?page_id=2455"},"modified":"2013-05-30T09:39:09","modified_gmt":"2013-05-30T09:39:09","slug":"10-07-2011-landung-koffer-weg-heimfahrt","status":"publish","type":"page","link":"https:\/\/www.all-for-all.de\/?page_id=2455","title":{"rendered":"10.07.2011, Landung, Heimfahrt ohne Koffer"},"content":{"rendered":"<p>Der Flug verlief ohne Zwischenf\u00e4lle und wir landeten p\u00fcnktlich in M\u00fcnchen. Schlafen konnte ich wieder nicht und dementsprechend ger\u00e4dert f\u00fchlte ich mich.<\/p>\n<p>Als wir endlich aus der Maschine waren und am Kofferband standen&#8230; ja da wartete ich wieder einmal vergeblich. Biggy`s Samsonite und unser Trolley waren da, mein Samsonite nicht. Als bereits das Gep\u00e4ck des n\u00e4chsten Flugs auf\u00a0das Band rollte wurde mir klar, dass etwas nicht stimmt.<br \/>Also: Biggy am Gep\u00e4ckband positioniert (falls der Koffer doch noch kommen sollte) und\u00a0ab in das &#8222;Lost baggage&#8220;-B\u00fcro. Hier\u00a0soll man tats\u00e4chlich Nummern ziehen! 6 Schalter die sich nur um verlorenes Gep\u00e4ck k\u00fcmmern mit einer langen Menschenschlange davor. Dazu hatte ich nun beim besten Willen keine Nerven. Ich hab mich einfach ohne Nummer an den n\u00e4chsten freien Schalter gedr\u00e4ngt und mein Problem geschildert. Der freundliche Herr lie\u00df sich meine Gep\u00e4ckquittungen geben, scannte diese ein und sagte mir dann, dass alle Gep\u00e4ckst\u00fccke in M\u00fcnchen ausgeladen worden w\u00e4ren. Ich soll an das Gep\u00e4ckband 18 gehen, dort landen alle Gep\u00e4ckst\u00fccke die irgendwie falsch oder gar nicht verteilt wurden. Das klang schon nicht so schlecht&#8230; aber leider war auch dort mein Koffer nicht.<\/p>\n<p>Gleiches Spiel nochmal. Rein ins B\u00fcro, vorgedr\u00e4ngelt und dann den Lufthansa-Gep\u00e4ckfinder-Mann grimmig angeschaut. Er hat ohne dass ich was sagen musste gleich verstanden dass ich meinen Koffer wohl nicht gefunden habe. Er hat seinen Schalter geschlossen und ist dann mit mir die B\u00e4nder abgelaufen. Geholfen hat das aber auch nichts. Kein Koffer! \ud83d\udc7f<\/p>\n<p>Wieder an seinem Schalter hat er ein weiteres Mal die Gep\u00e4ckquittungen gescannt. Pl\u00f6tzlich war alles anders. Mein Samsonite existiert eigentlich gar nicht. Alles was er sagen kann ist, dass der Koffer nie verladen wurde. Das sei sehr merkw\u00fcrdig und ich solle mich schon mit dem Gedanken anfreunden, dass ich den Koffer niemals wieder sehe. Ich bekam auch gleich ein entsprechendes Formular das ich ausf\u00fcllen soll wenn der Koffer innerhalb von drei Tagen nicht mehr auftaucht. Wir sollen nach Hause fahren und hoffen. Man wird uns anrufen.<br \/>Ich wollte dann noch wissen warum er zuerst behauptet hat dass der Koffer ausgeladen worden w\u00e4re. &#8222;Da habe ich wohl aus Versehen eine Quittung zweimal gescannt&#8220;.<br \/>Ich musste hier schnellstens raus&#8230; \ud83d\udc7f \ud83d\udc7f \ud83d\udc7f<\/p>\n<p>Am Mietwagenschalter von Europcar sollte es gleich weiter gehen. Weil unsere Landung mittlerweile mehr wie 2 Stunden zur\u00fcck lag,\u00a0war unsere Mietwagenreservierung weg. Wir hatten Golfklasse gebucht. In der Klasse war kein Fahrzeug mehr da. Man bot uns f\u00fcr das gleiche Geld einen Renault Kangoo an. Als ich ihn fragte ob er mich verarschen will reagierte er wenigstens professionell und gab uns &#8222;ausnahmsweise&#8220; einen Opel Vectra f\u00fcr das gleiche Geld. <br \/>Danke, zu g\u00fctig!<\/p>\n<p>Immerhin gab es auf der Heimfahrt keine weiteren Probleme. Den Vectra haben wir gleich bei Europacar abgestellt, haben uns ein Taxi kommen lassen und waren dann endlich nach 26 Stunden (nach Verlassen des Hauses in Cape Coral) zu Hause.<\/p>\n<p>Hoffentlich taucht der Koffer wieder auf. Ich bin mir mittlerweile sicher, dass der Koffer in Fort Myers wieder ausgeladen wurde weil ich offiziell gar nie in dem Flugzeug sa\u00df. Ein Koffer darf ja laut Gesetz ohne dazugeh\u00f6renden Passagier nicht fliegen. Nach dem ganzen Ticketchaos muss das so gelaufen sein. Meine Fresse!<br \/>Und damit das amtlich ist: Das war mein absolut letzter Flug mit US Airways. Was uns mit dem Pennerverein schon alles passiert ist sprengt ein Buch. Lieber bleibe ich k\u00fcnftig zu Hause. NIE MEHR!<\/p>\n<p>Die Koffer die mitgeflogen sind, sind nun ausgepackt und\u00a0die erste Waschmaschine l\u00e4uft. Mal sehen wie lange wir uns heute wach halten k\u00f6nnen. \ud83d\ude00<\/p>\n<p>Geflogene Kilometer von Charlotte nach M\u00fcnchen: 7460,07<\/p>\n<p style=\"text-align: center;\"><img loading=\"lazy\" decoding=\"async\" class=\"aligncenter  wp-image-2480\" title=\"GPS Logger\" alt=\"GPS Logger\" src=\"https:\/\/www.all-for-all.de\/wp-content\/uploads\/2011\/07\/Logger28.jpg\" width=\"684\" height=\"330\" srcset=\"https:\/\/www.all-for-all.de\/wp-content\/uploads\/2011\/07\/Logger28.jpg 684w, https:\/\/www.all-for-all.de\/wp-content\/uploads\/2011\/07\/Logger28-300x144.jpg 300w, https:\/\/www.all-for-all.de\/wp-content\/uploads\/2011\/07\/Logger28-500x241.jpg 500w\" sizes=\"auto, (max-width: 684px) 100vw, 684px\" \/><\/p>\n<p style=\"text-align: center;\"><img loading=\"lazy\" decoding=\"async\" class=\"aligncenter size-full wp-image-2481\" title=\"GPS Logger\" alt=\"GPS Logger\" src=\"https:\/\/www.all-for-all.de\/wp-content\/uploads\/2011\/07\/Logger29.jpg\" width=\"520\" height=\"353\" srcset=\"https:\/\/www.all-for-all.de\/wp-content\/uploads\/2011\/07\/Logger29.jpg 520w, https:\/\/www.all-for-all.de\/wp-content\/uploads\/2011\/07\/Logger29-300x203.jpg 300w, https:\/\/www.all-for-all.de\/wp-content\/uploads\/2011\/07\/Logger29-441x300.jpg 441w\" sizes=\"auto, (max-width: 520px) 100vw, 520px\" \/><\/p>\n<p style=\"text-align: center;\"><img loading=\"lazy\" decoding=\"async\" class=\"aligncenter size-full wp-image-2482\" title=\"GPS Logger\" alt=\"GPS Logger\" src=\"https:\/\/www.all-for-all.de\/wp-content\/uploads\/2011\/07\/Logger30.jpg\" width=\"569\" height=\"434\" srcset=\"https:\/\/www.all-for-all.de\/wp-content\/uploads\/2011\/07\/Logger30.jpg 569w, https:\/\/www.all-for-all.de\/wp-content\/uploads\/2011\/07\/Logger30-300x228.jpg 300w, https:\/\/www.all-for-all.de\/wp-content\/uploads\/2011\/07\/Logger30-393x300.jpg 393w\" sizes=\"auto, (max-width: 569px) 100vw, 569px\" \/><\/p>\n<p>Viele Gr\u00fc\u00dfe<br \/>Joa<\/p>\n<p>P.S.: Die Haut an meinem R\u00fccken geht mittlerweile in gro\u00dfen Fetzen ab. \ud83d\ude25<\/p>\n<p>Zur\u00fcck zu: <a title=\"09.07.2011, Haus\u00fcbergabe und Heimflug\" href=\"https:\/\/www.all-for-all.de\/?page_id=2452\">09.07.2011, Haus\u00fcbergabe und Heimflug<\/a><br \/>Weiter zu: <a title=\"14.07.2011, Ankunft Koffer\" href=\"https:\/\/www.all-for-all.de\/?page_id=2457\">14.07.2011, Ankunft Koffer<\/a><\/p>\n","protected":false},"excerpt":{"rendered":"<p>Der Flug verlief ohne Zwischenf\u00e4lle und wir landeten p\u00fcnktlich in M\u00fcnchen. Schlafen konnte ich wieder nicht und dementsprechend ger\u00e4dert f\u00fchlte ich mich. Als wir endlich aus der Maschine waren und am Kofferband standen&#8230; ja da wartete ich wieder einmal vergeblich. &hellip; <a href=\"https:\/\/www.all-for-all.de\/?page_id=2455\">Weiterlesen <span class=\"meta-nav\">&rarr;<\/span><\/a><\/p>\n","protected":false},"author":2,"featured_media":0,"parent":0,"menu_order":0,"comment_status":"closed","ping_status":"open","template":"","meta":{"footnotes":""},"class_list":["post-2455","page","type-page","status-publish","hentry"],"jetpack_sharing_enabled":true,"_links":{"self":[{"href":"https:\/\/www.all-for-all.de\/index.php?rest_route=\/wp\/v2\/pages\/2455","targetHints":{"allow":["GET"]}}],"collection":[{"href":"https:\/\/www.all-for-all.de\/index.php?rest_route=\/wp\/v2\/pages"}],"about":[{"href":"https:\/\/www.all-for-all.de\/index.php?rest_route=\/wp\/v2\/types\/page"}],"author":[{"embeddable":true,"href":"https:\/\/www.all-for-all.de\/index.php?rest_route=\/wp\/v2\/users\/2"}],"replies":[{"embeddable":true,"href":"https:\/\/www.all-for-all.de\/index.php?rest_route=%2Fwp%2Fv2%2Fcomments&post=2455"}],"version-history":[{"count":0,"href":"https:\/\/www.all-for-all.de\/index.php?rest_route=\/wp\/v2\/pages\/2455\/revisions"}],"wp:attachment":[{"href":"https:\/\/www.all-for-all.de\/index.php?rest_route=%2Fwp%2Fv2%2Fmedia&parent=2455"}],"curies":[{"name":"wp","href":"https:\/\/api.w.org\/{rel}","templated":true}]}}