{"id":2452,"date":"2011-07-09T23:59:48","date_gmt":"2011-07-09T23:59:48","guid":{"rendered":"http:\/\/www.all-for-all.de\/?page_id=2452"},"modified":"2013-04-18T19:34:32","modified_gmt":"2013-04-18T19:34:32","slug":"09-07-2011-hausubergabe-und-heimflug","status":"publish","type":"page","link":"https:\/\/www.all-for-all.de\/?page_id=2452","title":{"rendered":"09.07.2011, Haus\u00fcbergabe und Heimflug"},"content":{"rendered":"<p>Nach ein paar Apfel- und Kirschtaschen aus unserem K\u00fchlschrank und einem Kaffee kam wie besprochen die Hausverwalterin. Die \u00dcbergabe war reine Formsache.<\/p>\n<p>Der Flughafen war schnell erreicht und der gute treue Ford Escape war kurz darauf auch weg.\u00a0Bei der Aufgabe des Gep\u00e4cks\u00a0wollte wie im Jahr zuvor niemand Geld oder eine Kreditkarte f\u00fcr den zus\u00e4tzlichen Trolley.<br \/>Der letzte Caramel Macchiato war auch irgendwann getrunken und wir passierten die endlos nervige Sicherheitsschleuse. An unserem Abfluggate war es zwar voll aber alles lief normal. <br \/>&#8222;Normal&#8220; leider nur so lange bis die wirklich <span style=\"text-decoration: underline;\">total bescheuerten<\/span> Mitarbeiter von US Airways ein heilloses Chaos anrichteten.<br \/>Zuerst wurde per Lautsprecher gefragt ob jemand freiwillig auf seinen Flug verzichtet. Die Maschine ist \u00fcberbucht und sie brauchen 15 (!!!!) Freiwillige. Die w\u00fcrden sofort ein Shuttle in ein Hotel bekommen und dann morgen den Flug antreten k\u00f6nnen. F\u00fcr uns war das in gar keinem Fall eine Option. Wir hatten in Charlotte unseren Anschlussflug nach M\u00fcnchen. <br \/>Als sich nach mehrmaliger Nachfrage niemand meldete, wurden die wartenden Flugg\u00e4ste einzeln direkt angesprochen. Scheinbar hatten sie dann aber zu viele die auf ihren Flug verzichten wollten und das ergab am Boardingschalter endlose Verwirrungen und wilde Diskussionen. Am Ende wusste irgendwie keiner mehr wer nun bleibt oder wer fliegt. Das war aber noch lange nicht das Ende. \ud83d\udc7f <br \/>Wir waren schon etwa 30 Minuten \u00fcber der Boardingzeit als mein Name aufgerufen wurde. Am Boardingschalter wurde mir dann mitgeteilt, dass ich meinen Platz hergeben muss. Wir hatten Sitze direkt am Notausstieg und dort sollte jetzt ein behindertes Kind mit Rollstuhl samt seinem Betreuer sitzen. Nicht, dass ich f\u00fcr ein behindertes Kind keinen Platz machen w\u00fcrde aber so weit ich informiert bin, d\u00fcrfen an den Notausstiegen nur Menschen ohne k\u00f6rperliche Gebrechen sitzen. Die sollen im Fall der F\u00e4lle den anderen Passagieren beim Notausstieg helfen. Ein Kind im oder mit Rollstuhl ist hier sicher hinderlich. Meine Bedenken hat die v\u00f6llig \u00fcberforderte Frau \u00fcberhaupt nicht interessiert. <br \/>Aber ok &#8230; ich wollte dann zustimmen, wenn Biggy auch versetzt wird und einen Platz neben mir bekommt. Auch das war anscheinend nicht m\u00f6glich und <span style=\"text-decoration: underline;\">ICH<\/span> sollte doch bitte im Flugzeug bei den anderen Passagieren nachfragen ob jemand tauschen w\u00fcrde.<br \/>Alle weiteren Einw\u00e4nde und Proteste wurden komplett ignoriert und\u00a0mir wurde das dann zu bl\u00f6d. Und weil wir schon eine Stunde Versp\u00e4tung hatten, willigte ich ein.<br \/>Als dann endlich das Boarding begann und ich mein Ticket vorlegte, ert\u00f6nte immer nur ein komisches &#8222;piepen&#8220; aus dem Scanner. Die gleiche hirnamputierte Dame die mir\u00a0kurz vorher den Platz weggenommen hatte, hat irgendwo Mist gebaut. Und genau das schaffte sie dann nicht im Computer wieder gerade zu r\u00fccken. Angeblich sei der Computer abgest\u00fcrzt.\u00a0Sie hat mir dann mit einem ROTEN STIFT meine Sitzplatz-nummer auf mein altes Ticket gemalt.<br \/>Willkommen im Jahr 2011!!<\/p>\n<p>Mit 1,5 Stunden Versp\u00e4tung starteten wir Richtung Charlotte. Immerhin hatten wir dann ein wenig Gl\u00fcck. Neben mir sa\u00dfen zwei Flugbegleiter (warum auch immer) und einer davon war sofort bereit mit Biggy den Platz zu tauschen.<\/p>\n<p style=\"text-align: center;\"><img loading=\"lazy\" decoding=\"async\" class=\"aligncenter size-full wp-image-2478\" title=\"GPS Logger\" alt=\"GPS Logger\" src=\"https:\/\/www.all-for-all.de\/wp-content\/uploads\/2011\/07\/Logger27.jpg\" width=\"370\" height=\"665\" \/><\/p>\n<p>Geflogene Kilometer von Fort Myers nach Charlotte: 1086,89<br \/>Der Anschlussflug mit der Lufthansa ging p\u00fcnktlich los und die Landung soll ebenfalls p\u00fcnktlich sein. Wir fliegen wieder in die Nacht&#8230;<\/p>\n<p>Viele Gr\u00fc\u00dfe<br \/>Joa<\/p>\n<p>Zur\u00fcck zu: <a title=\"08.07.2011, Das letzte Space Shuttle, letzter Urlaubstag\" href=\"https:\/\/www.all-for-all.de\/?page_id=2440\">08.07.2011, Das letzte Space Shuttle, letzter Urlaubstag<\/a><br \/>Weiter zu: <a title=\"10.07.2011, Landung, Heimfahrt ohne Koffer\" href=\"https:\/\/www.all-for-all.de\/?page_id=2455\">10.07.2011, Landung, Heimfahrt ohne Koffer<\/a><\/p>\n","protected":false},"excerpt":{"rendered":"<p>Nach ein paar Apfel- und Kirschtaschen aus unserem K\u00fchlschrank und einem Kaffee kam wie besprochen die Hausverwalterin. Die \u00dcbergabe war reine Formsache. Der Flughafen war schnell erreicht und der gute treue Ford Escape war kurz darauf auch weg.\u00a0Bei der Aufgabe &hellip; <a href=\"https:\/\/www.all-for-all.de\/?page_id=2452\">Weiterlesen <span class=\"meta-nav\">&rarr;<\/span><\/a><\/p>\n","protected":false},"author":2,"featured_media":0,"parent":0,"menu_order":0,"comment_status":"closed","ping_status":"open","template":"","meta":{"footnotes":""},"class_list":["post-2452","page","type-page","status-publish","hentry"],"jetpack_sharing_enabled":true,"_links":{"self":[{"href":"https:\/\/www.all-for-all.de\/index.php?rest_route=\/wp\/v2\/pages\/2452","targetHints":{"allow":["GET"]}}],"collection":[{"href":"https:\/\/www.all-for-all.de\/index.php?rest_route=\/wp\/v2\/pages"}],"about":[{"href":"https:\/\/www.all-for-all.de\/index.php?rest_route=\/wp\/v2\/types\/page"}],"author":[{"embeddable":true,"href":"https:\/\/www.all-for-all.de\/index.php?rest_route=\/wp\/v2\/users\/2"}],"replies":[{"embeddable":true,"href":"https:\/\/www.all-for-all.de\/index.php?rest_route=%2Fwp%2Fv2%2Fcomments&post=2452"}],"version-history":[{"count":0,"href":"https:\/\/www.all-for-all.de\/index.php?rest_route=\/wp\/v2\/pages\/2452\/revisions"}],"wp:attachment":[{"href":"https:\/\/www.all-for-all.de\/index.php?rest_route=%2Fwp%2Fv2%2Fmedia&parent=2452"}],"curies":[{"name":"wp","href":"https:\/\/api.w.org\/{rel}","templated":true}]}}