{"id":2420,"date":"2011-07-06T23:59:23","date_gmt":"2011-07-06T23:59:23","guid":{"rendered":"http:\/\/www.all-for-all.de\/?page_id=2420"},"modified":"2013-04-15T16:18:51","modified_gmt":"2013-04-15T16:18:51","slug":"06-07-2011-ausflug-nach-sanibel-island","status":"publish","type":"page","link":"https:\/\/www.all-for-all.de\/?page_id=2420","title":{"rendered":"06.07.2011, Ausflug nach Sanibel Island"},"content":{"rendered":"<p>Heute Morgen hat es geregnet und es sah auch nicht danach aus, als ob es bald aufh\u00f6ren w\u00fcrde. Wir beschlossen, dass wir nach dem gem\u00fctlichen Brunch nach Sanibel cruisen und dort &#8222;unseren&#8220; T-Shirt Laden st\u00fcrmen.<\/p>\n<p>Dort kamen wir gegen 13:00\u00a0Uhr an und haben reichlich eingekauft. Prima T-Shirts mit coolen als auch lustigen Motiven. Nicht ganz so\u00a0g\u00fcnstig wie im Walmart&#8230;\u00a0 \ud83d\ude09<\/p>\n<p>Wir hatten unsere Badeklamotten dabei aber das Wetter wollte nicht besser werden. Schade&#8230; \ud83d\ude41 <br \/>Auf dem R\u00fcckweg stolperten wir nochmals\u00a0in die\u00a0Tanger Outlets. Ich wollte mir ein paar Crocs anschauen. Die Crocs waren zwar im Laden, kosteten aber mehr wie bei einem bekannten Onlineh\u00e4ndler. Tja, dann halt nicht.<\/p>\n<p>Aus dem Publix haben wir uns noch ein paar feine Steaks f\u00fcr den Grill besorgt.<br \/>Es war schon wieder 18:00 Uhr als wir an unserem Haus ankamen. Wahnsinn wie die Zeit vergeht.<\/p>\n<p>Viele Gr\u00fc\u00dfe<br \/>Joa<\/p>\n<p>Zur\u00fcck zu: <a title=\"05.07.2011, Faulenzen und kleinere Eink\u00e4ufe\" href=\"https:\/\/www.all-for-all.de\/?page_id=2416\">05.07.2011, Faulenzen und kleinere Eink\u00e4ufe<\/a><br \/>Weiter zu: <a title=\"07.07.2011, Caspersen Beach, versteinerte Haifischz\u00e4hne, Sonnenbrand!\" href=\"https:\/\/www.all-for-all.de\/?page_id=2424\">07.07.2011, Caspersen Beach, versteinerte Haifischz\u00e4hne, Sonnenbrand!<\/a><\/p>\n","protected":false},"excerpt":{"rendered":"<p>Heute Morgen hat es geregnet und es sah auch nicht danach aus, als ob es bald aufh\u00f6ren w\u00fcrde. Wir beschlossen, dass wir nach dem gem\u00fctlichen Brunch nach Sanibel cruisen und dort &#8222;unseren&#8220; T-Shirt Laden st\u00fcrmen. Dort kamen wir gegen 13:00\u00a0Uhr &hellip; <a href=\"https:\/\/www.all-for-all.de\/?page_id=2420\">Weiterlesen <span class=\"meta-nav\">&rarr;<\/span><\/a><\/p>\n","protected":false},"author":2,"featured_media":0,"parent":0,"menu_order":0,"comment_status":"closed","ping_status":"open","template":"","meta":{"footnotes":""},"class_list":["post-2420","page","type-page","status-publish","hentry"],"jetpack_sharing_enabled":true,"_links":{"self":[{"href":"https:\/\/www.all-for-all.de\/index.php?rest_route=\/wp\/v2\/pages\/2420","targetHints":{"allow":["GET"]}}],"collection":[{"href":"https:\/\/www.all-for-all.de\/index.php?rest_route=\/wp\/v2\/pages"}],"about":[{"href":"https:\/\/www.all-for-all.de\/index.php?rest_route=\/wp\/v2\/types\/page"}],"author":[{"embeddable":true,"href":"https:\/\/www.all-for-all.de\/index.php?rest_route=\/wp\/v2\/users\/2"}],"replies":[{"embeddable":true,"href":"https:\/\/www.all-for-all.de\/index.php?rest_route=%2Fwp%2Fv2%2Fcomments&post=2420"}],"version-history":[{"count":0,"href":"https:\/\/www.all-for-all.de\/index.php?rest_route=\/wp\/v2\/pages\/2420\/revisions"}],"wp:attachment":[{"href":"https:\/\/www.all-for-all.de\/index.php?rest_route=%2Fwp%2Fv2%2Fmedia&parent=2420"}],"curies":[{"name":"wp","href":"https:\/\/api.w.org\/{rel}","templated":true}]}}