{"id":2400,"date":"2011-07-02T23:59:32","date_gmt":"2011-07-02T23:59:32","guid":{"rendered":"http:\/\/www.all-for-all.de\/?page_id=2400"},"modified":"2013-04-14T21:07:40","modified_gmt":"2013-04-14T21:07:40","slug":"02-07-2011-shopping","status":"publish","type":"page","link":"https:\/\/www.all-for-all.de\/?page_id=2400","title":{"rendered":"02.07.2011, Shopping"},"content":{"rendered":"<p>Wieder hatten wir einen herrlichen Brunch heute. Alles passt, so muss es sein. Wenn nur das Wetter\u00a0besser mitspielen w\u00fcrde. Seit wir hier sind ist es \u00fcberwiegend bew\u00f6lkt.<\/p>\n<p>Obwohl wir nicht besonders viel Lust hatten, nutzten wir die Bew\u00f6lkung zum Shopping. <br \/>Miromar und Tanger Outlet haben fast den ganzen Tag aufgefressen. Daf\u00fcr haben wir aber auch ordentlich eingekauft. Diverse Schuhe, einige T-Shirts, mehrere Jeans und andere Dinge landeten im Ford. Immer sch\u00f6n auf die die 430,- \u20ac &#8211; Grenze achten. <img src=\"https:\/\/www.all-for-all.de\/wp-includes\/images\/smilies\/mrgreen.png\" alt=\":mrgreen:\" class=\"wp-smiley\" style=\"height: 1em; max-height: 1em;\" \/><\/p>\n<p>Das Walmart Supercenter in Cape Coral war die n\u00e4chste Station. Wenn es um g\u00fcnstige T-Shirts, Unterw\u00e4sche oder Socken f\u00fcr die Arbeit geht, dann f\u00fchrt hier kein Weg vorbei. Beispielsweise ein 5er Pack einfarbige T-Shirts von Fruit of the Loom f\u00fcr 7,99 USD ist fast unschlagbar. Die Qualit\u00e4t ist manchmal besser wie von sogenannten Marken T-Shirts.<\/p>\n<p>Abschlie\u00dfend mussten wir nochmals zu Publix. Wir hatten keinen Bacon mehr, der Zucker wurde knapp und wir hatten vorgestern nur einen sixpack Budweiser gekauft. Der w\u00e4re dann heute Abend verbraucht gewesen.<\/p>\n<p>Heute gab es wieder leckere selbstgemachte Burger und ruckzuck war der Tag vorbei.<\/p>\n<p>&nbsp;<\/p>\n<p>Viele Gr\u00fc\u00dfe<br \/>Joa<\/p>\n<p>Zur\u00fcck zu: <a title=\"01.07.2011, kleine M\u00e4ngel am Haus\" href=\"https:\/\/www.all-for-all.de\/?page_id=2392\">01.07.2011, kleine M\u00e4ngel am Haus<\/a><br \/>Weiter zu: <a title=\"03.07.2011, Faulenzen und den Tag genie\u00dfen\" href=\"https:\/\/www.all-for-all.de\/?page_id=2406\">03.07.2011, Faulenzen und den Tag genie\u00dfen<\/a><\/p>\n","protected":false},"excerpt":{"rendered":"<p>Wieder hatten wir einen herrlichen Brunch heute. Alles passt, so muss es sein. Wenn nur das Wetter\u00a0besser mitspielen w\u00fcrde. Seit wir hier sind ist es \u00fcberwiegend bew\u00f6lkt. Obwohl wir nicht besonders viel Lust hatten, nutzten wir die Bew\u00f6lkung zum Shopping. &hellip; <a href=\"https:\/\/www.all-for-all.de\/?page_id=2400\">Weiterlesen <span class=\"meta-nav\">&rarr;<\/span><\/a><\/p>\n","protected":false},"author":2,"featured_media":0,"parent":0,"menu_order":0,"comment_status":"closed","ping_status":"open","template":"","meta":{"footnotes":""},"class_list":["post-2400","page","type-page","status-publish","hentry"],"jetpack_sharing_enabled":true,"_links":{"self":[{"href":"https:\/\/www.all-for-all.de\/index.php?rest_route=\/wp\/v2\/pages\/2400","targetHints":{"allow":["GET"]}}],"collection":[{"href":"https:\/\/www.all-for-all.de\/index.php?rest_route=\/wp\/v2\/pages"}],"about":[{"href":"https:\/\/www.all-for-all.de\/index.php?rest_route=\/wp\/v2\/types\/page"}],"author":[{"embeddable":true,"href":"https:\/\/www.all-for-all.de\/index.php?rest_route=\/wp\/v2\/users\/2"}],"replies":[{"embeddable":true,"href":"https:\/\/www.all-for-all.de\/index.php?rest_route=%2Fwp%2Fv2%2Fcomments&post=2400"}],"version-history":[{"count":0,"href":"https:\/\/www.all-for-all.de\/index.php?rest_route=\/wp\/v2\/pages\/2400\/revisions"}],"wp:attachment":[{"href":"https:\/\/www.all-for-all.de\/index.php?rest_route=%2Fwp%2Fv2%2Fmedia&parent=2400"}],"curies":[{"name":"wp","href":"https:\/\/api.w.org\/{rel}","templated":true}]}}