{"id":2076,"date":"2012-04-20T23:59:58","date_gmt":"2012-04-20T23:59:58","guid":{"rendered":"http:\/\/www.all-for-all.de\/?page_id=2076"},"modified":"2014-12-21T13:03:40","modified_gmt":"2014-12-21T12:03:40","slug":"vorplanung-fur-2012","status":"publish","type":"page","link":"https:\/\/www.all-for-all.de\/?page_id=2076","title":{"rendered":"Von St Louis nach New Orleans + Florida"},"content":{"rendered":"<p>Das Grundger\u00fcst\u00a0f\u00fcr den Urlaub 2012 war ungew\u00f6hnlich schnell erstellt. Es soll von St. Louis immer (mehr oder weniger) am Misssissippi entlang &#8222;runter&#8220; bis nach New Orleans gehen. Ab dort geht es per Inlandsflug nach Orlando und von dort mit dem Auto nach Cape Coral in eine Mietvilla. Die Eckdaten\u00a0sind wegen den Fl\u00fcgen\u00a0fix aber alle Stationen dazwischen sind uns und unserer Laune \u00fcberlassen.<br \/>\nAnfangs standen die Flugtermine nur grob fest. Wir mussten erst nach passenden Fl\u00fcgen suchen und diese dann wiederum mit unseren Arbeitgebern abstimmen.<\/p>\n<p>Anfang M\u00e4rz war es dann so weit. Die Fl\u00fcge mit der Lufthansa von M\u00fcnchen \u00fcber Charlotte nach St. Louis sowie von Fort Myers \u00fcber Charlotte\u00a0zur\u00fcck nach M\u00fcnchen waren gebucht und die Urlaubsantr\u00e4ge waren genehmigt.<\/p>\n<p>Mitte M\u00e4rz waren die beiden Mietw\u00e4gen \u00fcber Arno Schuermann und seinen Internetauftritt <a href=\"http:\/\/www.amerika-mietwagen.de\/\">http:\/\/www.amerika-mietwagen.de\/<\/a>\u00a0gebucht. Arno hat es wirklich drauf!<br \/>\nDie Mietvilla war auch unter Dach und Fach. Wie letztes Jahr haben wir das gleiche Haus \u00fcber den gleichen Anbieter gemietet: <a href=\"http:\/\/www.traum-urlaub-florida.de\/luxusvillen\/cape-coral.html\">http:\/\/www.traum-urlaub-florida.de\/luxusvillen\/cape-coral.html<\/a><\/p>\n<p>Es h\u00e4tte alles so gut sein k\u00f6nnen &#8230;<br \/>\nDen Inlandsflug von New Orleans nach Orlando haben wir online \u00fcber <a href=\"http:\/\/www.fluege.de\/\">http:\/\/www.fluege.de\/<\/a>\u00a0gebucht und direkt im Anschluss eine Email mit der Best\u00e4tigung erhalten. Es war der Hinweis in der Email, dass dies keine Buchungsbest\u00e4tigung ist. Man erhalte diese aber in aller Regel 24h nach der Buchung.<br \/>\nAls dann 3 Tage sp\u00e4ter noch immer nichts da war, haben wir telefonisch nachgefragt.<br \/>\nErst hie\u00df es, dass die Best\u00e4tigung bald eintreffen m\u00fcsste, doch dann erhielten wir eine Email mit folgendem Inhalt:<br \/>\n<span style=\"text-decoration: underline;\"><em>Sehr geehrte Damen und Herren,<\/em><\/span><br \/>\n<span style=\"text-decoration: underline;\"><em>vielen Dank f\u00fcr Ihre Buchungsanfrage\u00a0xxxxxxxxx und das uns entgegengebrachte Vertrauen.<\/em><\/span><br \/>\n<span style=\"text-decoration: underline;\"><em>Der Teufel steckt <\/em><\/span><span style=\"text-decoration: underline;\"><em>im Detail und leider kann es hin und wieder zu technischen Problemen kommen. <\/em><\/span><br \/>\n<span style=\"text-decoration: underline;\"><em>Ihnen wurde auf unserer Webseite eine Flugverbindung angezeigt, welche in <\/em><\/span><span style=\"text-decoration: underline;\"><em>Deutschland nicht verkauft werden kann. In Deutschland ist seit 2008 die <\/em><\/span><span style=\"text-decoration: underline;\"><em>Ausstellung eines elektronischen Flugtickets zwingend erforderlich. Dies ist bei <\/em><\/span><span style=\"text-decoration: underline;\"><em>der angefragten Fluggesellschaft bzw. Kombination aus Fluggesellschaften <\/em><\/span><span style=\"text-decoration: underline;\"><em>technisch seitens der Fluggesellschaft nicht m\u00f6glich. Leider hat uns die <\/em><\/span><span style=\"text-decoration: underline;\"><em>Fluggesellschaft dies erst jetzt mitgeteilt. Wir haben Ihre Buchungsanfrage <\/em><\/span><span style=\"text-decoration: underline;\"><em>daher kostenfrei storniert.<br \/>\nMit freundlichen Gr\u00fc\u00dfen<br \/>\nIhr Linienflugteam<\/em><\/span><em><br \/>\n<\/em>Was zur H\u00f6lle?!? Keine Ahnung was da schief gelaufen ist. Aber diese Erkl\u00e4rung kann so nicht stimmen. Erstens wird der Flug noch immer bei fluege.de angeboten und zweitens haben wir genau den gleichen Flug nach dieser Sache \u00fcber <a href=\"http:\/\/www.airline-direct.de\/\">http:\/\/www.airline-direct.de\/<\/a>\u00a0gebucht. Und das sogar ein paar Euro g\u00fcnstiger.<br \/>\nAber ist ok &#8230; wenn der sogenannte &#8222;Testsieger&#8220; nicht kann oder nicht will. Uns egal!<\/p>\n<p>Mitte April dann der n\u00e4chste Hammer.<br \/>\nWir haben auf der Webseite der Lufthansa unsere TSA-Formulare ausgef\u00fcllt. Ganz nebenbei haben wir entdeckt, dass wir auf dem Heimflug eine dicke Flugzeiten\u00e4nderung reingedr\u00fcckt bekommen haben. Wir sollten nun statt um 10:10 Uhr bereits um 08:05 von Fort Myers nach Charlotte fliegen, nur damit wir dort 2 Stunden l\u00e4nger auf unseren Anschlussflug nach M\u00fcnchen warten k\u00f6nnen.<br \/>\nDamit waren wir nun gar nicht einverstanden. Erstens m\u00fcssten wir an unserem letzten Urlaubstag morgens um 05:00 Uhr aufstehen und zweitens wollten wir auf gar keinen Fall 7 Stunden in Charlotte am Flughafen h\u00e4ngen. Die urspr\u00fcnglichen 5 Stunden w\u00e4ren schon lange gewesen.<br \/>\nAlso bei Lufthansa angerufen und Beschwerde eingereicht. Erstens dar\u00fcber, dass wir nicht informiert wurden und zweitens \u00fcber die nicht zumutbare Flugzeiten\u00e4nderung.<br \/>\nNach l\u00e4ngerem Hin und Her haben wir jetzt f\u00fcr ein paar Euro mehr einen wesentlich besseren Flug. Nun geht es um 13:05 Uhr mit der Gesellschaft &#8222;Jet Blue&#8220; von Fort Myers\u00a0nach Boston und von dort mit der Lufthansa nach M\u00fcnchen.<br \/>\nGut dass uns das mit der Flugzeiten\u00e4nderung aufgefallen ist.<br \/>\nK\u00fcnftige Fl\u00fcge m\u00fcssen wir nun regelm\u00e4\u00dfig pr\u00fcfen!<\/p>\n<p>Zu guter Letzt sind nun auch die Mietw\u00e4gen zum Flughafen und von dort wieder weg sowie das Hotel f\u00fcr die erste Nacht in St Louis gebucht.<\/p>\n<p>Jetzt muss es nur noch Juni werden.<br \/>\n\ud83d\ude09<\/p>\n<p>&nbsp;<\/p>\n<p>Viele Gr\u00fc\u00dfe<br \/>\nJoa<\/p>\n<p>Weiter zu: <a title=\"13.06.2012, Anreisetag\" href=\"https:\/\/www.all-for-all.de\/?page_id=2537\">13.06.2012, Anreisetag<\/a><\/p>\n","protected":false},"excerpt":{"rendered":"<p>Das Grundger\u00fcst\u00a0f\u00fcr den Urlaub 2012 war ungew\u00f6hnlich schnell erstellt. Es soll von St. Louis immer (mehr oder weniger) am Misssissippi entlang &#8222;runter&#8220; bis nach New Orleans gehen. Ab dort geht es per Inlandsflug nach Orlando und von dort mit dem &hellip; <a href=\"https:\/\/www.all-for-all.de\/?page_id=2076\">Weiterlesen <span class=\"meta-nav\">&rarr;<\/span><\/a><\/p>\n","protected":false},"author":2,"featured_media":0,"parent":0,"menu_order":0,"comment_status":"closed","ping_status":"open","template":"","meta":{"footnotes":""},"class_list":["post-2076","page","type-page","status-publish","hentry"],"jetpack_sharing_enabled":true,"_links":{"self":[{"href":"https:\/\/www.all-for-all.de\/index.php?rest_route=\/wp\/v2\/pages\/2076","targetHints":{"allow":["GET"]}}],"collection":[{"href":"https:\/\/www.all-for-all.de\/index.php?rest_route=\/wp\/v2\/pages"}],"about":[{"href":"https:\/\/www.all-for-all.de\/index.php?rest_route=\/wp\/v2\/types\/page"}],"author":[{"embeddable":true,"href":"https:\/\/www.all-for-all.de\/index.php?rest_route=\/wp\/v2\/users\/2"}],"replies":[{"embeddable":true,"href":"https:\/\/www.all-for-all.de\/index.php?rest_route=%2Fwp%2Fv2%2Fcomments&post=2076"}],"version-history":[{"count":0,"href":"https:\/\/www.all-for-all.de\/index.php?rest_route=\/wp\/v2\/pages\/2076\/revisions"}],"wp:attachment":[{"href":"https:\/\/www.all-for-all.de\/index.php?rest_route=%2Fwp%2Fv2%2Fmedia&parent=2076"}],"curies":[{"name":"wp","href":"https:\/\/api.w.org\/{rel}","templated":true}]}}