{"id":1546,"date":"2011-06-17T23:59:05","date_gmt":"2011-06-17T23:59:05","guid":{"rendered":"http:\/\/www.all-for-all.de\/?page_id=1546"},"modified":"2013-04-14T20:31:08","modified_gmt":"2013-04-14T20:31:08","slug":"17-06-2011-1-tag-in-new-york","status":"publish","type":"page","link":"https:\/\/www.all-for-all.de\/?page_id=1546","title":{"rendered":"17.06.2011, 1. Tag in New York"},"content":{"rendered":"<div>Ich bin das erste Mal gegen 03:30 Uhr wach geworden. Im ersten Moment war ich v\u00f6llig neben der Spur. Es hat eine ganze Zeit gedauert bis ich kapiert habe wo ich bin &#8230; Zum Gl\u00fcck konnte ich nochmals f\u00fcr etwa 2h einschlafen.<br \/>Fr\u00fchst\u00fcck gab es ab 07:00 Uhr und es war wie immer in den Hampton Inns reichhaltig und sehr gut. Selber gemachte Waffeln mit Ahornsirup, Toast mit Marmelade, R\u00fchrei und starker Kaffee. Juhu!<\/div>\n<div>Der Rucksack mit Getr\u00e4nken, kleinen Snacks, Fotoapparat und Videokamera war bereits gepackt. Also sind wir direkt nach dem Fr\u00fchst\u00fcck ins Auto gestiegen, haben das TomTom wieder montiert und ab gings nach Staten Island zur F\u00e4hre nach New York.<br \/>Die Fahrt dorthin in tr\u00fcben, regnerischen Wetter ging vorbei an Industrieanlagen und durch die verschiedensten Wohngebiete. Zum Teil sahen diese nicht sehr vertrauenserweckend aus &#8230; \ud83d\ude09<br \/>Parkpl\u00e4tze gab es dort genug und die Parkgeb\u00fchren f\u00fcr den ganzen Tag sind mit\u00a05,50 Dollar f\u00fcr amerikanische Verh\u00e4ltnisse g\u00fcnstig. Bezahlen kann man die Parkgeb\u00fchr an Automaten mit der Kreditkarte.<br \/><img loading=\"lazy\" decoding=\"async\" class=\"aligncenter  wp-image-1558\" title=\"Parkgeb\u00fchren\" alt=\"Parkgeb\u00fchren\" src=\"https:\/\/www.all-for-all.de\/wp-content\/uploads\/2012\/04\/Parkgeb\u00fchren.jpg\" width=\"640\" height=\"480\" srcset=\"https:\/\/www.all-for-all.de\/wp-content\/uploads\/2012\/04\/Parkgeb\u00fchren.jpg 640w, https:\/\/www.all-for-all.de\/wp-content\/uploads\/2012\/04\/Parkgeb\u00fchren-300x225.jpg 300w\" sizes=\"auto, (max-width: 640px) 100vw, 640px\" \/>Vom Parkplatz bis zum F\u00e4hrgeb\u00e4ude ist es nur ein kleiner Fu\u00dfweg von knapp 3 Minuten. Drinnen gab es ziemlich strenge Kontrollen. \u00dcberall Polizei, Beamte, Bombensp\u00fcrhunde und sogar mobile R\u00f6ntgenger\u00e4te f\u00fcr Gep\u00e4ckst\u00fccke. Von uns wollte aber niemand etwas.<\/div>\n<div>Die F\u00e4hre war ziemlich voll und wir haben uns draussen mit Blick Richtung New York an die Reling gestellt. Durch den Nebel konnte man die Skyline von New York\u00a0anfangs nur erahnen.<\/div>\n<div><img loading=\"lazy\" decoding=\"async\" class=\"aligncenter  wp-image-1565\" title=\"F\u00e4hre\" alt=\"Staten Island Ferry\" src=\"https:\/\/www.all-for-all.de\/wp-content\/uploads\/2012\/04\/F\u00e4hre.jpg\" width=\"640\" height=\"480\" srcset=\"https:\/\/www.all-for-all.de\/wp-content\/uploads\/2012\/04\/F\u00e4hre.jpg 640w, https:\/\/www.all-for-all.de\/wp-content\/uploads\/2012\/04\/F\u00e4hre-300x225.jpg 300w\" sizes=\"auto, (max-width: 640px) 100vw, 640px\" \/><br \/><img loading=\"lazy\" decoding=\"async\" class=\"aligncenter  wp-image-1568\" title=\"Skyline\" alt=\"Skyline New York\" src=\"https:\/\/www.all-for-all.de\/wp-content\/uploads\/2012\/04\/Skyline.jpg\" width=\"640\" height=\"480\" srcset=\"https:\/\/www.all-for-all.de\/wp-content\/uploads\/2012\/04\/Skyline.jpg 640w, https:\/\/www.all-for-all.de\/wp-content\/uploads\/2012\/04\/Skyline-300x225.jpg 300w\" sizes=\"auto, (max-width: 640px) 100vw, 640px\" \/><br \/>Die F\u00e4hre\u00a0zog rechts an der Freiheitsstatue vorbei und je n\u00e4her wir an New York kamen, desto deutlicher wurden die Geb\u00e4ude sichtbar.\u00a0Absolut beeindruckend! <br \/><img loading=\"lazy\" decoding=\"async\" class=\"aligncenter  wp-image-1579\" title=\"Freiheitsstatue\" alt=\"Freiheitsstatue\" src=\"https:\/\/www.all-for-all.de\/wp-content\/uploads\/2011\/06\/Freiheitsstatue.jpg\" width=\"640\" height=\"480\" srcset=\"https:\/\/www.all-for-all.de\/wp-content\/uploads\/2011\/06\/Freiheitsstatue.jpg 640w, https:\/\/www.all-for-all.de\/wp-content\/uploads\/2011\/06\/Freiheitsstatue-300x225.jpg 300w\" sizes=\"auto, (max-width: 640px) 100vw, 640px\" \/><br \/><img loading=\"lazy\" decoding=\"async\" class=\"aligncenter  wp-image-1580\" title=\"Skyline\" alt=\"Skyline\" src=\"https:\/\/www.all-for-all.de\/wp-content\/uploads\/2011\/06\/Skyline-2.jpg\" width=\"640\" height=\"480\" srcset=\"https:\/\/www.all-for-all.de\/wp-content\/uploads\/2011\/06\/Skyline-2.jpg 640w, https:\/\/www.all-for-all.de\/wp-content\/uploads\/2011\/06\/Skyline-2-300x225.jpg 300w\" sizes=\"auto, (max-width: 640px) 100vw, 640px\" \/><br \/>Nach dem Anlegen ist man mit ein paar Schritten am Battery Park. Dort haben wir bei den Ticketh\u00e4ndlern unsere 3-Tages-Karten f\u00fcr die Greyline &#8222;hop-on-hop-off&#8220;-Busse ergattert.<br \/>Erst hier wurde uns so richtig bewusst, dass wir tats\u00e4chlich endlich in New York sind!<br \/>Gleich im Battery Park steht &#8222;the Sphere&#8220;, bzw. das was davon \u00fcbrig ist und man wird an das erinnert was ein paar Blocks weiter n\u00f6rdlich im Jahr 2001 abging &#8230; 9\/11<img loading=\"lazy\" decoding=\"async\" class=\"aligncenter  wp-image-1589\" title=\"The sphere\" alt=\"The sphere\" src=\"https:\/\/www.all-for-all.de\/wp-content\/uploads\/2011\/06\/The-sphere.jpg\" width=\"640\" height=\"480\" srcset=\"https:\/\/www.all-for-all.de\/wp-content\/uploads\/2011\/06\/The-sphere.jpg 640w, https:\/\/www.all-for-all.de\/wp-content\/uploads\/2011\/06\/The-sphere-300x225.jpg 300w\" sizes=\"auto, (max-width: 640px) 100vw, 640px\" \/>Mit Starbucksbechern bewaffnet beschlossen wir die Busse erst sp\u00e4ter zu nutzen und New York zuerst zu Fu\u00df zu erkunden. Wir machten uns auf Richtung Norden.<\/div>\n<div>Es dauerte nicht sehr lange und wir standen an Ground Zero &#8230; Bedr\u00fcckung &#8230; Wut &#8230; schwer zu beschreiben&#8230; Trotz der vielen Fernsehbilder kann man sich kaum vorstellen was hier am Tag der Anschl\u00e4ge los gewesen sein muss.<\/div>\n<div>Die Arbeiten am neuen &#8222;One World Trade Center&#8220; sind schon weit fortgeschritten. Allerdings ist noch einiges zu tun, wenn die Gedenkst\u00e4tte bis zum 10. Jahrestag fertig werden soll.<br \/><img loading=\"lazy\" decoding=\"async\" class=\"aligncenter  wp-image-1594\" title=\"Ground Zero\" alt=\"Ground Zero\" src=\"https:\/\/www.all-for-all.de\/wp-content\/uploads\/2011\/06\/Ground-Zero.jpg\" width=\"640\" height=\"480\" srcset=\"https:\/\/www.all-for-all.de\/wp-content\/uploads\/2011\/06\/Ground-Zero.jpg 640w, https:\/\/www.all-for-all.de\/wp-content\/uploads\/2011\/06\/Ground-Zero-300x225.jpg 300w\" sizes=\"auto, (max-width: 640px) 100vw, 640px\" \/><img loading=\"lazy\" decoding=\"async\" class=\"aligncenter  wp-image-1596\" title=\"Ground Zero\" alt=\"Ground Zero\" src=\"https:\/\/www.all-for-all.de\/wp-content\/uploads\/2011\/06\/Ground-Zero-2.jpg\" width=\"640\" height=\"480\" srcset=\"https:\/\/www.all-for-all.de\/wp-content\/uploads\/2011\/06\/Ground-Zero-2.jpg 640w, https:\/\/www.all-for-all.de\/wp-content\/uploads\/2011\/06\/Ground-Zero-2-300x225.jpg 300w\" sizes=\"auto, (max-width: 640px) 100vw, 640px\" \/><\/div>\n<div>Wir sind einmal komplett um Ground Zero gelaufen und danach ziemlich ziellos durch den Financial District. Die Polizeipr\u00e4senz hier war schon beinahe l\u00e4cherlich. An jeder Kreuzung stand mindestens ein Polizeiwagen meist mit laufendem Motor und einem Beamten besetzt. Um die New York Stock Exchange herum wurde ein Hochsicherheitsbereich eingerichtet. \u00dcberall standen zum Teil schwer bewaffnete\u00a0Polizisten.<\/div>\n<div>Erst nachmittags stiegen wir dann doch noch in einen der Busse ein, um unseren F\u00fc\u00dfen ein wenig Erholung zu g\u00f6nnen. Die Fahrt ging\u00a0unter der Brooklyn Bridge durch, durch China Town zum\u00a0UN Geb\u00e4ude, dann vorbei am Waldorf Astoria bis zum\u00a0Times Square. Dort sind wir wieder ausgestiegen. Der Fremdenf\u00fchrer auf dem Bus hat leider sehr undeutlich gesprochen aber die Fahrt war klasse.<br \/>Am Times Square haben wir uns original Hot Dogs mit Zwiebeln und Sauerkraut geg\u00f6nnt und die Eindr\u00fccke ein wenig auf uns wirken lassen. Ganz unglaublich was hier los ist. <br \/><img loading=\"lazy\" decoding=\"async\" class=\"aligncenter  wp-image-1624\" title=\"Times Square\" alt=\"Times Square\" src=\"https:\/\/www.all-for-all.de\/wp-content\/uploads\/2011\/06\/Times-Square.jpg\" width=\"640\" height=\"480\" srcset=\"https:\/\/www.all-for-all.de\/wp-content\/uploads\/2011\/06\/Times-Square.jpg 640w, https:\/\/www.all-for-all.de\/wp-content\/uploads\/2011\/06\/Times-Square-300x225.jpg 300w\" sizes=\"auto, (max-width: 640px) 100vw, 640px\" \/><br \/>Nachdem wir hier genug gesehen hatten, sind wir noch bis zum Empire State Building gelaufen&#8230; Das war verdammt weit. Auf der kleinen Stadtkarte die wir hatten sah das gar nicht so schlimm aus. \ud83d\ude00<\/div>\n<div>Bombastisch das Geb\u00e4ude wenn man davor steht!<br \/><img loading=\"lazy\" decoding=\"async\" class=\"aligncenter size-full wp-image-1627\" title=\"Empire State Building\" alt=\"Empire State Building\" src=\"https:\/\/www.all-for-all.de\/wp-content\/uploads\/2011\/06\/Empire-State-Building.jpg\" width=\"480\" height=\"640\" srcset=\"https:\/\/www.all-for-all.de\/wp-content\/uploads\/2011\/06\/Empire-State-Building.jpg 480w, https:\/\/www.all-for-all.de\/wp-content\/uploads\/2011\/06\/Empire-State-Building-225x300.jpg 225w\" sizes=\"auto, (max-width: 480px) 100vw, 480px\" \/><br \/>Den Besuch der beiden Aussichtsplattformen hatten wir uns f\u00fcr den n\u00e4chsten Tag vorgenommen und weil wir anscheinend noch nicht genug gelaufen waren, war die Subway Station hier wegen Bauarbeiten geschlossen. Also sind wir den laaaaangen weiten Weg bis zum Flat Iron Building auch noch gelaufen &#8230;.<br \/><img loading=\"lazy\" decoding=\"async\" class=\"aligncenter  wp-image-1630\" title=\"Flat Iron Building\" alt=\"Flat Iron Building\" src=\"https:\/\/www.all-for-all.de\/wp-content\/uploads\/2011\/06\/Flat-Iron-Building.jpg\" width=\"640\" height=\"480\" srcset=\"https:\/\/www.all-for-all.de\/wp-content\/uploads\/2011\/06\/Flat-Iron-Building.jpg 640w, https:\/\/www.all-for-all.de\/wp-content\/uploads\/2011\/06\/Flat-Iron-Building-300x225.jpg 300w\" sizes=\"auto, (max-width: 640px) 100vw, 640px\" \/><br \/>Hier war dann aber endg\u00fcltig die Luft raus. Es war bereits knapp 17:00 Uhr und wir wollten keinen Meter weiter laufen. Also haben wir hier auf einen der Greyline Busse gewartet und sind eingestiegen.<br \/>Die Fahrt f\u00fchrte uns wieder ganz in den S\u00fcden zur Staten Island Ferry. Zum Gl\u00fcck mussten wir nicht lange warten und\u00a0stiegen auf die F\u00e4hre. Bei der Autofahrt von Staten Island zur\u00fcck nach Linden zum Hotel fiel\u00a0uns erst richtig auf wie fix und fertig\u00a0wir waren. Es hat gerade noch gereicht um neben dem Hotel den Burger King aufzusuchen. Gegessen haben wir dann gegen 20:00 Uhr auf dem Zimmer.<br \/>Beim Leeren des Rucksacks ist mir dann aufgefallen, dass ich den GPS-Logger nicht ausgeschaltet hatte. Das war eigentlich gar nicht geplant aber\u00a0das wollte ich mir auf jeden Fall noch ansehen &#8230;<br \/>Ein Br\u00fcller!<br \/><img loading=\"lazy\" decoding=\"async\" class=\"aligncenter  wp-image-1634\" title=\"Special New York Marathon\" alt=\"Special New York Marathon\" src=\"https:\/\/www.all-for-all.de\/wp-content\/uploads\/2011\/06\/Logger71.jpg\" width=\"640\" height=\"453\" srcset=\"https:\/\/www.all-for-all.de\/wp-content\/uploads\/2011\/06\/Logger71.jpg 640w, https:\/\/www.all-for-all.de\/wp-content\/uploads\/2011\/06\/Logger71-300x212.jpg 300w\" sizes=\"auto, (max-width: 640px) 100vw, 640px\" \/><br \/>Zoom:<br \/><img loading=\"lazy\" decoding=\"async\" class=\"aligncenter  wp-image-1637\" title=\"Wahnsinn!\" alt=\"Wahnsinn!\" src=\"https:\/\/www.all-for-all.de\/wp-content\/uploads\/2011\/06\/Logger8.jpg\" width=\"590\" height=\"480\" srcset=\"https:\/\/www.all-for-all.de\/wp-content\/uploads\/2011\/06\/Logger8.jpg 590w, https:\/\/www.all-for-all.de\/wp-content\/uploads\/2011\/06\/Logger8-300x244.jpg 300w\" sizes=\"auto, (max-width: 590px) 100vw, 590px\" \/><br \/>Der Logger muss morgen unbedingt wieder mit!<br \/>Und jetzt ab ins Bett &#8230;<\/div>\n<div>\u00a0<\/div>\n<div>\n<p>Viele Gr\u00fc\u00dfe<br \/>Joa<\/p>\n<p>Zur\u00fcck zu: <a title=\"16.06.2011, Anreisetag\" href=\"https:\/\/www.all-for-all.de\/?page_id=1452\">16.06.2011, Anreisetag<\/a><br \/>Weiter zu: <a title=\"18.06.2011, 2. Tag in New York\" href=\"https:\/\/www.all-for-all.de\/?page_id=1660\">18.06.2011, 2. Tag in New York<\/a><\/p>\n<\/div>\n","protected":false},"excerpt":{"rendered":"<p>Ich bin das erste Mal gegen 03:30 Uhr wach geworden. Im ersten Moment war ich v\u00f6llig neben der Spur. Es hat eine ganze Zeit gedauert bis ich kapiert habe wo ich bin &#8230; Zum Gl\u00fcck konnte ich nochmals f\u00fcr etwa &hellip; <a href=\"https:\/\/www.all-for-all.de\/?page_id=1546\">Weiterlesen <span class=\"meta-nav\">&rarr;<\/span><\/a><\/p>\n","protected":false},"author":2,"featured_media":0,"parent":0,"menu_order":0,"comment_status":"closed","ping_status":"open","template":"","meta":{"footnotes":""},"class_list":["post-1546","page","type-page","status-publish","hentry"],"jetpack_sharing_enabled":true,"_links":{"self":[{"href":"https:\/\/www.all-for-all.de\/index.php?rest_route=\/wp\/v2\/pages\/1546","targetHints":{"allow":["GET"]}}],"collection":[{"href":"https:\/\/www.all-for-all.de\/index.php?rest_route=\/wp\/v2\/pages"}],"about":[{"href":"https:\/\/www.all-for-all.de\/index.php?rest_route=\/wp\/v2\/types\/page"}],"author":[{"embeddable":true,"href":"https:\/\/www.all-for-all.de\/index.php?rest_route=\/wp\/v2\/users\/2"}],"replies":[{"embeddable":true,"href":"https:\/\/www.all-for-all.de\/index.php?rest_route=%2Fwp%2Fv2%2Fcomments&post=1546"}],"version-history":[{"count":0,"href":"https:\/\/www.all-for-all.de\/index.php?rest_route=\/wp\/v2\/pages\/1546\/revisions"}],"wp:attachment":[{"href":"https:\/\/www.all-for-all.de\/index.php?rest_route=%2Fwp%2Fv2%2Fmedia&parent=1546"}],"curies":[{"name":"wp","href":"https:\/\/api.w.org\/{rel}","templated":true}]}}