{"id":1372,"date":"2010-08-16T23:59:27","date_gmt":"2010-08-16T23:59:27","guid":{"rendered":"http:\/\/www.all-for-all.de\/?page_id=1372"},"modified":"2013-04-14T08:50:15","modified_gmt":"2013-04-14T08:50:15","slug":"16-08-2010-erholung-pur","status":"publish","type":"page","link":"https:\/\/www.all-for-all.de\/?page_id=1372","title":{"rendered":"16.08.2010, Erholung pur"},"content":{"rendered":"<p>Heute das erste Mal im Urlaub nach 09:00 Uhr aufgewacht. Na super &#8230; jetzt gegen Ende des Urlaubs pendelt sich pl\u00f6tzlich der Schlafrhythmus ein. Das kann ja was werden wenn wir wieder zu Hause sind &#8230;<\/p>\n<p>Wir haben den kompletten Tag an und im Pool &#8222;vergammelt&#8220; und es war ein Tag zur puren Erholung.<\/p>\n<p>Gegen Abend machte sich langsam ein mieses Gef\u00fchl breit. <br \/>Gaaaaaaah! Morgen ist der letzte Tag. Das bedeutet Koffer so langsam packen, alles wieder sortieren, etc, etc. &#8230;<br \/>So schnell k\u00f6nnen drei Wochen vergehen. *kreisch*<\/p>\n<p>Ich habe noch schnell die Hausverwaltung angerufen und gefragt ob es m\u00f6glich w\u00e4re, die Haus\u00fcbergabe bereits morgen Abend machen zu k\u00f6nnen. Wir m\u00fcssen \u00fcbermorgen bereits sp\u00e4testens um 09:00 Uhr zum Flughafen aufbrechen.<br \/>Mir wurde gesagt, dass das kein Problem sei. Es kommt jemand am sp\u00e4ten Nachmittag vorbei und macht mit uns die \u00dcbergabe. Den Stromz\u00e4hler k\u00f6nne man dann ja extra nochmal ablesen.<\/p>\n<p>&nbsp;<\/p>\n<p>Viele Gr\u00fc\u00dfe<br \/>Joa<\/p>\n<p>Zur\u00fcck zu: <a title=\"15.08.2010, Best Buy \u2013 Bass Pro Shop \u2013 Pool\" href=\"https:\/\/www.all-for-all.de\/?page_id=1369\">15.08.2010, Best Buy \u2013 Bass Pro Shop \u2013 Pool<\/a><br \/>Weiter zu: <a title=\"17.08.2010, den letzten Tag genie\u00dfen, Koffer packen :-(\" href=\"https:\/\/www.all-for-all.de\/?page_id=1375\">17.08.2010, den letzten Tag genie\u00dfen, Koffer packen \ud83d\ude41<\/a><\/p>\n","protected":false},"excerpt":{"rendered":"<p>Heute das erste Mal im Urlaub nach 09:00 Uhr aufgewacht. Na super &#8230; jetzt gegen Ende des Urlaubs pendelt sich pl\u00f6tzlich der Schlafrhythmus ein. Das kann ja was werden wenn wir wieder zu Hause sind &#8230; Wir haben den kompletten &hellip; <a href=\"https:\/\/www.all-for-all.de\/?page_id=1372\">Weiterlesen <span class=\"meta-nav\">&rarr;<\/span><\/a><\/p>\n","protected":false},"author":2,"featured_media":0,"parent":0,"menu_order":0,"comment_status":"closed","ping_status":"closed","template":"","meta":{"footnotes":""},"class_list":["post-1372","page","type-page","status-publish","hentry"],"jetpack_sharing_enabled":true,"_links":{"self":[{"href":"https:\/\/www.all-for-all.de\/index.php?rest_route=\/wp\/v2\/pages\/1372","targetHints":{"allow":["GET"]}}],"collection":[{"href":"https:\/\/www.all-for-all.de\/index.php?rest_route=\/wp\/v2\/pages"}],"about":[{"href":"https:\/\/www.all-for-all.de\/index.php?rest_route=\/wp\/v2\/types\/page"}],"author":[{"embeddable":true,"href":"https:\/\/www.all-for-all.de\/index.php?rest_route=\/wp\/v2\/users\/2"}],"replies":[{"embeddable":true,"href":"https:\/\/www.all-for-all.de\/index.php?rest_route=%2Fwp%2Fv2%2Fcomments&post=1372"}],"version-history":[{"count":0,"href":"https:\/\/www.all-for-all.de\/index.php?rest_route=\/wp\/v2\/pages\/1372\/revisions"}],"wp:attachment":[{"href":"https:\/\/www.all-for-all.de\/index.php?rest_route=%2Fwp%2Fv2%2Fmedia&parent=1372"}],"curies":[{"name":"wp","href":"https:\/\/api.w.org\/{rel}","templated":true}]}}