{"id":1349,"date":"2010-08-10T23:59:37","date_gmt":"2010-08-10T23:59:37","guid":{"rendered":"http:\/\/www.all-for-all.de\/?page_id=1349"},"modified":"2013-04-14T09:12:55","modified_gmt":"2013-04-14T09:12:55","slug":"10-08-2010-ab-in-die-outlets","status":"publish","type":"page","link":"https:\/\/www.all-for-all.de\/?page_id=1349","title":{"rendered":"10.08.2010, ab in die Outlets"},"content":{"rendered":"<p>Nach einem ausgiebigen Fr\u00fchst\u00fcck mit allem was dazu geh\u00f6rt (Eier, Speck, Toast, Muffins, etc.) haben wir uns aufgerafft, und ins Auto geschleppt.<br \/>Irgendwie war es heute nicht so heiss und schw\u00fcl wie sonst. Strahlend blauer Himmel aber ungewohnte Temperaturen.<\/p>\n<p>Bevor wir uns in den Einkaufsrausch st\u00fcrzen wollten, habe ich noch den Bobcat H\u00e4ndler in Fort Myers angesteuert.<br \/>Ein Arbeitskollege restauriert gerade einen dieser &#8222;Hosentaschenbagger&#8220; und ben\u00f6tigt daf\u00fcr die entsprechenden Decals.<br \/>(An dieser Stelle viele Gr\u00fc\u00dfe an Toni\u00a0 \ud83d\ude09 )<br \/>Diese Dinger kann man auch bei uns recht einfach bestellen aber die Versandkosten sind beinahe so hoch wie der Kaufpreis. Also habe ich versprochen direkt bei einem H\u00e4ndler nachzufragen.<br \/>Dank Internet und TomTom haben wir den sofort gefunden aber er hatte die Teile nicht vorr\u00e4tig. Der Angestellte hinter der Theke war super freundlich und sagte er bestellt sie mir. Ich habe ihm erkl\u00e4rt, dass ich in einer Woche wieder abreise und dann die Bestellung nicht mehr abholen k\u00f6nne. Er meinte dass das egal sei, hat meine Handynummer notiert und gemeint er meldet sich wenn er die Lieferung erhalten hat.<br \/>Sehr sch\u00f6n &#8230; auf in die Outlets!<\/p>\n<p>Das erste Outlet Center auf dem Plan war das Miromar in Estero. Unserem TomTom das Ziel\u00a0berechnet und los ging es.<\/p>\n<p>Im Outlet Center war ungew\u00f6hnlich wenig los. Wirklich sch\u00f6n wenn man sich nicht zickzack durch Menschenmassen fr\u00e4sen muss und sich auf die Auslagen in den Schaufenstern konzentrieren kann.<br \/>Unser Einkauf hielt sich aber in Grenzen. Wir haben bei GAP, Levis und diversen Schuhl\u00e4den zugeschlagen. Gegen Ende habe ich es zum ersten Mal geschafft die Orientierung zu verlieren. Der eingeschlagene Weg zum Auto war &#8230; \u00e4hmm &#8230; naja. Sagen wir einfach, dass es nicht die k\u00fcrzeste Route war. \ud83d\ude00<br \/>Das Tanger Outlet Center in Fort Myers war unser n\u00e4chstes Ziel. Eigentlich hat es mir f\u00fcr heute schon gereicht aber ich wollte unbedingt noch in den Croc Shop. Normalerweise finde ich Plastikschuhe nicht wirklich prickelnd aber ich habe im Internet ein Modell gesehen das mir ganz gut gefallen hat. Wenn der Preis dann noch stimmt &#8230; =&gt; Ab in die T\u00fcte!<\/p>\n<p>Im Tanger Outlet war noch weniger los wie im Miromar. Kein Vergleich zu letztem Jahr. Es standen insgesamt keine 20 Fahrzeuge auf den Parkpl\u00e4tzen. Wir haben mit dem Auto noch eine gro\u00dfe Parkplatzrunde gedreht und dann fast direkt vor dem Croc Shop geparkt. Gleich rein, die gew\u00fcnschten Schuhe gesucht &#8230; und &#8230; nicht gefunden. \ud83d\ude41<br \/>Baaaaah! War fast klar.<br \/>Ich hatte letztes Jahr schon den Verdacht, dass hier nicht die neuesten Modelle verkauft werden.<br \/>Na gut, dann eben nicht. F\u00fcr weitere Shops hatten wir dann irgendwie nicht mehr die Energie und beschlossen ein paar schnelle Burger beim gleichnamigen King in Cape Coral abzugreifen und den Tag am eigenen Pool ausklingen zu lassen.<\/p>\n<p>Also R\u00fcckfahrt nach Cape Coral, den Burger King \u00fcberfallen, zur\u00fcck ins Haus, Burger gegessen und ab in den Pool.<br \/>Dabei ist mir erneut aufgefallen, dass es heute nicht so warm war wie sonst.<\/p>\n<p>Etwa gegen 17:00 Uhr ist mir eingefallen, dass wir ja noch die Fahrt mit dem Sanibel Thriller buchen m\u00fcssen. Verdammte Axt! V\u00f6llig vergessen. Telefonnummer gesucht, angerufen und erfahren dass erst am Samstag den 14. wieder Pl\u00e4tze frei sind.<br \/>Ich habe die Fahrt gebucht aber der ganze Buchungsvorgang hat recht lange gedauert weil die Gespr\u00e4chsqualit\u00e4t sehr schlecht war. Ich glaube ich habe die Nummer meiner Kreditkarte 5x wiederholt.<\/p>\n<p>Der Hunger am Abend hat dann nur noch f\u00fcr zwei gro\u00dfe Salatteller und zwei dicke Sch\u00fcsseln Pistazieneis mit Schokosauce gereicht.<br \/>\ud83d\ude42<\/p>\n<p>Gegen 21:00 Uhr wurde es mir dann draussen am Pool definitiv zu kalt. Unglaublich &#8230; so oft wir schon in Florida waren &#8230; das gabs noch nie. Mangels Thermometer habe ich nicht wirklich eine genaue Temperatur. Gef\u00fchlt waren es aber keine 20\u00b0C. Zu kalt f\u00fcr mich ohne T-Shirt nur in kurzer Hose. Wir haben uns dann ins Bett verzogen und sind recht bald mit laufendem Fernseher eingeschlafen.<br \/>\ud83d\ude09<\/p>\n<p>Viele Gr\u00fc\u00dfe<br \/>Joa<\/p>\n<p>Zur\u00fcck zu: <a title=\"09.08.2010, Nichts :-D\" href=\"https:\/\/www.all-for-all.de\/?page_id=1346\">09.08.2010, Nichts \ud83d\ude00<\/a><br \/>Weiter zu: <a title=\"11.08.2010, Loop Road (geplant, aber dann doch nicht)\" href=\"https:\/\/www.all-for-all.de\/?page_id=1354\">11.08.2010, Loop Road (geplant, aber dann doch nicht)<\/a><\/p>\n","protected":false},"excerpt":{"rendered":"<p>Nach einem ausgiebigen Fr\u00fchst\u00fcck mit allem was dazu geh\u00f6rt (Eier, Speck, Toast, Muffins, etc.) haben wir uns aufgerafft, und ins Auto geschleppt.Irgendwie war es heute nicht so heiss und schw\u00fcl wie sonst. Strahlend blauer Himmel aber ungewohnte Temperaturen. Bevor wir &hellip; <a href=\"https:\/\/www.all-for-all.de\/?page_id=1349\">Weiterlesen <span class=\"meta-nav\">&rarr;<\/span><\/a><\/p>\n","protected":false},"author":2,"featured_media":0,"parent":0,"menu_order":0,"comment_status":"closed","ping_status":"closed","template":"","meta":{"footnotes":""},"class_list":["post-1349","page","type-page","status-publish","hentry"],"jetpack_sharing_enabled":true,"_links":{"self":[{"href":"https:\/\/www.all-for-all.de\/index.php?rest_route=\/wp\/v2\/pages\/1349","targetHints":{"allow":["GET"]}}],"collection":[{"href":"https:\/\/www.all-for-all.de\/index.php?rest_route=\/wp\/v2\/pages"}],"about":[{"href":"https:\/\/www.all-for-all.de\/index.php?rest_route=\/wp\/v2\/types\/page"}],"author":[{"embeddable":true,"href":"https:\/\/www.all-for-all.de\/index.php?rest_route=\/wp\/v2\/users\/2"}],"replies":[{"embeddable":true,"href":"https:\/\/www.all-for-all.de\/index.php?rest_route=%2Fwp%2Fv2%2Fcomments&post=1349"}],"version-history":[{"count":0,"href":"https:\/\/www.all-for-all.de\/index.php?rest_route=\/wp\/v2\/pages\/1349\/revisions"}],"wp:attachment":[{"href":"https:\/\/www.all-for-all.de\/index.php?rest_route=%2Fwp%2Fv2%2Fmedia&parent=1349"}],"curies":[{"name":"wp","href":"https:\/\/api.w.org\/{rel}","templated":true}]}}