{"id":1333,"date":"2010-08-06T23:59:56","date_gmt":"2010-08-06T23:59:56","guid":{"rendered":"http:\/\/www.all-for-all.de\/?page_id=1333"},"modified":"2021-09-16T12:10:05","modified_gmt":"2021-09-16T11:10:05","slug":"06-08-2010-nachstes-ziel-fort-myers-beach","status":"publish","type":"page","link":"https:\/\/www.all-for-all.de\/?page_id=1333","title":{"rendered":"06.08.2010, n\u00e4chstes Ziel: Fort Myers Beach"},"content":{"rendered":"<p>Es dauert noch zwei Tage bis wir unsere Mietvilla in Cape Coral beziehen k\u00f6nnen. Da wir unbedingt ans Meer wollen, haben wir uns f\u00fcr Fort Myers Beach, Naples oder Marco Island entschieden. \ud83d\ude42<br \/>\nWeil Freitag war und wir Angst hatten, \u00fcbers Wochenende wieder kein freies Zimmer zu bekommen, haben wir online gesucht. Das Outrigger Beach Resort in Fort Myers Beach ist uns ins Auge gestochen. Wir haben schon in Foren gutes dar\u00fcber gelesen und daher unser Gl\u00fcck direkt \u00fcber deren Website versucht. Leider wurde uns mitgeteilt, dass kein freies Oceanfront Zimmer f\u00fcr zwei N\u00e4chte zur Verf\u00fcgung stehen w\u00fcrde.<br \/>\nAuf einer anderen Website konnte man die gew\u00fcnschten Termine und die Zimmereigenschaften angeben und es wurden einem diverse Hotels ausgespuckt die genau das anbieten. Darunter war komischerweise dann doch wieder das Outrigger. Seltsam &#8230; Buchung versucht und gleich die Best\u00e4tigung bekommen. Und das sogar deutlich g\u00fcnstiger als direkt \u00fcber das Hotel.<br \/>\nNaja &#8230; mal sehen. Zumindest ich dachte, dass man uns bei Ankunft wegen eines Buchungsfehlers nicht das gew\u00fcnschte Zimmer geben kann. Laut Buchungsbest\u00e4tigung ist das Zimmer ab 16:00 Uhr beziehbar.<\/p>\n<p>Aus dem Comfort Inn ausgecheckt (vielleicht nicht zum letzten Mal\u00a0 \ud83d\ude09\u00a0 ), Auto verladen und gegen\u00fcber bei Dennys gefr\u00fchst\u00fcckt. Wir lassen es langsam angehen. Die Strecke ist nicht besonders weit und wir haben bis 16:00 Uhr Zeit.<br \/>\n<img loading=\"lazy\" decoding=\"async\" class=\"aligncenter\" title=\"Comfort Inn in Sun City Center\" src=\"https:\/\/www.all-for-all.de\/wp-content\/uploads\/2010\/08\/DSC00403_klein.jpg\" alt=\"\" width=\"640\" height=\"480\" \/><\/p>\n<p>Dann ganz gem\u00fctlich den Anweisungen des TomTom bis zum Outrigger gefolgt. Wir haben unterwegs allerdings einen kleinen Umweg \u00fcber Cape Coral gemacht weil wir neugierig auf unsere Mietvilla waren. Wir kannten diese ja nur von Bildern aus dem Internet und wollten sie wenigstens jetzt schon einmal kurz sehen. Der Anblick von aussen sah schon recht gut aus. \ud83d\ude09<\/p>\n<p>An der Einfahrt des Outrigger stand ganz klar &#8222;NO VACANCY&#8220; und ich dachte schon, dass meine Bef\u00fcrchtung stimmen w\u00fcrde. Es war zwar erst knapp 13:00 Uhr aber ich wollte lieber gleich wegen des gebuchten Zimmers fragen und nicht bis 16:00 Uhr warten. Sollte dieses tats\u00e4chlich nicht frei sein, h\u00e4tten wir drei Stunden verloren.<\/p>\n<p><img loading=\"lazy\" decoding=\"async\" class=\"aligncenter\" title=\"NO VACANCY!\" src=\"https:\/\/www.all-for-all.de\/wp-content\/uploads\/2010\/08\/DSC00510_klein.jpg\" alt=\"\" width=\"640\" height=\"480\" \/><\/p>\n<p>Also rein ins Office und der freundlichen Dame erkl\u00e4rt, dass ich unsicher bin ob die Buchung geklappt hat. Sie hat nachgesehen und gemeint &#8222;ok, you can check in. your room is ready&#8220;.<br \/>\nCool! Buchung hat geklappt sowie drei Stunden fr\u00fcher einchecken!<br \/>\nDer Aufzug f\u00e4hrt leider nur bis in den dritten Stock und wir mussten das ganze Gep\u00e4ck erst quer durch den dritten Stock und dann hoch in den vierten Stock ziehen\/schleppen. Allerdings \u00fcberraschte uns dann das Zimmer wirklich. Zimmer darf man das gar nicht nennen. Es ist eigentlich ein Studio. Ausreichend gro\u00dfes Bett, Sofa, Esstisch, kleine K\u00fcche, ein sch\u00f6nes Bad, zwei Fernseher und endlich auch einmal ein Safe. Immer und st\u00e4ndig die wichtigsten Papiere, Geld, Kreditkarten, etc. sogar mit an den Strand zu schleppen nervt auf Dauer.<br \/>\nDer Ausblick vom Balkon \u00fcber den sehr breiten wei\u00dfen Sandstrand auf den Golf ist wie aus einem Werbeprospekt.<\/p>\n<p><img loading=\"lazy\" decoding=\"async\" class=\"aligncenter\" title=\"Ausblick Outrigger\" src=\"https:\/\/www.all-for-all.de\/wp-content\/uploads\/2010\/08\/DSC00410_klein.jpg\" alt=\"\" width=\"640\" height=\"480\" \/><\/p>\n<p><img loading=\"lazy\" decoding=\"async\" class=\"aligncenter\" title=\"Ausblick Outrigger\" src=\"https:\/\/www.all-for-all.de\/wp-content\/uploads\/2010\/08\/DSC00411_klein.jpg\" alt=\"\" width=\"640\" height=\"480\" \/><\/p>\n<p><img loading=\"lazy\" decoding=\"async\" class=\"aligncenter\" title=\"Ausblick Outrigger\" src=\"https:\/\/www.all-for-all.de\/wp-content\/uploads\/2010\/08\/DSC00413_klein.jpg\" alt=\"\" width=\"640\" height=\"480\" \/><\/p>\n<p>Gleich ab an den Strand und rein ins Wasser. Keine Algen und kein \u00d6l (zumindest kein sichtbares). \ud83d\ude09<br \/>\nAllerdings haben wir das Warnschild beachtet. Man sollte beim Waten im Wasser nicht die F\u00fc\u00dfe heben, sondern durch den Sand ziehen. Dann ist die Gefahr geringer auf einen Stachelrochen zu treten. Das ganze muss \u00fcbelst schmerzhaft sein. Diese Erfahrung wollten wir nicht machen.<\/p>\n<p><img loading=\"lazy\" decoding=\"async\" class=\"aligncenter\" title=\"Achtung! Sonst aua ...\" src=\"https:\/\/www.all-for-all.de\/wp-content\/uploads\/2010\/08\/DSC00537_klein.jpg\" alt=\"\" width=\"640\" height=\"480\" \/><\/p>\n<p>Unser Abendessen gab es im hoteleigenen &#8222;Deckside Cafe&#8220;. Es sieht zwar nicht sehr ansprechend aus und ich habe selten so unmotivierte Bedienungen gesehen aber das Essen war lecker. Besonders die &#8222;baby back ribs&#8220;. Ganz tolle BBQ-Souce!<\/p>\n<p>Abends spielte dann an der Bar bis Sonnenuntergang eine wirklich gute Liveband.<\/p>\n<p><img loading=\"lazy\" decoding=\"async\" class=\"aligncenter\" title=\"Outrigger Tiki Bar\" src=\"https:\/\/www.all-for-all.de\/wp-content\/uploads\/2010\/08\/DSC00505_klein.jpg\" alt=\"\" width=\"640\" height=\"480\" \/><\/p>\n<p>Wir haben dan Tag bei einem ausgedehnten Strandspaziergang bis zum Sonnenuntergang ausklingen lassen.<\/p>\n<p><img loading=\"lazy\" decoding=\"async\" class=\"aligncenter\" title=\"Sonnenuntergang am Outrigger\" src=\"https:\/\/www.all-for-all.de\/wp-content\/uploads\/2010\/08\/DSC00439_klein.jpg\" alt=\"\" width=\"640\" height=\"480\" \/><img loading=\"lazy\" decoding=\"async\" class=\"aligncenter\" title=\"Sonnenuntergang am Outrigger\" src=\"https:\/\/www.all-for-all.de\/wp-content\/uploads\/2010\/08\/DSC00441_klein.jpg\" alt=\"\" width=\"640\" height=\"480\" \/><img loading=\"lazy\" decoding=\"async\" class=\"aligncenter\" title=\"Sonnenuntergang am Outrigger\" src=\"https:\/\/www.all-for-all.de\/wp-content\/uploads\/2010\/08\/DSC00442_klein.jpg\" alt=\"\" width=\"640\" height=\"480\" \/><img loading=\"lazy\" decoding=\"async\" class=\"aligncenter\" title=\"Sonnenuntergang am Outrigger\" src=\"https:\/\/www.all-for-all.de\/wp-content\/uploads\/2010\/08\/DSC00443_klein.jpg\" alt=\"\" width=\"640\" height=\"480\" \/><img loading=\"lazy\" decoding=\"async\" class=\"aligncenter\" title=\"Sonnenuntergang am Outrigger\" src=\"https:\/\/www.all-for-all.de\/wp-content\/uploads\/2010\/08\/DSC00445_klein.jpg\" alt=\"\" width=\"640\" height=\"480\" \/><img loading=\"lazy\" decoding=\"async\" class=\"aligncenter\" title=\"Sonnenuntergang am Outrigger\" src=\"https:\/\/www.all-for-all.de\/wp-content\/uploads\/2010\/08\/DSC00448_klein.jpg\" alt=\"\" width=\"640\" height=\"480\" \/><img loading=\"lazy\" decoding=\"async\" class=\"aligncenter\" title=\"Outrigger im Sonnenuntergang\" src=\"https:\/\/www.all-for-all.de\/wp-content\/uploads\/2010\/08\/DSC00455_klein.jpg\" alt=\"\" width=\"640\" height=\"480\" \/><img loading=\"lazy\" decoding=\"async\" class=\"aligncenter\" title=\"Sonnenuntergang am Outrigger\" src=\"https:\/\/www.all-for-all.de\/wp-content\/uploads\/2010\/08\/DSC00458_klein.jpg\" alt=\"\" width=\"640\" height=\"480\" \/><img loading=\"lazy\" decoding=\"async\" class=\"aligncenter\" title=\"Outrigger bei Nacht\" src=\"https:\/\/www.all-for-all.de\/wp-content\/uploads\/2010\/08\/DSC00498_klein.jpg\" alt=\"\" width=\"640\" height=\"480\" \/><\/p>\n<p>Die Fahrstrecke von Sun City Center \u00fcber Cape Coral nach Fort Myers Beach war insgesamt 215,5km lang.<\/p>\n<p><img loading=\"lazy\" decoding=\"async\" class=\"aligncenter\" title=\"Fahrt nach Fort Myers Beach\" src=\"https:\/\/www.all-for-all.de\/wp-content\/uploads\/2010\/08\/Fort-Myers-Beach.bmp\" alt=\"\" width=\"998\" height=\"532\" \/><\/p>\n<p>Viele Gr\u00fc\u00dfe<br \/>\nJoa<\/p>\n<p>Zur\u00fcck zu: <a title=\"05.08.2010, der Tag an dem das Laptop starb\" href=\"https:\/\/www.all-for-all.de\/?page_id=1328\">05.08.2010, der Tag an dem das Laptop starb<\/a><br \/>\nWeiter zu: <a title=\"07.08.2010, beach and shopping (again)\" href=\"https:\/\/www.all-for-all.de\/?page_id=1337\">07.08.2010, beach and shopping (again)<\/a><\/p>\n","protected":false},"excerpt":{"rendered":"<p>Es dauert noch zwei Tage bis wir unsere Mietvilla in Cape Coral beziehen k\u00f6nnen. Da wir unbedingt ans Meer wollen, haben wir uns f\u00fcr Fort Myers Beach, Naples oder Marco Island entschieden. \ud83d\ude42 Weil Freitag war und wir Angst hatten, &hellip; <a href=\"https:\/\/www.all-for-all.de\/?page_id=1333\">Weiterlesen <span class=\"meta-nav\">&rarr;<\/span><\/a><\/p>\n","protected":false},"author":2,"featured_media":0,"parent":0,"menu_order":0,"comment_status":"closed","ping_status":"closed","template":"","meta":{"footnotes":""},"class_list":["post-1333","page","type-page","status-publish","hentry"],"jetpack_sharing_enabled":true,"_links":{"self":[{"href":"https:\/\/www.all-for-all.de\/index.php?rest_route=\/wp\/v2\/pages\/1333","targetHints":{"allow":["GET"]}}],"collection":[{"href":"https:\/\/www.all-for-all.de\/index.php?rest_route=\/wp\/v2\/pages"}],"about":[{"href":"https:\/\/www.all-for-all.de\/index.php?rest_route=\/wp\/v2\/types\/page"}],"author":[{"embeddable":true,"href":"https:\/\/www.all-for-all.de\/index.php?rest_route=\/wp\/v2\/users\/2"}],"replies":[{"embeddable":true,"href":"https:\/\/www.all-for-all.de\/index.php?rest_route=%2Fwp%2Fv2%2Fcomments&post=1333"}],"version-history":[{"count":1,"href":"https:\/\/www.all-for-all.de\/index.php?rest_route=\/wp\/v2\/pages\/1333\/revisions"}],"predecessor-version":[{"id":5013,"href":"https:\/\/www.all-for-all.de\/index.php?rest_route=\/wp\/v2\/pages\/1333\/revisions\/5013"}],"wp:attachment":[{"href":"https:\/\/www.all-for-all.de\/index.php?rest_route=%2Fwp%2Fv2%2Fmedia&parent=1333"}],"curies":[{"name":"wp","href":"https:\/\/api.w.org\/{rel}","templated":true}]}}