{"id":1325,"date":"2010-08-04T23:59:03","date_gmt":"2010-08-04T23:59:03","guid":{"rendered":"http:\/\/www.all-for-all.de\/?page_id=1325"},"modified":"2021-09-16T12:09:13","modified_gmt":"2021-09-16T11:09:13","slug":"04-08-2010-bye-bye-panhandle","status":"publish","type":"page","link":"https:\/\/www.all-for-all.de\/?page_id=1325","title":{"rendered":"04.08.2010, bye bye Panhandle"},"content":{"rendered":"<p>Nach dem Aufstehen wollten wir ins Meer baden gehen. Aber auch hier Gr\u00fcnalgen ohne Ende. Dieses Mal aber gleich so, dass es keine freie Stelle gab, an der man ohne durch die Algen zu waten sauberes Wasser erreicht h\u00e4tte.<br \/>\nDaf\u00fcr bekamen wir etwa f\u00fcnf Meter vom Ufer entfernt eine Delphinshow geboten. Eine ganze Delphinschule hat dort im flachen Wasser kleine Fische zusammengetrieben. Die Fische wollten nat\u00fcrlich nicht gefressen werden und sprangen immer wieder aus dem Wasser. Das waren hunderte. Es sah aus als w\u00fcrde das Wasser dort kochen. Wir haben zwar X Bilder geschossen, es aber nicht geschafft auch nur einmal die R\u00fcckenflosse eines Delphins zu erwischen. \ud83d\ude41<br \/>\n<img loading=\"lazy\" decoding=\"async\" class=\"aligncenter\" title=\"Delphinfr\u00fchst\u00fcck\" src=\"https:\/\/www.all-for-all.de\/wp-content\/uploads\/2010\/08\/DSC00328_klein.jpg\" alt=\"\" width=\"640\" height=\"480\" \/><br \/>\nDas Fr\u00fchst\u00fcck der Delphine war nach etwa 15 Minuten beendet.<\/p>\n<p>Das Problem mit den Algen reichte uns und wir nahmen die Option das Zimmer um eine Nacht zu verl\u00e4ngern nicht wahr.<br \/>\nKoffer gepackt, ausgecheckt, Auto beladen, an der n\u00e4chsten Tankstelle vollgetankt und ab zu Dennys fr\u00fchst\u00fccken. W\u00e4hrend des Fr\u00fchst\u00fccks gingen wir die Optionen durch.<br \/>\n&#8211; Im Panhandle bleiben?<br \/>\n&#8211; Nochmal zur\u00fcck an die Ostk\u00fcste? Jacksonville? St Augustine? Daytona Beach? Cocoa Beach?<br \/>\n&#8211;\u00a0 Am Golf bleiben aber dann irgendwo in der Gegend zwischen Clearwater und Fort Myers?<\/p>\n<p>Die Wahl fiel auf den Golf. Da es aber ein recht weiter Weg ist, haben wir als erstes Etappenziel die Kleinstadt Perry angepeilt. Falls wir bei Ankunft m\u00fcde sein sollten, gibt es dort ein g\u00fcnstiges Hampton Inn.<br \/>\nAlso TomTom programmiert und weg.<\/p>\n<p>Wir waren keine 10 Minuten unterwegs, als neben uns im Gras einfach so eine SR-71 Blackbird stand.\u00a0 Die Blackbird war im kalten Krieg DAS Spionageflugzeug der USA. Es erreichte Geschwindigkeiten jenseits von Mach 3 und flog so hoch, dass es von Luftabwehrraketen nicht erreicht werden konnte. Im Zeitalter der Satelliten ist diese Art der Spionage nicht mehr gefragt. \ud83d\ude09<br \/>\nAls wir vor zwei Jahren durch Arizona fuhren, sind wir extra wegen der SR-71 in Tucson in das dortige Milit\u00e4rmuseum gegangen um einmal dieses Flugzeug in Lebensgr\u00f6\u00dfe zu sehen. Und jetzt steht das Ding pl\u00f6tzlich einfach so im Gr\u00fcnen neben uns &#8230; Da mussten wir nat\u00fcrlich anhalten. F\u00fcr Technikbegeisterte ein MUSS!<\/p>\n<p><img loading=\"lazy\" decoding=\"async\" class=\"aligncenter\" title=\"SR-71 Blackbird\" src=\"https:\/\/www.all-for-all.de\/wp-content\/uploads\/2010\/08\/DSC00352_klein.jpg\" alt=\"\" width=\"640\" height=\"480\" \/><\/p>\n<p><img loading=\"lazy\" decoding=\"async\" class=\"aligncenter\" title=\"SR-71 Blackbird\" src=\"https:\/\/www.all-for-all.de\/wp-content\/uploads\/2010\/08\/DSC00362_klein.jpg\" alt=\"\" width=\"640\" height=\"480\" \/><\/p>\n<p><img loading=\"lazy\" decoding=\"async\" class=\"aligncenter\" title=\"SR-71 Blackbird\" src=\"https:\/\/www.all-for-all.de\/wp-content\/uploads\/2010\/08\/DSC00354_klein.jpg\" alt=\"\" width=\"640\" height=\"480\" \/><\/p>\n<p>Es stehen dort noch einige andere milit\u00e4rische Flugzeuge und Ger\u00e4te ausgestellt auf dem Gel\u00e4nde. Unter anderem auch der satellitengest\u00fctzte Bunkerknacker &#8222;MOAB&#8220;. Die Abk\u00fcrzung steht f\u00fcr &#8222;Massive Ordnance Air Blast&#8220;. Der Spitzname jedoch lautet &#8222;Mother Of All Bombs&#8220;. Der Spitzname passt irgendwie besser. Das Ding ist riesig. Es hat eine L\u00e4nge von etwa 10 Metern und sorgt irgendwie alleine durch seine Anwesenheit f\u00fcr Respekt *weia*<\/p>\n<p><img loading=\"lazy\" decoding=\"async\" class=\"aligncenter\" title=\"MOAB (Mother Of All Bombs)\" src=\"https:\/\/www.all-for-all.de\/wp-content\/uploads\/2010\/08\/DSC00373_klein.jpg\" alt=\"\" width=\"640\" height=\"480\" \/><\/p>\n<p>Auf Google Earth sind die Ausstellungsst\u00fccke \u00fcbrigens gut zu sehen. Ist uns vorher nur nie aufgefallen &#8230;<\/p>\n<p><img loading=\"lazy\" decoding=\"async\" class=\"aligncenter\" title=\"Milit\u00e4rmuseum Fort Walton Beach\" src=\"https:\/\/www.all-for-all.de\/wp-content\/uploads\/2010\/08\/Milit\u00e4rmuseum-Fort-Walton-Beach.bmp\" alt=\"\" width=\"1035\" height=\"548\" \/><\/p>\n<p>Obwohl wir dort nicht viel angesehen haben, war ruck-zuck \u00fcber eine Stunde vergangen. Wegen der langen vor uns liegenden Strecke sind wir dann aufgebrochen ohne noch in die eigentliche Museumshalle zu gehen. Der Eintritt w\u00e4re umsonst gewesen. Wir denken nicht, dass wir etwas verpasst haben. An das Milit\u00e4rmuseum in Tucson\/Arizona kommt das hier sicher nicht heran.<\/p>\n<p>Fast die gesamte Strecke bis Perry habe ich den Ford fast ausschlie\u00dflich \u00fcber die +\/- -Taste des Tempomats beschleunigt oder verlangsamt. Es gab immer wieder neben der Stra\u00dfe etwas zu sehen und so wurde es nie langweilig. Verkehr war kaum und so erreichten wir Perry bereits gegen 14:30 Uhr.<br \/>\nAm Hampton Inn angekommen waren wir weder m\u00fcde noch ersch\u00f6pft und fanden es w\u00e4re dumm jetzt ein Hotel zu nehmen. Wir wollten lieber noch fahren. Wegstrecke die wir morgen schon nicht mehr fahren m\u00fcssen&#8230;<br \/>\nN\u00e4chstes angepeiltes Ziel: Homosassa Springs<br \/>\nIst zwar auch wieder ein gutes St\u00fcck. Aber wir k\u00f6nnen ja jederzeit anhalten. \ud83d\ude09<\/p>\n<p>Keine Ahnung wann wir in Homosassa Springs ankamen. Niemand war m\u00fcde, niemand war ersch\u00f6pft.<br \/>\nAlso nochmal ein St\u00fcck fahren. N\u00e4chstes Ziel: Tarpon Springs<br \/>\nIch war mir fast sicher, dass das unser heutiges Endziel sein w\u00fcrde.<\/p>\n<p>Irgendwo kurz vor Tarpon Springs, in New Port Richey, hatte der Ford Durst. An der Tankstelle habe ich TomTom berechnen lassen wie weit es noch bis Sun City Center ist. Dort haben wir in unseren vorherigen Urlauben immer wieder einmal in dem Comfort Inn gewohnt. Sun City Center liegt direkt am Interstate I75 und ist ein gute Basis f\u00fcr Besuche von Bush Gardens, Tampa, Saint Petersburg oder die Prime Outlets in Ellenton.<br \/>\nLaut TomTom waren es bis Sun City Center noch knapp 90km. Jetzt war es auch schon egal. Programmiert und los. Wir wussten, dass uns ein frisch renoviertes Motel erwartet in dem auf jeden Fall g\u00fcnstige und sch\u00f6ne Zimmer frei sind. Selbst die &#8222;Suite&#8220; kostete letztes Jahr dort nur 79,- Dollar\/Nacht. Schr\u00e4g gegen\u00fcber ist au\u00dferdem gleich ein Dennys. \ud83d\ude00<\/p>\n<p>Nachdem mir TomTom eigentlich schon direkt vor der Haust\u00fcre noch einen dicken Streich gespielt hat, was einen Umweg von schlappen 45km zur Folge hatte, sind wir gegen 19:30 Uhr angekommen.<br \/>\nZum Vorjahrespreis in einer Suite eingecheckt, Koffer nach oben und gleich zu Dennys. Zur\u00fcck ins Motel und noch schnell den GPS-Logger ausgelesen. Ich habe im Auto nicht den Kilometerz\u00e4hler beobachtet und daher auf ca. 550km getippt. Weit gefehlt! Laut Logger waren es schlappe 767,26km in \u00fcber 10 Stunden (inkl. TomTom Ehrenrunde)<\/p>\n<p><img loading=\"lazy\" decoding=\"async\" class=\"aligncenter\" title=\"Fahrt nach Sun City Center\" src=\"https:\/\/www.all-for-all.de\/wp-content\/uploads\/2010\/08\/Sun-City-Center.bmp\" alt=\"\" width=\"998\" height=\"535\" \/><\/p>\n<p>Laptop aus und ab ins Bett.<\/p>\n<p>Viele Gr\u00fc\u00dfe<br \/>\nJoa<\/p>\n<p>Zur\u00fcck zu: <a title=\"03.08.2010, noch weiter nach Westen \u2026 bis zum \u00d6l\" href=\"https:\/\/www.all-for-all.de\/?page_id=1319\">03.08.2010, noch weiter nach Westen \u2026 bis zum \u00d6l<\/a><br \/>\nWeiter zu: <a title=\"05.08.2010, der Tag an dem das Laptop starb\" href=\"https:\/\/www.all-for-all.de\/?page_id=1328\">05.08.2010, der Tag an dem das Laptop starb<\/a><\/p>\n","protected":false},"excerpt":{"rendered":"<p>Nach dem Aufstehen wollten wir ins Meer baden gehen. Aber auch hier Gr\u00fcnalgen ohne Ende. Dieses Mal aber gleich so, dass es keine freie Stelle gab, an der man ohne durch die Algen zu waten sauberes Wasser erreicht h\u00e4tte. Daf\u00fcr &hellip; <a href=\"https:\/\/www.all-for-all.de\/?page_id=1325\">Weiterlesen <span class=\"meta-nav\">&rarr;<\/span><\/a><\/p>\n","protected":false},"author":2,"featured_media":0,"parent":0,"menu_order":0,"comment_status":"closed","ping_status":"closed","template":"","meta":{"footnotes":""},"class_list":["post-1325","page","type-page","status-publish","hentry"],"jetpack_sharing_enabled":true,"_links":{"self":[{"href":"https:\/\/www.all-for-all.de\/index.php?rest_route=\/wp\/v2\/pages\/1325","targetHints":{"allow":["GET"]}}],"collection":[{"href":"https:\/\/www.all-for-all.de\/index.php?rest_route=\/wp\/v2\/pages"}],"about":[{"href":"https:\/\/www.all-for-all.de\/index.php?rest_route=\/wp\/v2\/types\/page"}],"author":[{"embeddable":true,"href":"https:\/\/www.all-for-all.de\/index.php?rest_route=\/wp\/v2\/users\/2"}],"replies":[{"embeddable":true,"href":"https:\/\/www.all-for-all.de\/index.php?rest_route=%2Fwp%2Fv2%2Fcomments&post=1325"}],"version-history":[{"count":2,"href":"https:\/\/www.all-for-all.de\/index.php?rest_route=\/wp\/v2\/pages\/1325\/revisions"}],"predecessor-version":[{"id":5012,"href":"https:\/\/www.all-for-all.de\/index.php?rest_route=\/wp\/v2\/pages\/1325\/revisions\/5012"}],"wp:attachment":[{"href":"https:\/\/www.all-for-all.de\/index.php?rest_route=%2Fwp%2Fv2%2Fmedia&parent=1325"}],"curies":[{"name":"wp","href":"https:\/\/api.w.org\/{rel}","templated":true}]}}