{"id":1301,"date":"2010-07-29T23:59:04","date_gmt":"2010-07-29T23:59:04","guid":{"rendered":"http:\/\/www.all-for-all.de\/?page_id=1301"},"modified":"2021-09-16T11:57:43","modified_gmt":"2021-09-16T10:57:43","slug":"29-07-2010-anreisetag","status":"publish","type":"page","link":"https:\/\/www.all-for-all.de\/?page_id=1301","title":{"rendered":"29.07.2010, Anreisetag"},"content":{"rendered":"<p>Heute war es endlich so weit.<br \/>\nWir sind um 03:00 Uhr aufgestanden, haben eine Tasse Kaffee getrunken, die wichtigsten Ger\u00e4te ausgesteckt (Gewitter!), unser Gep\u00e4ck in den Leihwagen geschleppt und um 04:00 Uhr Richtung Flughafen M\u00fcnchen aufgebrochen.<br \/>\nNachdem der Mietwagen (320er BMW Touring) an der Flughafentankstelle wieder aufgetankt und beim Rental Car Return abgegeben war, sind wir direkt an den Lufthansaschalter im Terminal 2 marschiert.<br \/>\n<img loading=\"lazy\" decoding=\"async\" class=\"aligncenter\" title=\"BMW 320i\" src=\"https:\/\/www.all-for-all.de\/wp-content\/uploads\/2010\/08\/DSC00001_klein.jpg\" alt=\"\" width=\"640\" height=\"480\" \/><br \/>\nIm Terminal war noch fast nichts los. Wir konnten sofort unsere Bordkarten in Empfang nehmen und unsere schweren Koffer verschwanden auf dem Gep\u00e4ckband.<br \/>\nJetzt hatten wir noch knapp drei Stunden Zeit bis zum planm\u00e4ssigen Abflug um 09:30 Uhr. Also haben wir uns noch ein Fr\u00fchst\u00fcck im Flughafen geg\u00f6nnt.<br \/>\nEtwa um 08:00 Uhr sind wir durch die erste Sicherheitskontrolle gegangen. Der \u00fcbliche Terz: Bordkarte und Reisepass herzeigen, Laptop aus dem Rucksack raus und in eine extra Box, Handgep\u00e4ck in eine andere Box, alles aus den Hosentaschen, Uhr und Schmuck abnehmen, Schuhe ausziehen, durch den Metallscanner (hat nat\u00fcrlich Alarm geschlagen), Arme hoch, Beine breit, mit dem Handscanner befummeln lassen, Videokamera herzeigen und einschalten und am Ende wieder alles einpacken und anziehen *nerv*.<br \/>\nUnser Abfluggate lag fast ganz am Ende des Terminals. Auf dem Weg dahin kamen wir durch die zweite Kontrolle. Dieses Mal nur Reisepass und Bordkarte vorzeigen. Das war schnell erledigt. Direkt vor dem Abfluggate war dann aber noch eine dritte und uns v\u00f6llig neue Kontrolle. Das hatten wir vorher noch bei keinem USA-Flug. Der gleiche Zinnober wie bei der ersten Kontrolle aber daf\u00fcr ultrapenibel. Ich musste der Dame meine fein s\u00e4uberlich zusammengelegten Kabel f\u00fcr Foto, Video und Laptop alle einzeln zeigen, den Laptopakku ebenfalls und aus der Videokamera musste ich das Band entnehmen und vorzeigen. Mein Handy, das Ladekabel sowie das TomTom samt Zubeh\u00f6r waren auch recht interessant. Danach war ein heilloses Chaos in meinem Handgep\u00e4ck. Ich hatte nicht die Zeit alles wieder ordentlich zu verstauen. Hinter uns wurden schon die n\u00e4chsten Flugg\u00e4ste durchsucht.<br \/>\nVielen herzlichen Dank werte Terroristen-Hackfressen!<br \/>\nImmerhin wissen wir jetzt, dass f\u00fcr die teure Sicherheitsgeb\u00fchr auch was gemacht wird.<br \/>\nAlleine dieser letzte Sicherheits-Check hat sicher 20 Minuten gedauert. Zum Gl\u00fcck waren wir so fr\u00fch dran. Das Personal hat nicht den Eindruck gemacht als ob es die Kontrolle beschleunigt wenn man knapp in der Zeit ist. \ud83d\ude09<br \/>\nBis zum Boarding um 08:50 Uhr hatten wir noch ein wenig Zeit in den aufgestellten Raucherkabinen unserem Laster zu fr\u00f6hnen.<br \/>\n<img loading=\"lazy\" decoding=\"async\" class=\"aligncenter\" title=\"Airbus A330\" src=\"https:\/\/www.all-for-all.de\/wp-content\/uploads\/2010\/08\/DSC00010_klein1.jpg\" alt=\"\" width=\"640\" height=\"480\" \/><br \/>\nBeinahe p\u00fcnktlich begann das Boarding in den Airbus A330-300 (A333), unsere Sitzpl\u00e4tze waren in der Zweierreihe auf der rechten Seite (Fenster und Gang) und jeder hatte seinen eigenen Monitor mit \u201ein-seat-entertainment\u201c welches tats\u00e4chlich funktioniert hat. Das haben wir schon anders erlebt. 10 Stunden und l\u00e4nger auf eine Weltkarte auf der sich ein Flugzeug nervt\u00f6tend langsam bewegt oder auf den Verizon-Schriftzug des Telefons im Sitz vor einem starren ist pure Folter! Und nein &#8230; ich kann im Flugzeug nicht schlafen. \ud83d\ude00<br \/>\n<img loading=\"lazy\" decoding=\"async\" class=\"aligncenter\" title=\"Flugverlauf\" src=\"https:\/\/www.all-for-all.de\/wp-content\/uploads\/2010\/08\/DSC00022_klein.jpg\" alt=\"\" width=\"448\" height=\"336\" \/><br \/>\nAls wir uns auf unseren Pl\u00e4tzen eingerichtet hatten, war es Zeit mein neuestes Spielzeug gut zu positionieren. Den GPS-Logger Wintec WBT-202. Mich hat es immer genervt wenn wir nach einem Urlaub nur noch ungef\u00e4hr sagen konnten wo wir wann genau gefahren sind. Das soll sich in Zukunft mit dem Logger \u00e4ndern. Angeblich funktioniert dieser auch in Flugzeugen wenn man ihn in die N\u00e4he eines Fensters legt. Mal sehen ob es klappt.<\/p>\n<p>Streng genommen ist der Logger ein elektronisches Ger\u00e4t und d\u00fcrfte daher w\u00e4hrend des Starts und der Landung nicht eingeschaltet sein. Da es aber ein reiner Empf\u00e4nger ist, deswegen keinerlei Signale aussendet und somit in keinster Weise irgendwelche Bordelektronik beeinflussen kann, habe ich mich dieser Vorschrift einfach widersetzt.<br \/>\nDer Start selbst erfolgte mit knapp 30 Minuten Versp\u00e4tung. Laut Kapit\u00e4n bekamen wir eine gute Flugroute zugewiesen und konnten daher trotzdem zur geplanten Zeit fast auf die Minute genau um 14:10 Uhr (Ortszeit) in Miami landen. Der komplett ausgebuchte Flug war ruhig und Dank dem \u00fcppigen Kinoprogramm halbwegs schnell vorbei. Ansage des Kapit\u00e4ns kurz vor der Landung: \u201e&#8230; sonnig bei 35\u00b0C\u201c. *jubel*<br \/>\n<img loading=\"lazy\" decoding=\"async\" class=\"aligncenter\" title=\"Landung in Miami\" src=\"https:\/\/www.all-for-all.de\/wp-content\/uploads\/2010\/08\/DSC00027_klein.jpg\" alt=\"\" width=\"1024\" height=\"768\" \/><br \/>\nDer kurze Weg \u00fcber die gangway vom Flugzeug in den Flughafen, also dann wenn man zum ersten Mal ganz kurz das floridianische Klima zu sp\u00fcren bekommt, ist immer ein highlight. Schnell das lang\u00e4rmelige Dings ausziehen! Schneeeeeeeell!<br \/>\nBei der Immigration haben wir irgendwie immer Pech. Trotz Wochentag war die Halle brechend voll. Hier sammeln sich alle Flugg\u00e4ste der gerade gelandeten Maschinen. Wenn dann obendrein Fl\u00fcge aus dem Takatukaland oder anderen L\u00e4ndern die nicht dem Visa\/Waiver-Programm angeh\u00f6ren dabei sind, dauert es eine Ewigkeit. Diese Reisenden werden genauestens \u00fcberpr\u00fcft. Als wir an der Reihe waren, kamen wir an einen finster drein blickenden Herrn. Er schaute kurz in unsere Reisep\u00e4sse und fragte mich dann wie lange ich meine Reisebegleitung schon kennen w\u00fcrde &#8230; hmmm? \u00c4hmm&#8230; wie jetzt?<br \/>\nBevor ich antworten konnte meinte er sie h\u00e4tte Eintragungen der STASI sowie des KGB in ihrer Akte. Anscheinend w\u00fcrde ich sie nicht richtig kennen &#8230; und dann brach er in Gel\u00e4chter aus. So kann einen der erste Eindruck t\u00e4uschen. Wir haben w\u00e4hrend der Fingerabdruckprozedur noch herumgescherzt und waren innerhalb von 5 Minuten abgefertigt.<br \/>\nDa die Immigration so lange gedauert hat, waren unsere Koffer bereits vom Band genommen worden. Immerhin waren alle da. Also Koffer auf einen Trolley und die letzte kleine H\u00fcrde nehmen: Der Zoll. Hier wollte absolut niemand etwas von uns. Den wei\u00dfen Zettel abgegeben und durch.<\/p>\n<p><strong>\u201eWelcome to the United States of America!\u201c<\/strong><\/p>\n<p>Als alter \u201eMiami-Flughafen-Checker\u201c glaubte ich zu wissen, dass die Shuttle-Busse zu den Mietwagenfirmen im Untergeschoss verkehren. Also die n\u00e4chste Rolltreppe gesucht und runter, aus einer der vielen Ausgangst\u00fcren raus und &#8230; \u201eB\u00c4M!\u201c &#8230; beinahe von der noch ungewohnten Hitze und Schw\u00fcle erschlagen worden. Die erste Zigarette nach der langen Zwangspause tut dann ihr \u00dcbriges. Die kommt ziemlich heftig r\u00fcber. \ud83d\ude09<br \/>\nAlles Ausschauen nach den gewohnten blau-gr\u00fcn lackierten Alamo Shuttlebussen blieb erfolglos. Ich konnte keine entdecken. Nur wei\u00dfe ohne Werbung aber daf\u00fcr mit der Aufschrift \u201eRental Car Shuttle\u201c. Seltsamerweise waren die alle voll besetzt und keiner hielt irgendwo bei den \u201eArrivals\u201c an. Schliesslich konnte ich einen zum Anhalten bewegen. Der Fahrer erkl\u00e4rte mir dann, dass ich a) im falschen Stockwerk bin und dass es b) nur noch diese Busse gibt.<br \/>\nMist &#8230; also wieder rein, eine weitere Treppe runter und dann gut 300m zur Haltestelle gelaufen. Das geht nach dem langen Flug, bei dem Klima, dem schweren Handgep\u00e4ck und jeweils einen Samsonite links und rechts, an die Substanz.<br \/>\nSonnenklar dass da jede Menge Menschen warteten und wir erst in den vierten oder f\u00fcnften Bus einsteigen konnten. Die Fahrt in dem f\u00fcr deutsche Verh\u00e4ltnisse viel zu lauten und extrem abgek\u00fchlten Bus (gef\u00fchlte 12\u00b0C) ging vorbei an sehr gro\u00dfen Baustellen. Irgendwie wird am Flughafen Miami sehr viel um- oder angebaut.<br \/>\nAuch das Rental Car\u2013Center ist neu &#8230; oder zumindest umgebaut. Ich habe mich nicht mehr ausgekannt.<br \/>\nImmerhin war an den Alamo Schaltern wenig los. Nach etwa 15 Minuten war ich dran. Der Papierkram war schnell erledigt und wir konnten eine Etage tiefer in der Tiefgarage ein Auto aus der Klasse \u201eMidsize SUV\u201c ausw\u00e4hlen. In der Choiceline standen gesch\u00e4tzte 25 Fahrzeuge. Einige Jeeps, Kia Sorrento, Toyota RAV4, Ford Edge und ein einziger Ford Escape. In dieser Klasse einen V8 zu erwarten macht wenig Sinn aber ein V6 sollte es wenigstens sein.<br \/>\nDie Choicelines der Klassen Midsize SUV (Klasse Equinox bei FTI) und Standard SUV enthielten exakt die gleichen Fahrzeuge. Wer sich am Alamo Schalter eine Etage h\u00f6her ein teures Upgrade von Midsize auf Standard aufschwatzen l\u00e4sst, dreht bei dem Anblick durch. Zwei Fahrzeugklassen, zwei Preisklassen aber die gleichen Modelle. Eigentlich eine Frechheit &#8230;<br \/>\nEin Blick unter die Haube des Ford Escape best\u00e4tigten die 6 Zylinder. Er hatte erst knapp 6800 Meilen runter und keine Macken oder Schrammen. So soll es sein. Gep\u00e4ck verladen, durch den checkout gefahren, Parkm\u00f6glichkeit gesucht und das TomTom montiert.<\/p>\n<p><img loading=\"lazy\" decoding=\"async\" class=\"aligncenter\" title=\"Ford Escape\" src=\"https:\/\/www.all-for-all.de\/wp-content\/uploads\/2010\/08\/DSC00502.jpg\" alt=\"\" width=\"640\" height=\"480\" \/><br \/>\nTomTom hat sich dieses Jahr recht lange Zeit gelassen bis es seine ben\u00f6tigten Satelliten gefunden hat. Als es so weit war habe ich unser bereits zu Hause gespeichertes Hotel als Ziel angegeben und die Fahrt ging los zum Howard Johnson Dezerland auf Miami Beach. Es ist nicht gerade First Class aber daf\u00fcr noch erschwinglich wenn man Wert auf Oceanfrontzimmer mit eigenem Balkon legt.<br \/>\nDie Fahrt zum Hotel war kurz und problemlos, das Einchecken ins Hotel ebenfalls. Die Parkgeb\u00fchr von 11 Dollar\/Tag mussten wir sofort und in bar begleichen.<br \/>\nUnser Zimmer lag im f\u00fcnften Stock. Alles in den Aufzug, oben alles wieder raus, Zimmert\u00fcr gesucht, Zimmer auf, Koffer ins Eck, Balkont\u00fcr auf, raus auf den Balkon &#8230;. wow! &#8230;<br \/>\n<img loading=\"lazy\" decoding=\"async\" class=\"aligncenter\" title=\"Blick vom Balkon\" src=\"https:\/\/www.all-for-all.de\/wp-content\/uploads\/2010\/08\/DSC00029_klein.jpg\" alt=\"\" width=\"640\" height=\"480\" \/><img loading=\"lazy\" decoding=\"async\" class=\"aligncenter\" title=\"Blick vom Balkon\" src=\"https:\/\/www.all-for-all.de\/wp-content\/uploads\/2010\/08\/DSC00030_klein.jpg\" alt=\"\" width=\"640\" height=\"480\" \/><img loading=\"lazy\" decoding=\"async\" class=\"aligncenter\" title=\"Blick vom Balkon\" src=\"https:\/\/www.all-for-all.de\/wp-content\/uploads\/2010\/08\/DSC00031_klein.jpg\" alt=\"\" width=\"640\" height=\"480\" \/><img loading=\"lazy\" decoding=\"async\" class=\"aligncenter\" title=\"Blick vom Balkon\" src=\"https:\/\/www.all-for-all.de\/wp-content\/uploads\/2010\/08\/DSC00037_klein.jpg\" alt=\"\" width=\"640\" height=\"480\" \/><br \/>\nAlle H\u00fcrden genommen, <strong>JETZT<\/strong> geht der Urlaub los.<br \/>\nAchja: Das Zimmer war tiptop in Ordnung.<br \/>\nNach einer kurzen Pause zogen wir los um uns in einem Walmart mit dem zum \u00dcberleben n\u00f6tigen Equipment auszur\u00fcsten: K\u00fchlbox f\u00fcrs Auto samt Eis, Palette Wasser, Palette Eistee, Tropicana O-Saft \u201ewith lots of pulp\u201c, Duschgel und Shampoo (unn\u00f6tiges Gewicht beim Flug) und was uns sonst noch ins Auge sticht.<br \/>\n<img loading=\"lazy\" decoding=\"async\" class=\"aligncenter\" title=\"lots of pulp\" src=\"https:\/\/www.all-for-all.de\/wp-content\/uploads\/2010\/07\/DSC00040_klein4-1024x768.jpg\" alt=\"\" width=\"640\" height=\"480\" \/><br \/>\nBis auf die K\u00fchlbox haben wir alles bekommen (sold out!\u201c). Die Fahrt zum n\u00e4chsten Publix half auch nicht weiter (sold out!). Weil wir langsam aber sicher hungrig und m\u00fcde wurden, haben wir das &#8222;Vorhaben K\u00fchlbox\u201c auf den n\u00e4chsten Tag verschoben und den n\u00e4chstgelegenen Dennys angesteuert. Auf den Classic Cheeseburger hab ich mich seit fast einem Jahr gefreut und wurde nicht entt\u00e4uscht!<\/p>\n<p>Zum Tagesabschlu\u00df haben wir bei Starbucks zwei Caramel Macchiato geholt und uns diese bei einer Spazierfahrt \u00fcber die Collins Avenue zum Art Deco Viertel schmecken lassen.<\/p>\n<p>Wieder im Hotel angekommen musste ich vor lauter Neugier nat\u00fcrlich noch nachsehen was der GPS-Logger gemacht hat. Ich habe ihn ans Laptop angeschlossen, das Logfile nach Google Earth konvertiert und dummerweise ge\u00f6ffnet &#8230;&#8230;&#8230;..*g\u00e4hn* &#8230;&#8230;&#8230;&#8230;&#8230;. Das Laptop ist dabei fast zusammengebrochen. Zu viele Daten f\u00fcr das alte Ger\u00e4t. Nach ca. 25 Minuten ging Google Earth auf \ud83d\ude00<br \/>\nCool! Das Ger\u00e4t funktioniert. Zumindest auf den ersten Blick &#8230; beim n\u00e4heren Hinsehen mussten wir feststellen, dass unser Flug laut Logger nie in Miami angekommen ist. Wir sind noch vor Fort Lauderdale mit knapp 650km\/h in den Atlantik gest\u00fcrzt.<br \/>\nGanz spontan kommt mir die Fernsehserie &#8222;Lost&#8220; in den Sinn. Omin\u00f6se Sache &#8230;\u00a0 \ud83d\ude00<img loading=\"lazy\" decoding=\"async\" class=\"aligncenter\" title=\"Gesamtflug\" src=\"https:\/\/www.all-for-all.de\/wp-content\/uploads\/2010\/08\/Map_Flug.bmp\" alt=\"\" width=\"640\" height=\"480\" \/><img loading=\"lazy\" decoding=\"async\" class=\"aligncenter\" title=\"Zoom_1\" src=\"https:\/\/www.all-for-all.de\/wp-content\/uploads\/2010\/08\/Map_Flug_Zoom1.bmp\" alt=\"\" width=\"640\" height=\"480\" \/><img loading=\"lazy\" decoding=\"async\" class=\"aligncenter\" title=\"Zoom_2\" src=\"https:\/\/www.all-for-all.de\/wp-content\/uploads\/2010\/08\/Map_Flug_Zoom2.bmp\" alt=\"\" width=\"640\" height=\"480\" \/><img loading=\"lazy\" decoding=\"async\" class=\"aligncenter\" title=\"Zoom_3\" src=\"https:\/\/www.all-for-all.de\/wp-content\/uploads\/2010\/08\/Map_Flug_Zoom3.bmp\" alt=\"\" width=\"640\" height=\"480\" \/><img loading=\"lazy\" decoding=\"async\" class=\"aligncenter\" title=\"Zoom_4\" src=\"https:\/\/www.all-for-all.de\/wp-content\/uploads\/2010\/08\/Map_Flug_Zoom4.bmp\" alt=\"\" width=\"640\" height=\"480\" \/><img loading=\"lazy\" decoding=\"async\" class=\"aligncenter\" title=\"Zoom_5\" src=\"https:\/\/www.all-for-all.de\/wp-content\/uploads\/2010\/08\/Map_Flug_Zoom5.bmp\" alt=\"\" width=\"640\" height=\"480\" \/><br \/>\nViel zu m\u00fcde um mir dar\u00fcber noch den Kopf zu zerbrechen &#8230; \ud83d\ude00<br \/>\nFix und fertig sind wir um ca. 22:30 Uhr im Bett gelandet. Inklusive Zeitverschiebung von 6 Stunden waren wir somit \u00fcber 25 Stunden auf den Beinen.<\/p>\n<p>P.S.: Das wird wohl der einzige Eintrag bleiben der sooooo ausf\u00fchrlich ist. H\u00e4tte nicht gedacht, dass das doch so viel Aufwand ist. Aber Fortsetzung folgt &#8230;<\/p>\n<p>Viele Gr\u00fc\u00dfe<br \/>\nJoa<\/p>\n<p>Zur\u00fcck zu: <a title=\"Florida-Rundreise mit dem Mietwagen (Vorplanung)\" href=\"https:\/\/www.all-for-all.de\/?page_id=1297\">Florida-Rundreise mit dem Mietwagen (Vorplanung)<\/a><br \/>\nWeiter zu: <a title=\"30.07.2010, der erste echte Urlaubstag\" href=\"https:\/\/www.all-for-all.de\/?page_id=1307\">30.07.2010, der erste echte Urlaubstag<\/a><\/p>\n","protected":false},"excerpt":{"rendered":"<p>Heute war es endlich so weit. Wir sind um 03:00 Uhr aufgestanden, haben eine Tasse Kaffee getrunken, die wichtigsten Ger\u00e4te ausgesteckt (Gewitter!), unser Gep\u00e4ck in den Leihwagen geschleppt und um 04:00 Uhr Richtung Flughafen M\u00fcnchen aufgebrochen. Nachdem der Mietwagen (320er &hellip; <a href=\"https:\/\/www.all-for-all.de\/?page_id=1301\">Weiterlesen <span class=\"meta-nav\">&rarr;<\/span><\/a><\/p>\n","protected":false},"author":2,"featured_media":0,"parent":0,"menu_order":0,"comment_status":"closed","ping_status":"closed","template":"","meta":{"footnotes":""},"class_list":["post-1301","page","type-page","status-publish","hentry"],"jetpack_sharing_enabled":true,"_links":{"self":[{"href":"https:\/\/www.all-for-all.de\/index.php?rest_route=\/wp\/v2\/pages\/1301","targetHints":{"allow":["GET"]}}],"collection":[{"href":"https:\/\/www.all-for-all.de\/index.php?rest_route=\/wp\/v2\/pages"}],"about":[{"href":"https:\/\/www.all-for-all.de\/index.php?rest_route=\/wp\/v2\/types\/page"}],"author":[{"embeddable":true,"href":"https:\/\/www.all-for-all.de\/index.php?rest_route=\/wp\/v2\/users\/2"}],"replies":[{"embeddable":true,"href":"https:\/\/www.all-for-all.de\/index.php?rest_route=%2Fwp%2Fv2%2Fcomments&post=1301"}],"version-history":[{"count":1,"href":"https:\/\/www.all-for-all.de\/index.php?rest_route=\/wp\/v2\/pages\/1301\/revisions"}],"predecessor-version":[{"id":5005,"href":"https:\/\/www.all-for-all.de\/index.php?rest_route=\/wp\/v2\/pages\/1301\/revisions\/5005"}],"wp:attachment":[{"href":"https:\/\/www.all-for-all.de\/index.php?rest_route=%2Fwp%2Fv2%2Fmedia&parent=1301"}],"curies":[{"name":"wp","href":"https:\/\/api.w.org\/{rel}","templated":true}]}}